I1013 10:52:50.477535 3358291 Balancer.cpp:553] [1665629751, 30:10, 172.16.54.67:9779->172.18.131.142:9779]
I1013 10:52:50.477543 3358291 Balancer.cpp:553] [1665629751, 30:11, 172.16.54.67:9779->172.18.131.142:9779]
I1013 10:52:50.477550 3358291 Balancer.cpp:553] [1665629751, 30:12, 172.16.54.67:9779->172.18.131.142:9779]
I1013 10:52:50.477555 3358291 Balancer.cpp:553] [1665629751, 30:13, 172.16.54.67:9779->172.18.131.142:9779]
I1013 10:52:50.477558 3358291 Balancer.cpp:553] [1665629751, 30:14, 172.16.54.67:9779->172.18.131.142:9779]
I1013 10:52:50.477562 3358291 Balancer.cpp:553] [1665629751, 30:15, 172.16.54.67:9779->172.18.131.142:9779]
I1013 10:52:50.477566 3358291 Balancer.cpp:553] [1665629751, 30:1, 172.16.54.66:9779->172.18.131.143:9779]
I1013 10:52:50.477571 3358291 Balancer.cpp:553] [1665629751, 30:2, 172.16.54.66:9779->172.18.131.143:9779]
I1013 10:52:50.477574 3358291 Balancer.cpp:553] [1665629751, 30:3, 172.16.54.66:9779->172.18.131.143:9779]
I1013 10:52:50.477586 3358291 Balancer.cpp:553] [1665629751, 30:4, 172.16.54.66:9779->172.18.131.143:9779]
I1013 10:52:50.477589 3358291 Balancer.cpp:553] [1665629751, 30:5, 172.16.54.66:9779->172.18.131.143:9779]
I1013 10:52:50.477593 3358291 Balancer.cpp:553] [1665629751, 30:6, 172.16.54.66:9779->172.18.131.143:9779]
I1013 10:52:50.477597 3358291 Balancer.cpp:553] [1665629751, 30:7, 172.16.54.66:9779->172.18.131.143:9779]
I1013 10:52:50.477602 3358291 Balancer.cpp:553] [1665629751, 30:8, 172.16.54.66:9779->172.18.131.143:9779]
I1013 10:52:50.477605 3358291 Balancer.cpp:553] [1665629751, 30:9, 172.16.54.66:9779->172.18.131.143:9779]
I1013 10:52:50.477609 3358291 Balancer.cpp:553] [1665629751, 30:10, 172.16.54.66:9779->172.18.131.143:9779]
I1013 10:52:50.477614 3358291 Balancer.cpp:553] [1665629751, 30:11, 172.16.54.66:9779->172.18.131.143:9779]
I1013 10:52:50.477618 3358291 Balancer.cpp:553] [1665629751, 30:12, 172.16.54.66:9779->172.18.131.143:9779]
I1013 10:52:50.477622 3358291 Balancer.cpp:553] [1665629751, 30:13, 172.16.54.66:9779->172.18.131.143:9779]
I1013 10:52:50.477627 3358291 Balancer.cpp:553] [1665629751, 30:14, 172.16.54.66:9779->172.18.131.143:9779]
I1013 10:52:50.477630 3358291 Balancer.cpp:553] [1665629751, 30:15, 172.16.54.66:9779->172.18.131.143:9779]
I1013 10:52:50.477654 3358291 Balancer.cpp:222] Balance Space 39
I1013 10:52:50.477775 3358291 Balancer.cpp:586] Host size: 3
I1013 10:52:50.477803 3358291 Balancer.cpp:604] Replica 1
I1013 10:52:50.477908 3358291 Balancer.cpp:370] Found new host "172.18.131.141":9779
I1013 10:52:50.477921 3358291 Balancer.cpp:370] Found new host "172.18.131.142":9779
I1013 10:52:50.477927 3358291 Balancer.cpp:370] Found new host "172.18.131.143":9779
I1013 10:52:50.477939 3358291 Balancer.cpp:280] Now, try to balance the confirmedHostParts
I1013 10:52:50.477946 3358291 Balancer.cpp:757] Host "172.18.131.143":9779 parts 0
I1013 10:52:50.477952 3358291 Balancer.cpp:757] Host "172.16.54.68":9779 parts 33
I1013 10:52:50.477957 3358291 Balancer.cpp:757] Host "172.16.54.67":9779 parts 34
I1013 10:52:50.477962 3358291 Balancer.cpp:757] Host "172.18.131.141":9779 parts 0
I1013 10:52:50.477967 3358291 Balancer.cpp:757] Host "172.16.54.66":9779 parts 33
I1013 10:52:50.477972 3358291 Balancer.cpp:757] Host "172.18.131.142":9779 parts 0
I1013 10:52:50.477981 3358291 Balancer.cpp:441] "172.16.54.67":9779:34 -> "172.18.131.141":9779:0
I1013 10:52:50.477994 3358291 Balancer.cpp:451] partsFrom size 34 partsTo size 0 minLoad 16 maxLoad 17
I1013 10:52:50.478003 3358291 Balancer.cpp:461] [space:39, part:1] "172.16.54.67":9779->"172.18.131.141":9779
I1013 10:52:50.478020 3358291 Balancer.cpp:451] partsFrom size 33 partsTo size 1 minLoad 16 maxLoad 17
I1013 10:52:50.478029 3358291 Balancer.cpp:461] [space:39, part:4] "172.16.54.67":9779->"172.18.131.141":9779
I1013 10:52:50.478044 3358291 Balancer.cpp:451] partsFrom size 32 partsTo size 2 minLoad 16 maxLoad 17
I1013 10:52:50.478050 3358291 Balancer.cpp:461] [space:39, part:7] "172.16.54.67":9779->"172.18.131.141":9779
I1013 10:52:50.478057 3358291 Balancer.cpp:451] partsFrom size 31 partsTo size 3 minLoad 16 maxLoad 17
I1013 10:52:50.478062 3358291 Balancer.cpp:461] [space:39, part:10] "172.16.54.67":9779->"172.18.131.141":9779
I1013 10:52:50.478070 3358291 Balancer.cpp:451] partsFrom size 30 partsTo size 4 minLoad 16 maxLoad 17
I1013 10:52:50.478073 3358291 Balancer.cpp:461] [space:39, part:13] "172.16.54.67":9779->"172.18.131.141":9779
I1013 10:52:50.478081 3358291 Balancer.cpp:451] partsFrom size 29 partsTo size 5 minLoad 16 maxLoad 17
I1013 10:52:50.478086 3358291 Balancer.cpp:461] [space:39, part:16] "172.16.54.67":9779->"172.18.131.141":9779
I1013 10:52:50.478093 3358291 Balancer.cpp:451] partsFrom size 28 partsTo size 6 minLoad 16 maxLoad 17
I1013 10:52:50.478098 3358291 Balancer.cpp:461] [space:39, part:19] "172.16.54.67":9779->"172.18.131.141":9779
I1013 10:52:50.478106 3358291 Balancer.cpp:451] partsFrom size 27 partsTo size 7 minLoad 16 maxLoad 17
I1013 10:52:50.478111 3358291 Balancer.cpp:461] [space:39, part:22] "172.16.54.67":9779->"172.18.131.141":9779
I1013 10:52:50.478124 3358291 Balancer.cpp:451] partsFrom size 26 partsTo size 8 minLoad 16 maxLoad 17
I1013 10:52:50.478129 3358291 Balancer.cpp:461] [space:39, part:25] "172.16.54.67":9779->"172.18.131.141":9779
I1013 10:52:50.478137 3358291 Balancer.cpp:451] partsFrom size 25 partsTo size 9 minLoad 16 maxLoad 17
I1013 10:52:50.478142 3358291 Balancer.cpp:461] [space:39, part:28] "172.16.54.67":9779->"172.18.131.141":9779
I1013 10:52:50.478149 3358291 Balancer.cpp:451] partsFrom size 24 partsTo size 10 minLoad 16 maxLoad 17
I1013 10:52:50.478154 3358291 Balancer.cpp:461] [space:39, part:31] "172.16.54.67":9779->"172.18.131.141":9779
I1013 10:52:50.478163 3358291 Balancer.cpp:451] partsFrom size 23 partsTo size 11 minLoad 16 maxLoad 17
I1013 10:52:50.478166 3358291 Balancer.cpp:461] [space:39, part:34] "172.16.54.67":9779->"172.18.131.141":9779
I1013 10:52:50.478174 3358291 Balancer.cpp:451] partsFrom size 22 partsTo size 12 minLoad 16 maxLoad 17
I1013 10:52:50.478178 3358291 Balancer.cpp:461] [space:39, part:37] "172.16.54.67":9779->"172.18.131.141":9779
I1013 10:52:50.478186 3358291 Balancer.cpp:451] partsFrom size 21 partsTo size 13 minLoad 16 maxLoad 17
I1013 10:52:50.478190 3358291 Balancer.cpp:461] [space:39, part:40] "172.16.54.67":9779->"172.18.131.141":9779
I1013 10:52:50.478199 3358291 Balancer.cpp:451] partsFrom size 20 partsTo size 14 minLoad 16 maxLoad 17
I1013 10:52:50.478202 3358291 Balancer.cpp:461] [space:39, part:43] "172.16.54.67":9779->"172.18.131.141":9779
I1013 10:52:50.478209 3358291 Balancer.cpp:451] partsFrom size 19 partsTo size 15 minLoad 16 maxLoad 17
I1013 10:52:50.478214 3358291 Balancer.cpp:461] [space:39, part:46] "172.16.54.67":9779->"172.18.131.141":9779
I1013 10:52:50.478221 3358291 Balancer.cpp:451] partsFrom size 18 partsTo size 16 minLoad 16 maxLoad 17
I1013 10:52:50.478226 3358291 Balancer.cpp:461] [space:39, part:49] "172.16.54.67":9779->"172.18.131.141":9779
I1013 10:52:50.478235 3358291 Balancer.cpp:451] partsFrom size 17 partsTo size 17 minLoad 16 maxLoad 17
I1013 10:52:50.478240 3358291 Balancer.cpp:757] Host "172.18.131.143":9779 parts 0
I1013 10:52:50.478245 3358291 Balancer.cpp:757] Host "172.16.54.68":9779 parts 33
I1013 10:52:50.478250 3358291 Balancer.cpp:757] Host "172.16.54.67":9779 parts 17
I1013 10:52:50.478255 3358291 Balancer.cpp:757] Host "172.18.131.141":9779 parts 17
I1013 10:52:50.478262 3358291 Balancer.cpp:757] Host "172.16.54.66":9779 parts 33
I1013 10:52:50.478272 3358291 Balancer.cpp:757] Host "172.18.131.142":9779 parts 0
I1013 10:52:50.478286 3358291 Balancer.cpp:441] "172.16.54.68":9779:33 -> "172.18.131.142":9779:0
I1013 10:52:50.478300 3358291 Balancer.cpp:451] partsFrom size 33 partsTo size 0 minLoad 16 maxLoad 17
I1013 10:52:50.478309 3358291 Balancer.cpp:461] [space:39, part:2] "172.16.54.68":9779->"172.18.131.142":9779
I1013 10:52:50.478318 3358291 Balancer.cpp:451] partsFrom size 32 partsTo size 1 minLoad 16 maxLoad 17
I1013 10:52:50.478323 3358291 Balancer.cpp:461] [space:39, part:5] "172.16.54.68":9779->"172.18.131.142":9779
I1013 10:52:50.478330 3358291 Balancer.cpp:451] partsFrom size 31 partsTo size 2 minLoad 16 maxLoad 17
I1013 10:52:50.478335 3358291 Balancer.cpp:461] [space:39, part:8] "172.16.54.68":9779->"172.18.131.142":9779
I1013 10:52:50.478343 3358291 Balancer.cpp:451] partsFrom size 30 partsTo size 3 minLoad 16 maxLoad 17
I1013 10:52:50.478348 3358291 Balancer.cpp:461] [space:39, part:11] "172.16.54.68":9779->"172.18.131.142":9779
I1013 10:52:50.478354 3358291 Balancer.cpp:451] partsFrom size 29 partsTo size 4 minLoad 16 maxLoad 17
I1013 10:52:50.478359 3358291 Balancer.cpp:461] [space:39, part:14] "172.16.54.68":9779->"172.18.131.142":9779
I1013 10:52:50.478375 3358291 Balancer.cpp:451] partsFrom size 28 partsTo size 5 minLoad 16 maxLoad 17
I1013 10:52:50.478380 3358291 Balancer.cpp:461] [space:39, part:17] "172.16.54.68":9779->"172.18.131.142":9779
I1013 10:52:50.478387 3358291 Balancer.cpp:451] partsFrom size 27 partsTo size 6 minLoad 16 maxLoad 17
I1013 10:52:50.478399 3358291 Balancer.cpp:461] [space:39, part:20] "172.16.54.68":9779->"172.18.131.142":9779
I1013 10:52:50.478407 3358291 Balancer.cpp:451] partsFrom size 26 partsTo size 7 minLoad 16 maxLoad 17
I1013 10:52:50.478412 3358291 Balancer.cpp:461] [space:39, part:23] "172.16.54.68":9779->"172.18.131.142":9779
I1013 10:52:50.478420 3358291 Balancer.cpp:451] partsFrom size 25 partsTo size 8 minLoad 16 maxLoad 17
I1013 10:52:50.478428 3358291 Balancer.cpp:461] [space:39, part:26] "172.16.54.68":9779->"172.18.131.142":9779
I1013 10:52:50.478442 3358291 Balancer.cpp:451] partsFrom size 24 partsTo size 9 minLoad 16 maxLoad 17
I1013 10:52:50.478452 3358291 Balancer.cpp:461] [space:39, part:29] "172.16.54.68":9779->"172.18.131.142":9779
I1013 10:52:50.478466 3358291 Balancer.cpp:451] partsFrom size 23 partsTo size 10 minLoad 16 maxLoad 17
I1013 10:52:50.478477 3358291 Balancer.cpp:461] [space:39, part:32] "172.16.54.68":9779->"172.18.131.142":9779
I1013 10:52:50.478487 3358291 Balancer.cpp:451] partsFrom size 22 partsTo size 11 minLoad 16 maxLoad 17
I1013 10:52:50.478490 3358291 Balancer.cpp:461] [space:39, part:35] "172.16.54.68":9779->"172.18.131.142":9779
I1013 10:52:50.478498 3358291 Balancer.cpp:451] partsFrom size 21 partsTo size 12 minLoad 16 maxLoad 17
I1013 10:52:50.478502 3358291 Balancer.cpp:461] [space:39, part:38] "172.16.54.68":9779->"172.18.131.142":9779
I1013 10:52:50.478510 3358291 Balancer.cpp:451] partsFrom size 20 partsTo size 13 minLoad 16 maxLoad 17
I1013 10:52:50.478514 3358291 Balancer.cpp:461] [space:39, part:41] "172.16.54.68":9779->"172.18.131.142":9779
I1013 10:52:50.478523 3358291 Balancer.cpp:451] partsFrom size 19 partsTo size 14 minLoad 16 maxLoad 17
I1013 10:52:50.478526 3358291 Balancer.cpp:461] [space:39, part:44] "172.16.54.68":9779->"172.18.131.142":9779
I1013 10:52:50.478534 3358291 Balancer.cpp:451] partsFrom size 18 partsTo size 15 minLoad 16 maxLoad 17
I1013 10:52:50.478538 3358291 Balancer.cpp:461] [space:39, part:47] "172.16.54.68":9779->"172.18.131.142":9779
I1013 10:52:50.478547 3358291 Balancer.cpp:451] partsFrom size 17 partsTo size 16 minLoad 16 maxLoad 17
I1013 10:52:50.478552 3358291 Balancer.cpp:757] Host "172.18.131.143":9779 parts 0
I1013 10:52:50.478559 3358291 Balancer.cpp:757] Host "172.16.54.68":9779 parts 17
I1013 10:52:50.478564 3358291 Balancer.cpp:757] Host "172.16.54.67":9779 parts 17
I1013 10:52:50.478569 3358291 Balancer.cpp:757] Host "172.18.131.141":9779 parts 17
I1013 10:52:50.478574 3358291 Balancer.cpp:757] Host "172.16.54.66":9779 parts 33
I1013 10:52:50.478579 3358291 Balancer.cpp:757] Host "172.18.131.142":9779 parts 16
I1013 10:52:50.478586 3358291 Balancer.cpp:441] "172.16.54.66":9779:33 -> "172.18.131.143":9779:0
I1013 10:52:50.478593 3358291 Balancer.cpp:451] partsFrom size 33 partsTo size 0 minLoad 16 maxLoad 17
I1013 10:52:50.478598 3358291 Balancer.cpp:461] [space:39, part:3] "172.16.54.66":9779->"172.18.131.143":9779
I1013 10:52:50.478605 3358291 Balancer.cpp:451] partsFrom size 32 partsTo size 1 minLoad 16 maxLoad 17
I1013 10:52:50.478610 3358291 Balancer.cpp:461] [space:39, part:6] "172.16.54.66":9779->"172.18.131.143":9779
I1013 10:52:50.478617 3358291 Balancer.cpp:451] partsFrom size 31 partsTo size 2 minLoad 16 maxLoad 17
I1013 10:52:50.478622 3358291 Balancer.cpp:461] [space:39, part:9] "172.16.54.66":9779->"172.18.131.143":9779
I1013 10:52:50.478629 3358291 Balancer.cpp:451] partsFrom size 30 partsTo size 3 minLoad 16 maxLoad 17
I1013 10:52:50.478634 3358291 Balancer.cpp:461] [space:39, part:12] "172.16.54.66":9779->"172.18.131.143":9779
I1013 10:52:50.478641 3358291 Balancer.cpp:451] partsFrom size 29 partsTo size 4 minLoad 16 maxLoad 17
I1013 10:52:50.478646 3358291 Balancer.cpp:461] [space:39, part:15] "172.16.54.66":9779->"172.18.131.143":9779
I1013 10:52:50.478653 3358291 Balancer.cpp:451] partsFrom size 28 partsTo size 5 minLoad 16 maxLoad 17
I1013 10:52:50.478658 3358291 Balancer.cpp:461] [space:39, part:18] "172.16.54.66":9779->"172.18.131.143":9779
I1013 10:52:50.478665 3358291 Balancer.cpp:451] partsFrom size 27 partsTo size 6 minLoad 16 maxLoad 17
I1013 10:52:50.478675 3358291 Balancer.cpp:461] [space:39, part:21] "172.16.54.66":9779->"172.18.131.143":9779
I1013 10:52:50.478683 3358291 Balancer.cpp:451] partsFrom size 26 partsTo size 7 minLoad 16 maxLoad 17
I1013 10:52:50.478688 3358291 Balancer.cpp:461] [space:39, part:24] "172.16.54.66":9779->"172.18.131.143":9779
I1013 10:52:50.478695 3358291 Balancer.cpp:451] partsFrom size 25 partsTo size 8 minLoad 16 maxLoad 17
I1013 10:52:50.478699 3358291 Balancer.cpp:461] [space:39, part:27] "172.16.54.66":9779->"172.18.131.143":9779
I1013 10:52:50.478708 3358291 Balancer.cpp:451] partsFrom size 24 partsTo size 9 minLoad 16 maxLoad 17
I1013 10:52:50.478713 3358291 Balancer.cpp:461] [space:39, part:30] "172.16.54.66":9779->"172.18.131.143":9779
I1013 10:52:50.478719 3358291 Balancer.cpp:451] partsFrom size 23 partsTo size 10 minLoad 16 maxLoad 17
I1013 10:52:50.478724 3358291 Balancer.cpp:461] [space:39, part:33] "172.16.54.66":9779->"172.18.131.143":9779
I1013 10:52:50.478731 3358291 Balancer.cpp:451] partsFrom size 22 partsTo size 11 minLoad 16 maxLoad 17
I1013 10:52:50.478735 3358291 Balancer.cpp:461] [space:39, part:36] "172.16.54.66":9779->"172.18.131.143":9779
I1013 10:52:50.478744 3358291 Balancer.cpp:451] partsFrom size 21 partsTo size 12 minLoad 16 maxLoad 17
I1013 10:52:50.478747 3358291 Balancer.cpp:461] [space:39, part:39] "172.16.54.66":9779->"172.18.131.143":9779
I1013 10:52:50.478755 3358291 Balancer.cpp:451] partsFrom size 20 partsTo size 13 minLoad 16 maxLoad 17
I1013 10:52:50.478760 3358291 Balancer.cpp:461] [space:39, part:42] "172.16.54.66":9779->"172.18.131.143":9779
I1013 10:52:50.478768 3358291 Balancer.cpp:451] partsFrom size 19 partsTo size 14 minLoad 16 maxLoad 17
I1013 10:52:50.478776 3358291 Balancer.cpp:461] [space:39, part:45] "172.16.54.66":9779->"172.18.131.143":9779
I1013 10:52:50.478789 3358291 Balancer.cpp:451] partsFrom size 18 partsTo size 15 minLoad 16 maxLoad 17
I1013 10:52:50.478802 3358291 Balancer.cpp:461] [space:39, part:48] "172.16.54.66":9779->"172.18.131.143":9779
I1013 10:52:50.478817 3358291 Balancer.cpp:451] partsFrom size 17 partsTo size 16 minLoad 16 maxLoad 17
I1013 10:52:50.478826 3358291 Balancer.cpp:757] Host "172.18.131.143":9779 parts 16
I1013 10:52:50.478837 3358291 Balancer.cpp:757] Host "172.16.54.68":9779 parts 17
I1013 10:52:50.478844 3358291 Balancer.cpp:757] Host "172.16.54.67":9779 parts 17
I1013 10:52:50.478849 3358291 Balancer.cpp:757] Host "172.18.131.141":9779 parts 17
I1013 10:52:50.478855 3358291 Balancer.cpp:757] Host "172.16.54.66":9779 parts 17
I1013 10:52:50.478865 3358291 Balancer.cpp:757] Host "172.18.131.142":9779 parts 16
I1013 10:52:50.478878 3358291 Balancer.cpp:551] Balance tasks num: 49
I1013 10:52:50.478885 3358291 Balancer.cpp:553] [1665629751, 39:1, 172.16.54.67:9779->172.18.131.141:9779]
I1013 10:52:50.478895 3358291 Balancer.cpp:553] [1665629751, 39:4, 172.16.54.67:9779->172.18.131.141:9779]
I1013 10:52:50.478904 3358291 Balancer.cpp:553] [1665629751, 39:7, 172.16.54.67:9779->172.18.131.141:9779]
I1013 10:52:50.478911 3358291 Balancer.cpp:553] [1665629751, 39:10, 172.16.54.67:9779->172.18.131.141:9779]
I1013 10:52:50.478919 3358291 Balancer.cpp:553] [1665629751, 39:13, 172.16.54.67:9779->172.18.131.141:9779]
I1013 10:52:50.478929 3358291 Balancer.cpp:553] [1665629751, 39:16, 172.16.54.67:9779->172.18.131.141:9779]
I1013 10:52:50.478933 3358291 Balancer.cpp:553] [1665629751, 39:19, 172.16.54.67:9779->172.18.131.141:9779]
I1013 10:52:50.478937 3358291 Balancer.cpp:553] [1665629751, 39:22, 172.16.54.67:9779->172.18.131.141:9779]
I1013 10:52:50.478941 3358291 Balancer.cpp:553] [1665629751, 39:25, 172.16.54.67:9779->172.18.131.141:9779]
I1013 10:52:50.478945 3358291 Balancer.cpp:553] [1665629751, 39:28, 172.16.54.67:9779->172.18.131.141:9779]
I1013 10:52:50.478950 3358291 Balancer.cpp:553] [1665629751, 39:31, 172.16.54.67:9779->172.18.131.141:9779]
I1013 10:52:50.478953 3358291 Balancer.cpp:553] [1665629751, 39:34, 172.16.54.67:9779->172.18.131.141:9779]
I1013 10:52:50.478957 3358291 Balancer.cpp:553] [1665629751, 39:37, 172.16.54.67:9779->172.18.131.141:9779]
I1013 10:52:50.478966 3358291 Balancer.cpp:553] [1665629751, 39:40, 172.16.54.67:9779->172.18.131.141:9779]
I1013 10:52:50.478971 3358291 Balancer.cpp:553] [1665629751, 39:43, 172.16.54.67:9779->172.18.131.141:9779]
I1013 10:52:50.478976 3358291 Balancer.cpp:553] [1665629751, 39:46, 172.16.54.67:9779->172.18.131.141:9779]
I1013 10:52:50.478979 3358291 Balancer.cpp:553] [1665629751, 39:49, 172.16.54.67:9779->172.18.131.141:9779]
I1013 10:52:50.478983 3358291 Balancer.cpp:553] [1665629751, 39:2, 172.16.54.68:9779->172.18.131.142:9779]
I1013 10:52:50.478987 3358291 Balancer.cpp:553] [1665629751, 39:5, 172.16.54.68:9779->172.18.131.142:9779]
I1013 10:52:50.478991 3358291 Balancer.cpp:553] [1665629751, 39:8, 172.16.54.68:9779->172.18.131.142:9779]
I1013 10:52:50.478996 3358291 Balancer.cpp:553] [1665629751, 39:11, 172.16.54.68:9779->172.18.131.142:9779]
I1013 10:52:50.478999 3358291 Balancer.cpp:553] [1665629751, 39:14, 172.16.54.68:9779->172.18.131.142:9779]
I1013 10:52:50.479003 3358291 Balancer.cpp:553] [1665629751, 39:17, 172.16.54.68:9779->172.18.131.142:9779]
I1013 10:52:50.479007 3358291 Balancer.cpp:553] [1665629751, 39:20, 172.16.54.68:9779->172.18.131.142:9779]
I1013 10:52:50.479012 3358291 Balancer.cpp:553] [1665629751, 39:23, 172.16.54.68:9779->172.18.131.142:9779]
I1013 10:52:50.479015 3358291 Balancer.cpp:553] [1665629751, 39:26, 172.16.54.68:9779->172.18.131.142:9779]
I1013 10:52:50.479019 3358291 Balancer.cpp:553] [1665629751, 39:29, 172.16.54.68:9779->172.18.131.142:9779]
I1013 10:52:50.479023 3358291 Balancer.cpp:553] [1665629751, 39:32, 172.16.54.68:9779->172.18.131.142:9779]
I1013 10:52:50.479030 3358291 Balancer.cpp:553] [1665629751, 39:35, 172.16.54.68:9779->172.18.131.142:9779]
I1013 10:52:50.479039 3358291 Balancer.cpp:553] [1665629751, 39:38, 172.16.54.68:9779->172.18.131.142:9779]
I1013 10:52:50.479048 3358291 Balancer.cpp:553] [1665629751, 39:41, 172.16.54.68:9779->172.18.131.142:9779]
I1013 10:52:50.479055 3358291 Balancer.cpp:553] [1665629751, 39:44, 172.16.54.68:9779->172.18.131.142:9779]
I1013 10:52:50.479063 3358291 Balancer.cpp:553] [1665629751, 39:47, 172.16.54.68:9779->172.18.131.142:9779]
I1013 10:52:50.479068 3358291 Balancer.cpp:553] [1665629751, 39:3, 172.16.54.66:9779->172.18.131.143:9779]
I1013 10:52:50.479071 3358291 Balancer.cpp:553] [1665629751, 39:6, 172.16.54.66:9779->172.18.131.143:9779]
I1013 10:52:50.479075 3358291 Balancer.cpp:553] [1665629751, 39:9, 172.16.54.66:9779->172.18.131.143:9779]
I1013 10:52:50.479079 3358291 Balancer.cpp:553] [1665629751, 39:12, 172.16.54.66:9779->172.18.131.143:9779]
I1013 10:52:50.479084 3358291 Balancer.cpp:553] [1665629751, 39:15, 172.16.54.66:9779->172.18.131.143:9779]
I1013 10:52:50.479087 3358291 Balancer.cpp:553] [1665629751, 39:18, 172.16.54.66:9779->172.18.131.143:9779]
I1013 10:52:50.479091 3358291 Balancer.cpp:553] [1665629751, 39:21, 172.16.54.66:9779->172.18.131.143:9779]
I1013 10:52:50.479095 3358291 Balancer.cpp:553] [1665629751, 39:24, 172.16.54.66:9779->172.18.131.143:9779]
I1013 10:52:50.479099 3358291 Balancer.cpp:553] [1665629751, 39:27, 172.16.54.66:9779->172.18.131.143:9779]
I1013 10:52:50.479104 3358291 Balancer.cpp:553] [1665629751, 39:30, 172.16.54.66:9779->172.18.131.143:9779]
I1013 10:52:50.479107 3358291 Balancer.cpp:553] [1665629751, 39:33, 172.16.54.66:9779->172.18.131.143:9779]
I1013 10:52:50.479111 3358291 Balancer.cpp:553] [1665629751, 39:36, 172.16.54.66:9779->172.18.131.143:9779]
I1013 10:52:50.479115 3358291 Balancer.cpp:553] [1665629751, 39:39, 172.16.54.66:9779->172.18.131.143:9779]
I1013 10:52:50.479120 3358291 Balancer.cpp:553] [1665629751, 39:42, 172.16.54.66:9779->172.18.131.143:9779]
I1013 10:52:50.479123 3358291 Balancer.cpp:553] [1665629751, 39:45, 172.16.54.66:9779->172.18.131.143:9779]
I1013 10:52:50.479127 3358291 Balancer.cpp:553] [1665629751, 39:48, 172.16.54.66:9779->172.18.131.143:9779]
I1013 10:52:50.481145 3358291 Balancer.cpp:46] Start to invoke balance plan 1665629751
I1013 10:52:50.482918 1517457 BalanceTask.cpp:47] [1665629751, 39:5, 172.16.54.68:9779->172.18.131.142:9779] Start to move part, check the peers firstly!
I1013 10:52:50.483952 1517457 BalanceTask.cpp:47] [1665629751, 39:49, 172.16.54.67:9779->172.18.131.141:9779] Start to move part, check the peers firstly!
I1013 10:52:50.484485 2344226 BalanceTask.cpp:64] [1665629751, 39:5, 172.16.54.68:9779->172.18.131.142:9779] Ask the src to give up the leadership.
I1013 10:52:50.485289 1517457 BalanceTask.cpp:47] [1665629751, 39:9, 172.16.54.66:9779->172.18.131.143:9779] Start to move part, check the peers firstly!
I1013 10:52:50.485706 2344227 BalanceTask.cpp:64] [1665629751, 39:49, 172.16.54.67:9779->172.18.131.141:9779] Ask the src to give up the leadership.
I1013 10:52:50.487679 2344226 BalanceTask.cpp:92] [1665629751, 39:5, 172.16.54.68:9779->172.18.131.142:9779] Open the part as learner on dst.
I1013 10:52:50.488317 2344227 BalanceTask.cpp:92] [1665629751, 39:49, 172.16.54.67:9779->172.18.131.141:9779] Open the part as learner on dst.
I1013 10:52:50.488534 1517457 BalanceTask.cpp:47] [1665629751, 39:46, 172.16.54.67:9779->172.18.131.141:9779] Start to move part, check the peers firstly!
I1013 10:52:50.488994 2344228 BalanceTask.cpp:64] [1665629751, 39:9, 172.16.54.66:9779->172.18.131.143:9779] Ask the src to give up the leadership.
E1013 10:52:50.495512 2344227 BalanceTask.cpp:96] [1665629751, 39:49, 172.16.54.67:9779->172.18.131.141:9779] Open part failed, status ["172.18.131.141":9778] RPC failure in AdminClient: N6apache6thrift9transport19TTransportExceptionE: AsyncSocketException: connect failed, type = Socket not open, errno = 113 (No route to host): No route to host
E1013 10:52:50.495517 2344226 BalanceTask.cpp:96] [1665629751, 39:5, 172.16.54.68:9779->172.18.131.142:9779] Open part failed, status ["172.18.131.142":9778] RPC failure in AdminClient: N6apache6thrift9transport19TTransportExceptionE: AsyncSocketException: connect failed, type = Socket not open, errno = 113 (No route to host): No route to host
I1013 10:52:50.496130 1517457 BalanceTask.cpp:47] [1665629751, 39:45, 172.16.54.66:9779->172.18.131.143:9779] Start to move part, check the peers firstly!
I1013 10:52:50.496130 2344228 BalanceTask.cpp:92] [1665629751, 39:9, 172.16.54.66:9779->172.18.131.143:9779] Open the part as learner on dst.
E1013 10:52:50.496803 2344226 BalanceTask.cpp:38] [1665629751, 39:5, 172.16.54.68:9779->172.18.131.142:9779] Task failed, status 3
I1013 10:52:50.496831 2344226 BalanceTask.cpp:47] [1665629751, 39:40, 172.16.54.67:9779->172.18.131.141:9779] Start to move part, check the peers firstly!
I1013 10:52:50.497797 1517457 BalanceTask.cpp:47] [1665629751, 39:47, 172.16.54.68:9779->172.18.131.142:9779] Start to move part, check the peers firstly!
E1013 10:52:50.497917 2344228 BalanceTask.cpp:96] [1665629751, 39:9, 172.16.54.66:9779->172.18.131.143:9779] Open part failed, status ["172.18.131.143":9778] RPC failure in AdminClient: N6apache6thrift9transport19TTransportExceptionE: AsyncSocketException: connect failed, type = Socket not open, errno = 113 (No route to host): No route to host
I1013 10:52:50.498031 2344226 BalanceTask.cpp:64] [1665629751, 39:40, 172.16.54.67:9779->172.18.131.141:9779] Ask the src to give up the leadership.
E1013 10:52:50.498335 2344227 BalanceTask.cpp:38] [1665629751, 39:49, 172.16.54.67:9779->172.18.131.141:9779] Task failed, status 3
I1013 10:52:50.498374 2344227 BalanceTask.cpp:47] [1665629751, 39:39, 172.16.54.66:9779->172.18.131.143:9779] Start to move part, check the peers firstly!
I1013 10:52:50.498672 1517457 BalanceTask.cpp:47] [1665629751, 39:44, 172.16.54.68:9779->172.18.131.142:9779] Start to move part, check the peers firstly!
E1013 10:52:50.499128 2344228 BalanceTask.cpp:38] [1665629751, 39:9, 172.16.54.66:9779->172.18.131.143:9779] Task failed, status 3
I1013 10:52:50.499161 2344228 BalanceTask.cpp:47] [1665629751, 39:38, 172.16.54.68:9779->172.18.131.142:9779] Start to move part, check the peers firstly!
I1013 10:52:50.499235 2344226 BalanceTask.cpp:92] [1665629751, 39:40, 172.16.54.67:9779->172.18.131.141:9779] Open the part as learner on dst.
I1013 10:52:50.499923 2344227 BalanceTask.cpp:64] [1665629751, 39:39, 172.16.54.66:9779->172.18.131.143:9779] Ask the src to give up the leadership.
I1013 10:52:50.500910 2344221 BalanceTask.cpp:64] [1665629751, 39:47, 172.16.54.68:9779->172.18.131.142:9779] Ask the src to give up the leadership.
I1013 10:52:50.502436 2344229 BalanceTask.cpp:64] [1665629751, 39:46, 172.16.54.67:9779->172.18.131.141:9779] Ask the src to give up the leadership.
I1013 10:52:50.503639 1517457 BalanceTask.cpp:47] [1665629751, 39:42, 172.16.54.66:9779->172.18.131.143:9779] Start to move part, check the peers firstly!
I1013 10:52:50.503691 2344228 BalanceTask.cpp:64] [1665629751, 39:38, 172.16.54.68:9779->172.18.131.142:9779] Ask the src to give up the leadership.
I1013 10:52:50.504432 2344230 BalanceTask.cpp:64] [1665629751, 39:45, 172.16.54.66:9779->172.18.131.143:9779] Ask the src to give up the leadership.
E1013 10:52:50.505504 2344226 BalanceTask.cpp:96] [1665629751, 39:40, 172.16.54.67:9779->172.18.131.141:9779] Open part failed, status ["172.18.131.141":9778] RPC failure in AdminClient: N6apache6thrift9transport19TTransportExceptionE: AsyncSocketException: connect failed, type = Socket not open, errno = 113 (No route to host): No route to host
I1013 10:52:50.505585 2344222 BalanceTask.cpp:64] [1665629751, 39:44, 172.16.54.68:9779->172.18.131.142:9779] Ask the src to give up the leadership.
I1013 10:52:50.507047 2344227 BalanceTask.cpp:92] [1665629751, 39:39, 172.16.54.66:9779->172.18.131.143:9779] Open the part as learner on dst.
I1013 10:52:50.507054 2344221 BalanceTask.cpp:92] [1665629751, 39:47, 172.16.54.68:9779->172.18.131.142:9779] Open the part as learner on dst.
I1013 10:52:50.507205 2344229 BalanceTask.cpp:92] [1665629751, 39:46, 172.16.54.67:9779->172.18.131.141:9779] Open the part as learner on dst.
E1013 10:52:50.508127 2344226 BalanceTask.cpp:38] [1665629751, 39:40, 172.16.54.67:9779->172.18.131.141:9779] Task failed, status 3
I1013 10:52:50.508174 2344226 BalanceTask.cpp:47] [1665629751, 39:25, 172.16.54.67:9779->172.18.131.141:9779] Start to move part, check the peers firstly!
I1013 10:52:50.508245 2344228 BalanceTask.cpp:92] [1665629751, 39:38, 172.16.54.68:9779->172.18.131.142:9779] Open the part as learner on dst.
I1013 10:52:50.508265 1517457 BalanceTask.cpp:47] [1665629751, 39:41, 172.16.54.68:9779->172.18.131.142:9779] Start to move part, check the peers firstly!
I1013 10:52:50.508359 2344222 BalanceTask.cpp:92] [1665629751, 39:44, 172.16.54.68:9779->172.18.131.142:9779] Open the part as learner on dst.
E1013 10:52:50.508867 2344221 BalanceTask.cpp:96] [1665629751, 39:47, 172.16.54.68:9779->172.18.131.142:9779] Open part failed, status ["172.18.131.142":9778] RPC failure in AdminClient: N6apache6thrift9transport19TTransportExceptionE: AsyncSocketException: connect failed, type = Socket not open, errno = 113 (No route to host): No route to host
I1013 10:52:50.510095 1517457 BalanceTask.cpp:47] [1665629751, 39:6, 172.16.54.66:9779->172.18.131.143:9779] Start to move part, check the peers firstly!
E1013 10:52:50.510331 2344228 BalanceTask.cpp:96] [1665629751, 39:38, 172.16.54.68:9779->172.18.131.142:9779] Open part failed, status ["172.18.131.142":9778] RPC failure in AdminClient: N6apache6thrift9transport19TTransportExceptionE: AsyncSocketException: connect failed, type = Socket not open, errno = 113 (No route to host): No route to host
E1013 10:52:50.510357 2344222 BalanceTask.cpp:96] [1665629751, 39:44, 172.16.54.68:9779->172.18.131.142:9779] Open part failed, status ["172.18.131.142":9778] RPC failure in AdminClient: N6apache6thrift9transport19TTransportExceptionE: AsyncSocketException: connect failed, type = Socket not open, errno = 113 (No route to host): No route to host
E1013 10:52:50.510437 2344229 BalanceTask.cpp:96] [1665629751, 39:46, 172.16.54.67:9779->172.18.131.141:9779] Open part failed, status ["172.18.131.141":9778] RPC failure in AdminClient: N6apache6thrift9transport19TTransportExceptionE: AsyncSocketException: connect failed, type = Socket not open, errno = 113 (No route to host): No route to host
E1013 10:52:50.510514 2344227 BalanceTask.cpp:96] [1665629751, 39:39, 172.16.54.66:9779->172.18.131.143:9779] Open part failed, status ["172.18.131.143":9778] RPC failure in AdminClient: N6apache6thrift9transport19TTransportExceptionE: AsyncSocketException: connect failed, type = Socket not open, errno = 113 (No route to host): No route to host
E1013 10:52:50.510773 2344221 BalanceTask.cpp:38] [1665629751, 39:47, 172.16.54.68:9779->172.18.131.142:9779] Task failed, status 3
I1013 10:52:50.510805 2344221 BalanceTask.cpp:47] [1665629751, 39:34, 172.16.54.67:9779->172.18.131.141:9779] Start to move part, check the peers firstly!
I1013 10:52:50.511727 2344224 BalanceTask.cpp:64] [1665629751, 39:41, 172.16.54.68:9779->172.18.131.142:9779] Ask the src to give up the leadership.
E1013 10:52:50.511875 2344228 BalanceTask.cpp:38] [1665629751, 39:38, 172.16.54.68:9779->172.18.131.142:9779] Task failed, status 3
I1013 10:52:50.511904 2344228 BalanceTask.cpp:47] [1665629751, 39:21, 172.16.54.66:9779->172.18.131.143:9779] Start to move part, check the peers firstly!
E1013 10:52:50.511943 2344229 BalanceTask.cpp:38] [1665629751, 39:46, 172.16.54.67:9779->172.18.131.141:9779] Task failed, status 3
I1013 10:52:50.511963 2344229 BalanceTask.cpp:47] [1665629751, 39:37, 172.16.54.67:9779->172.18.131.141:9779] Start to move part, check the peers firstly!
E1013 10:52:50.511998 2344222 BalanceTask.cpp:38] [1665629751, 39:44, 172.16.54.68:9779->172.18.131.142:9779] Task failed, status 3
I1013 10:52:50.512032 2344222 BalanceTask.cpp:47] [1665629751, 39:32, 172.16.54.68:9779->172.18.131.142:9779] Start to move part, check the peers firstly!
E1013 10:52:50.512054 2344227 BalanceTask.cpp:38] [1665629751, 39:39, 172.16.54.66:9779->172.18.131.143:9779] Task failed, status 3
I1013 10:52:50.512076 2344227 BalanceTask.cpp:47] [1665629751, 39:35, 172.16.54.68:9779->172.18.131.142:9779] Start to move part, check the peers firstly!
I1013 10:52:50.512419 2344226 BalanceTask.cpp:64] [1665629751, 39:25, 172.16.54.67:9779->172.18.131.141:9779] Ask the src to give up the leadership.
I1013 10:52:50.512427 2344225 BalanceTask.cpp:64] [1665629751, 39:6, 172.16.54.66:9779->172.18.131.143:9779] Ask the src to give up the leadership.
I1013 10:52:50.512468 2344221 BalanceTask.cpp:64] [1665629751, 39:34, 172.16.54.67:9779->172.18.131.141:9779] Ask the src to give up the leadership.
I1013 10:52:50.513077 2344224 BalanceTask.cpp:92] [1665629751, 39:41, 172.16.54.68:9779->172.18.131.142:9779] Open the part as learner on dst.
I1013 10:52:50.513347 2344228 BalanceTask.cpp:64] [1665629751, 39:21, 172.16.54.66:9779->172.18.131.143:9779] Ask the src to give up the leadership.
I1013 10:52:50.510531 2344230 BalanceTask.cpp:92] [1665629751, 39:45, 172.16.54.66:9779->172.18.131.143:9779] Open the part as learner on dst.
I1013 10:52:50.513620 2344229 BalanceTask.cpp:64] [1665629751, 39:37, 172.16.54.67:9779->172.18.131.141:9779] Ask the src to give up the leadership.
I1013 10:52:50.513840 2344222 BalanceTask.cpp:64] [1665629751, 39:32, 172.16.54.68:9779->172.18.131.142:9779] Ask the src to give up the leadership.
I1013 10:52:50.512419 2344223 BalanceTask.cpp:64] [1665629751, 39:42, 172.16.54.66:9779->172.18.131.143:9779] Ask the src to give up the leadership.
I1013 10:52:50.514062 2344227 BalanceTask.cpp:64] [1665629751, 39:35, 172.16.54.68:9779->172.18.131.142:9779] Ask the src to give up the leadership.
I1013 10:52:50.514866 2344226 BalanceTask.cpp:92] [1665629751, 39:25, 172.16.54.67:9779->172.18.131.141:9779] Open the part as learner on dst.
I1013 10:52:50.515033 2344228 BalanceTask.cpp:92] [1665629751, 39:21, 172.16.54.66:9779->172.18.131.143:9779] Open the part as learner on dst.
I1013 10:52:50.515050 2344225 BalanceTask.cpp:92] [1665629751, 39:6, 172.16.54.66:9779->172.18.131.143:9779] Open the part as learner on dst.
I1013 10:52:50.515161 2344229 BalanceTask.cpp:92] [1665629751, 39:37, 172.16.54.67:9779->172.18.131.141:9779] Open the part as learner on dst.
I1013 10:52:50.515235 2344221 BalanceTask.cpp:92] [1665629751, 39:34, 172.16.54.67:9779->172.18.131.141:9779] Open the part as learner on dst.
E1013 10:52:50.515347 2344224 BalanceTask.cpp:96] [1665629751, 39:41, 172.16.54.68:9779->172.18.131.142:9779] Open part failed, status ["172.18.131.142":9778] RPC failure in AdminClient: N6apache6thrift9transport19TTransportExceptionE: AsyncSocketException: connect failed, type = Socket not open, errno = 113 (No route to host): No route to host
I1013 10:52:50.515506 2344222 BalanceTask.cpp:92] [1665629751, 39:32, 172.16.54.68:9779->172.18.131.142:9779] Open the part as learner on dst.
I1013 10:52:50.516005 2344223 BalanceTask.cpp:92] [1665629751, 39:42, 172.16.54.66:9779->172.18.131.143:9779] Open the part as learner on dst.
I1013 10:52:50.516170 2344227 BalanceTask.cpp:92] [1665629751, 39:35, 172.16.54.68:9779->172.18.131.142:9779] Open the part as learner on dst.
E1013 10:52:50.516330 2344226 BalanceTask.cpp:96] [1665629751, 39:25, 172.16.54.67:9779->172.18.131.141:9779] Open part failed, status ["172.18.131.141":9778] RPC failure in AdminClient: N6apache6thrift9transport19TTransportExceptionE: AsyncSocketException: connect failed, type = Socket not open, errno = 113 (No route to host): No route to host
E1013 10:52:50.516669 2344229 BalanceTask.cpp:96] [1665629751, 39:37, 172.16.54.67:9779->172.18.131.141:9779] Open part failed, status ["172.18.131.141":9778] RPC failure in AdminClient: N6apache6thrift9transport19TTransportExceptionE: AsyncSocketException: connect failed, type = Socket not open, errno = 113 (No route to host): No route to host
E1013 10:52:50.516763 2344225 BalanceTask.cpp:96] [1665629751, 39:6, 172.16.54.66:9779->172.18.131.143:9779] Open part failed, status ["172.18.131.143":9778] RPC failure in AdminClient: N6apache6thrift9transport19TTransportExceptionE: AsyncSocketException: connect failed, type = Socket not open, errno = 113 (No route to host): No route to host
E1013 10:52:50.516911 2344228 BalanceTask.cpp:96] [1665629751, 39:21, 172.16.54.66:9779->172.18.131.143:9779] Open part failed, status ["172.18.131.143":9778] RPC failure in AdminClient: N6apache6thrift9transport19TTransportExceptionE: AsyncSocketException: connect failed, type = Socket not open, errno = 113 (No route to host): No route to host
E1013 10:52:50.517200 2344224 BalanceTask.cpp:38] [1665629751, 39:41, 172.16.54.68:9779->172.18.131.142:9779] Task failed, status 3
I1013 10:52:50.517235 2344224 BalanceTask.cpp:47] [1665629751, 39:29, 172.16.54.68:9779->172.18.131.142:9779] Start to move part, check the peers firstly!
E1013 10:52:50.517453 2344226 BalanceTask.cpp:38] [1665629751, 39:25, 172.16.54.67:9779->172.18.131.141:9779] Task failed, status 3
I1013 10:52:50.517480 2344226 BalanceTask.cpp:47] [1665629751, 30:14, 172.16.54.66:9779->172.18.131.143:9779] Start to move part, check the peers firstly!
E1013 10:52:50.517577 2344223 BalanceTask.cpp:96] [1665629751, 39:42, 172.16.54.66:9779->172.18.131.143:9779] Open part failed, status ["172.18.131.143":9778] RPC failure in AdminClient: N6apache6thrift9transport19TTransportExceptionE: AsyncSocketException: connect failed, type = Socket not open, errno = 113 (No route to host): No route to host
E1013 10:52:50.517617 2344221 BalanceTask.cpp:96] [1665629751, 39:34, 172.16.54.67:9779->172.18.131.141:9779] Open part failed, status ["172.18.131.141":9778] RPC failure in AdminClient: N6apache6thrift9transport19TTransportExceptionE: AsyncSocketException: connect failed, type = Socket not open, errno = 113 (No route to host): No route to host
E1013 10:52:50.517695 2344222 BalanceTask.cpp:96] [1665629751, 39:32, 172.16.54.68:9779->172.18.131.142:9779] Open part failed, status ["172.18.131.142":9778] RPC failure in AdminClient: N6apache6thrift9transport19TTransportExceptionE: AsyncSocketException: connect failed, type = Socket not open, errno = 113 (No route to host): No route to host
E1013 10:52:50.518276 2344229 BalanceTask.cpp:38] [1665629751, 39:37, 172.16.54.67:9779->172.18.131.141:9779] Task failed, status 3
I1013 10:52:50.518306 2344229 BalanceTask.cpp:47] [1665629751, 39:20, 172.16.54.68:9779->172.18.131.142:9779] Start to move part, check the peers firstly!
E1013 10:52:50.518338 2344225 BalanceTask.cpp:38] [1665629751, 39:6, 172.16.54.66:9779->172.18.131.143:9779] Task failed, status 3
I1013 10:52:50.518376 2344225 BalanceTask.cpp:47] [1665629751, 39:26, 172.16.54.68:9779->172.18.131.142:9779] Start to move part, check the peers firstly!
I1013 10:52:50.519085 2344224 BalanceTask.cpp:64] [1665629751, 39:29, 172.16.54.68:9779->172.18.131.142:9779] Ask the src to give up the leadership.
I1013 10:52:50.519197 2344226 BalanceTask.cpp:64] [1665629751, 30:14, 172.16.54.66:9779->172.18.131.143:9779] Ask the src to give up the leadership.
E1013 10:52:50.519532 2344223 BalanceTask.cpp:38] [1665629751, 39:42, 172.16.54.66:9779->172.18.131.143:9779] Task failed, status 3
E1013 10:52:50.519532 2344221 BalanceTask.cpp:38] [1665629751, 39:34, 172.16.54.67:9779->172.18.131.141:9779] Task failed, status 3
I1013 10:52:50.519614 2344221 BalanceTask.cpp:47] [1665629751, 39:18, 172.16.54.66:9779->172.18.131.143:9779] Start to move part, check the peers firstly!
I1013 10:52:50.519582 2344223 BalanceTask.cpp:47] [1665629751, 39:3, 172.16.54.66:9779->172.18.131.143:9779] Start to move part, check the peers firstly!
E1013 10:52:50.519534 2344222 BalanceTask.cpp:38] [1665629751, 39:32, 172.16.54.68:9779->172.18.131.142:9779] Task failed, status 3
I1013 10:52:50.519680 2344222 BalanceTask.cpp:47] [1665629751, 39:15, 172.16.54.66:9779->172.18.131.143:9779] Start to move part, check the peers firstly!
I1013 10:52:50.519986 2344229 BalanceTask.cpp:64] [1665629751, 39:20, 172.16.54.68:9779->172.18.131.142:9779] Ask the src to give up the leadership.
I1013 10:52:50.520265 2344225 BalanceTask.cpp:64] [1665629751, 39:26, 172.16.54.68:9779->172.18.131.142:9779] Ask the src to give up the leadership.
E1013 10:52:50.520493 2344230 BalanceTask.cpp:96] [1665629751, 39:45, 172.16.54.66:9779->172.18.131.143:9779] Open part failed, status ["172.18.131.143":9778] RPC failure in AdminClient: N6apache6thrift9transport19TTransportExceptionE: AsyncSocketException: connect failed, type = Socket not open, errno = 113 (No route to host): No route to host
E1013 10:52:50.519596 2344228 BalanceTask.cpp:38] [1665629751, 39:21, 172.16.54.66:9779->172.18.131.143:9779] Task failed, status 3
I1013 10:52:50.520656 2344228 BalanceTask.cpp:47] [1665629751, 24:12, 172.16.54.66:9779->172.18.131.143:9779] Start to move part, check the peers firstly!
I1013 10:52:50.521035 2344224 BalanceTask.cpp:92] [1665629751, 39:29, 172.16.54.68:9779->172.18.131.142:9779] Open the part as learner on dst.
I1013 10:52:50.521589 2344223 BalanceTask.cpp:64] [1665629751, 39:3, 172.16.54.66:9779->172.18.131.143:9779] Ask the src to give up the leadership.
I1013 10:52:50.521641 2344226 BalanceTask.cpp:92] [1665629751, 30:14, 172.16.54.66:9779->172.18.131.143:9779] Open the part as learner on dst.
I1013 10:52:50.521786 2344229 BalanceTask.cpp:92] [1665629751, 39:20, 172.16.54.68:9779->172.18.131.142:9779] Open the part as learner on dst.
I1013 10:52:50.521852 2344222 BalanceTask.cpp:64] [1665629751, 39:15, 172.16.54.66:9779->172.18.131.143:9779] Ask the src to give up the leadership.
I1013 10:52:50.521903 2344221 BalanceTask.cpp:64] [1665629751, 39:18, 172.16.54.66:9779->172.18.131.143:9779] Ask the src to give up the leadership.
I1013 10:52:50.522337 2344225 BalanceTask.cpp:92] [1665629751, 39:26, 172.16.54.68:9779->172.18.131.142:9779] Open the part as learner on dst.
E1013 10:52:50.522395 2344230 BalanceTask.cpp:38] [1665629751, 39:45, 172.16.54.66:9779->172.18.131.143:9779] Task failed, status 3
I1013 10:52:50.522420 2344230 BalanceTask.cpp:47] [1665629751, 39:4, 172.16.54.67:9779->172.18.131.141:9779] Start to move part, check the peers firstly!
I1013 10:52:50.523741 2344223 BalanceTask.cpp:92] [1665629751, 39:3, 172.16.54.66:9779->172.18.131.143:9779] Open the part as learner on dst.
I1013 10:52:50.524158 2344222 BalanceTask.cpp:92] [1665629751, 39:15, 172.16.54.66:9779->172.18.131.143:9779] Open the part as learner on dst.
I1013 10:52:50.524432 2344221 BalanceTask.cpp:92] [1665629751, 39:18, 172.16.54.66:9779->172.18.131.143:9779] Open the part as learner on dst.
I1013 10:52:50.526146 2344228 BalanceTask.cpp:64] [1665629751, 24:12, 172.16.54.66:9779->172.18.131.143:9779] Ask the src to give up the leadership.
I1013 10:52:50.526181 2344230 BalanceTask.cpp:64] [1665629751, 39:4, 172.16.54.67:9779->172.18.131.141:9779] Ask the src to give up the leadership.
I1013 10:52:50.527700 2344230 BalanceTask.cpp:92] [1665629751, 39:4, 172.16.54.67:9779->172.18.131.141:9779] Open the part as learner on dst.
I1013 10:52:50.527910 2344228 BalanceTask.cpp:92] [1665629751, 24:12, 172.16.54.66:9779->172.18.131.143:9779] Open the part as learner on dst.
I1013 10:52:50.626888 3358291 HBProcessor.cpp:33] Receive heartbeat from "172.18.131.143":9669, role = GRAPH
I1013 10:52:51.147415 3358291 HBProcessor.cpp:33] Receive heartbeat from "172.16.54.68":9779, role = STORAGE
E1013 10:52:51.518487 2344227 BalanceTask.cpp:96] [1665629751, 39:35, 172.16.54.68:9779->172.18.131.142:9779] Open part failed, status ["172.18.131.142":9778] RPC failure in AdminClient: N6apache6thrift9transport19TTransportExceptionE: AsyncSocketException: write timed out during connection, type = Timed out
E1013 10:52:51.519708 2344227 BalanceTask.cpp:38] [1665629751, 39:35, 172.16.54.68:9779->172.18.131.142:9779] Task failed, status 3
I1013 10:52:51.519739 2344227 BalanceTask.cpp:47] [1665629751, 39:33, 172.16.54.66:9779->172.18.131.143:9779] Start to move part, check the peers firstly!
I1013 10:52:51.520975 2344227 BalanceTask.cpp:64] [1665629751, 39:33, 172.16.54.66:9779->172.18.131.143:9779] Ask the src to give up the leadership.
I1013 10:52:51.521762 2344227 BalanceTask.cpp:92] [1665629751, 39:33, 172.16.54.66:9779->172.18.131.143:9779] Open the part as learner on dst.
E1013 10:52:51.522868 2344227 BalanceTask.cpp:96] [1665629751, 39:33, 172.16.54.66:9779->172.18.131.143:9779] Open part failed, status ["172.18.131.143":9778] RPC failure in AdminClient: N6apache6thrift9transport19TTransportExceptionE: AsyncSocketException: connect failed, type = Socket not open, errno = 113 (No route to host): No route to host
E1013 10:52:51.523442 2344224 BalanceTask.cpp:96] [1665629751, 39:29, 172.16.54.68:9779->172.18.131.142:9779] Open part failed, status ["172.18.131.142":9778] RPC failure in AdminClient: N6apache6thrift9transport19TTransportExceptionE: AsyncSocketException: write timed out during connection, type = Timed out
E1013 10:52:51.523804 2344227 BalanceTask.cpp:38] [1665629751, 39:33, 172.16.54.66:9779->172.18.131.143:9779] Task failed, status 3
I1013 10:52:51.523833 2344227 BalanceTask.cpp:47] [1665629751, 24:5, 172.16.54.66:9779->172.18.131.143:9779] Start to move part, check the peers firstly!
E1013 10:52:51.524425 2344229 BalanceTask.cpp:96] [1665629751, 39:20, 172.16.54.68:9779->172.18.131.142:9779] Open part failed, status ["172.18.131.142":9778] RPC failure in AdminClient: N6apache6thrift9transport19TTransportExceptionE: AsyncSocketException: write timed out during connection, type = Timed out
E1013 10:52:51.524431 2344225 BalanceTask.cpp:96] [1665629751, 39:26, 172.16.54.68:9779->172.18.131.142:9779] Open part failed, status ["172.18.131.142":9778] RPC failure in AdminClient: N6apache6thrift9transport19TTransportExceptionE: AsyncSocketException: write timed out during connection, type = Timed out
E1013 10:52:51.524484 2344226 BalanceTask.cpp:96] [1665629751, 30:14, 172.16.54.66:9779->172.18.131.143:9779] Open part failed, status ["172.18.131.143":9778] RPC failure in AdminClient: N6apache6thrift9transport19TTransportExceptionE: AsyncSocketException: write timed out during connection, type = Timed out
E1013 10:52:51.525147 2344224 BalanceTask.cpp:38] [1665629751, 39:29, 172.16.54.68:9779->172.18.131.142:9779] Task failed, status 3
I1013 10:52:51.525177 2344224 BalanceTask.cpp:47] [1665629751, 24:15, 172.16.54.66:9779->172.18.131.143:9779] Start to move part, check the peers firstly!
E1013 10:52:51.525421 2344223 BalanceTask.cpp:96] [1665629751, 39:3, 172.16.54.66:9779->172.18.131.143:9779] Open part failed, status ["172.18.131.143":9778] RPC failure in AdminClient: N6apache6thrift9transport19TTransportExceptionE: AsyncSocketException: write timed out during connection, type = Timed out
E1013 10:52:51.525856 2344229 BalanceTask.cpp:38] [1665629751, 39:20, 172.16.54.68:9779->172.18.131.142:9779] Task failed, status 3
I1013 10:52:51.525892 2344229 BalanceTask.cpp:47] [1665629751, 12:9, 172.16.54.66:9779->172.18.131.143:9779] Start to move part, check the peers firstly!
E1013 10:52:51.525919 2344225 BalanceTask.cpp:38] [1665629751, 39:26, 172.16.54.68:9779->172.18.131.142:9779] Task failed, status 3
I1013 10:52:51.525938 2344225 BalanceTask.cpp:47] [1665629751, 24:1, 172.16.54.66:9779->172.18.131.143:9779] Start to move part, check the peers firstly!
E1013 10:52:51.525861 2344226 BalanceTask.cpp:38] [1665629751, 30:14, 172.16.54.66:9779->172.18.131.143:9779] Task failed, status 3
I1013 10:52:51.526070 2344226 BalancePlan.cpp:102] Skip the task for the same partId 14
E1013 10:52:51.526587 2344223 BalanceTask.cpp:38] [1665629751, 39:3, 172.16.54.66:9779->172.18.131.143:9779] Task failed, status 3
I1013 10:52:51.526615 2344223 BalanceTask.cpp:47] [1665629751, 39:12, 172.16.54.66:9779->172.18.131.143:9779] Start to move part, check the peers firstly!
I1013 10:52:51.526768 2344227 BalanceTask.cpp:64] [1665629751, 24:5, 172.16.54.66:9779->172.18.131.143:9779] Ask the src to give up the leadership.
E1013 10:52:51.527225 2344226 BalanceTask.cpp:38] [1665629751, 30:14, 172.16.54.67:9779->172.18.131.142:9779] Task failed, status 1
I1013 10:52:51.527252 2344226 BalancePlan.cpp:102] Skip the task for the same partId 14
I1013 10:52:51.527869 2344229 BalanceTask.cpp:64] [1665629751, 12:9, 172.16.54.66:9779->172.18.131.143:9779] Ask the src to give up the leadership.
I1013 10:52:51.528183 2344225 BalanceTask.cpp:64] [1665629751, 24:1, 172.16.54.66:9779->172.18.131.143:9779] Ask the src to give up the leadership.
I1013 10:52:51.528331 2344227 BalanceTask.cpp:92] [1665629751, 24:5, 172.16.54.66:9779->172.18.131.143:9779] Open the part as learner on dst.
I1013 10:52:51.528343 2344223 BalanceTask.cpp:64] [1665629751, 39:12, 172.16.54.66:9779->172.18.131.143:9779] Ask the src to give up the leadership.
E1013 10:52:51.528460 2344226 BalanceTask.cpp:38] [1665629751, 30:14, 172.16.54.68:9779->172.18.131.141:9779] Task failed, status 1
I1013 10:52:51.528483 2344226 BalanceTask.cpp:47] [1665629751, 24:8, 172.16.54.66:9779->172.18.131.143:9779] Start to move part, check the peers firstly!
E1013 10:52:51.528669 2344222 BalanceTask.cpp:96] [1665629751, 39:15, 172.16.54.66:9779->172.18.131.143:9779] Open part failed, status ["172.18.131.143":9778] RPC failure in AdminClient: N6apache6thrift9transport19TTransportExceptionE: AsyncSocketException: write timed out during connection, type = Timed out
I1013 10:52:51.528892 2344224 BalanceTask.cpp:64] [1665629751, 24:15, 172.16.54.66:9779->172.18.131.143:9779] Ask the src to give up the leadership.
E1013 10:52:51.528898 2344221 BalanceTask.cpp:96] [1665629751, 39:18, 172.16.54.66:9779->172.18.131.143:9779] Open part failed, status ["172.18.131.143":9778] RPC failure in AdminClient: N6apache6thrift9transport19TTransportExceptionE: AsyncSocketException: write timed out during connection, type = Timed out
E1013 10:52:51.529435 2344230 BalanceTask.cpp:96] [1665629751, 39:4, 172.16.54.67:9779->172.18.131.141:9779] Open part failed, status ["172.18.131.141":9778] RPC failure in AdminClient: N6apache6thrift9transport19TTransportExceptionE: AsyncSocketException: write timed out during connection, type = Timed out
I1013 10:52:51.529686 2344223 BalanceTask.cpp:92] [1665629751, 39:12, 172.16.54.66:9779->172.18.131.143:9779] Open the part as learner on dst.
I1013 10:52:51.529810 2344225 BalanceTask.cpp:92] [1665629751, 24:1, 172.16.54.66:9779->172.18.131.143:9779] Open the part as learner on dst.
I1013 10:52:51.529826 2344229 BalanceTask.cpp:92] [1665629751, 12:9, 172.16.54.66:9779->172.18.131.143:9779] Open the part as learner on dst.
E1013 10:52:51.530395 2344222 BalanceTask.cpp:38] [1665629751, 39:15, 172.16.54.66:9779->172.18.131.143:9779] Task failed, status 3
