I1013 10:52:55.932531 3357975 SlowOpTracker.h:31] [Port: 9560, Space: 0, Part: 0] total time:522ms, Total commit: 1
I1013 10:52:56.165967 3358255 HBProcessor.cpp:33] Receive heartbeat from "172.18.131.141":9779, role = STORAGE
I1013 10:52:56.283838 3357975 SlowOpTracker.h:31] [Port: 9560, Space: 0, Part: 0] total time:350ms, Total commit: 12
E1013 10:52:56.283916 2344226 BalanceTask.cpp:38] [1665629751, 30:3, 172.16.54.66:9779->172.18.131.143:9779] Task failed, status 3
E1013 10:52:56.283957 2344223 BalanceTask.cpp:38] [1665629751, 30:1, 172.16.54.66:9779->172.18.131.143:9779] Task failed, status 3
I1013 10:52:56.284090 2344223 BalancePlan.cpp:102] Skip the task for the same partId 1
E1013 10:52:56.283924 2344222 BalanceTask.cpp:38] [1665629751, 30:7, 172.16.54.66:9779->172.18.131.143:9779] Task failed, status 3
E1013 10:52:56.283950 2344224 BalanceTask.cpp:38] [1665629751, 39:7, 172.16.54.67:9779->172.18.131.141:9779] Task failed, status 3
E1013 10:52:56.283959 2344225 BalanceTask.cpp:38] [1665629751, 30:11, 172.16.54.66:9779->172.18.131.143:9779] Task failed, status 3
E1013 10:52:56.283972 2344230 BalanceTask.cpp:38] [1665629751, 30:13, 172.16.54.66:9779->172.18.131.143:9779] Task failed, status 3
I1013 10:52:56.284168 2344224 BalanceTask.cpp:47] [1665629751, 39:23, 172.16.54.68:9779->172.18.131.142:9779] Start to move part, check the peers firstly!
I1013 10:52:56.284209 2344230 BalancePlan.cpp:102] Skip the task for the same partId 13
I1013 10:52:56.283969 2344226 BalancePlan.cpp:102] Skip the task for the same partId 3
E1013 10:52:56.283944 2344227 BalanceTask.cpp:38] [1665629751, 30:12, 172.16.54.66:9779->172.18.131.143:9779] Task failed, status 3
I1013 10:52:56.284137 2344222 BalancePlan.cpp:102] Skip the task for the same partId 7
I1013 10:52:56.284184 2344225 BalancePlan.cpp:102] Skip the task for the same partId 11
E1013 10:52:56.283921 2344228 BalanceTask.cpp:38] [1665629751, 24:2, 172.16.54.66:9779->172.18.131.143:9779] Task failed, status 3
I1013 10:52:56.284307 2344228 BalancePlan.cpp:102] Skip the task for the same partId 2
E1013 10:52:56.283969 2344221 BalanceTask.cpp:38] [1665629751, 12:2, 172.16.54.66:9779->172.18.131.143:9779] Task failed, status 3
I1013 10:52:56.284345 2344221 BalancePlan.cpp:102] Skip the task for the same partId 2
I1013 10:52:56.284260 2344227 BalancePlan.cpp:102] Skip the task for the same partId 12
E1013 10:52:56.284463 2344229 BalanceTask.cpp:38] [1665629751, 39:28, 172.16.54.67:9779->172.18.131.141:9779] Task failed, status 3
I1013 10:52:56.284504 2344229 BalanceTask.cpp:47] [1665629751, 30:15, 172.16.54.66:9779->172.18.131.143:9779] Start to move part, check the peers firstly!
I1013 10:52:56.574946 3357975 SlowOpTracker.h:31] [Port: 9560, Space: 0, Part: 0] total time:288ms, Total commit: 1
I1013 10:52:56.804436 3357975 SlowOpTracker.h:31] [Port: 9560, Space: 0, Part: 0] total time:228ms, Total commit: 10
E1013 10:52:56.804505 2344223 BalanceTask.cpp:38] [1665629751, 30:1, 172.16.54.67:9779->172.18.131.142:9779] Task failed, status 1
I1013 10:52:56.804554 2344223 BalancePlan.cpp:102] Skip the task for the same partId 1
E1013 10:52:56.805023 2344230 BalanceTask.cpp:38] [1665629751, 30:13, 172.16.54.67:9779->172.18.131.142:9779] Task failed, status 1
I1013 10:52:56.805061 2344230 BalancePlan.cpp:102] Skip the task for the same partId 13
E1013 10:52:56.805073 2344225 BalanceTask.cpp:38] [1665629751, 30:11, 172.16.54.67:9779->172.18.131.142:9779] Task failed, status 1
E1013 10:52:56.805027 2344226 BalanceTask.cpp:38] [1665629751, 30:3, 172.16.54.67:9779->172.18.131.142:9779] Task failed, status 1
E1013 10:52:56.805097 2344222 BalanceTask.cpp:38] [1665629751, 30:7, 172.16.54.67:9779->172.18.131.142:9779] Task failed, status 1
I1013 10:52:56.805128 2344226 BalancePlan.cpp:102] Skip the task for the same partId 3
E1013 10:52:56.805156 2344227 BalanceTask.cpp:38] [1665629751, 30:12, 172.16.54.67:9779->172.18.131.142:9779] Task failed, status 1
I1013 10:52:56.805114 2344225 BalancePlan.cpp:102] Skip the task for the same partId 11
E1013 10:52:56.805142 2344221 BalanceTask.cpp:38] [1665629751, 12:2, 172.16.54.67:9779->172.18.131.142:9779] Task failed, status 1
I1013 10:52:56.805205 2344221 BalancePlan.cpp:102] Skip the task for the same partId 2
I1013 10:52:56.805176 2344227 BalancePlan.cpp:102] Skip the task for the same partId 12
I1013 10:52:56.805272 2344224 BalanceTask.cpp:64] [1665629751, 39:23, 172.16.54.68:9779->172.18.131.142:9779] Ask the src to give up the leadership.
I1013 10:52:56.805143 2344222 BalancePlan.cpp:102] Skip the task for the same partId 7
E1013 10:52:56.805127 2344228 BalanceTask.cpp:38] [1665629751, 24:2, 172.16.54.67:9779->172.18.131.142:9779] Task failed, status 1
I1013 10:52:56.805696 2344228 BalancePlan.cpp:102] Skip the task for the same partId 2
I1013 10:52:56.805974 2344229 BalanceTask.cpp:64] [1665629751, 30:15, 172.16.54.66:9779->172.18.131.143:9779] Ask the src to give up the leadership.
I1013 10:52:57.214710 3357975 SlowOpTracker.h:31] [Port: 9560, Space: 0, Part: 0] total time:409ms, Total commit: 2
E1013 10:52:57.214779 2344223 BalanceTask.cpp:38] [1665629751, 30:1, 172.16.54.68:9779->172.18.131.141:9779] Task failed, status 1
I1013 10:52:57.214810 2344223 BalanceTask.cpp:47] [1665629751, 24:10, 172.16.54.66:9779->172.18.131.143:9779] Start to move part, check the peers firstly!
E1013 10:52:57.214890 2344230 BalanceTask.cpp:38] [1665629751, 30:13, 172.16.54.68:9779->172.18.131.141:9779] Task failed, status 1
I1013 10:52:57.214910 2344230 BalanceTask.cpp:47] [1665629751, 12:14, 172.16.54.66:9779->172.18.131.143:9779] Start to move part, check the peers firstly!
I1013 10:52:57.248720 3358255 HBProcessor.cpp:33] Receive heartbeat from "172.16.54.68":9669, role = GRAPH
I1013 10:52:57.393358 3357975 SlowOpTracker.h:31] [Port: 9560, Space: 0, Part: 0] total time:177ms, Total commit: 10
E1013 10:52:57.393429 2344226 BalanceTask.cpp:38] [1665629751, 30:3, 172.16.54.68:9779->172.18.131.141:9779] Task failed, status 1
E1013 10:52:57.393463 2344227 BalanceTask.cpp:38] [1665629751, 30:12, 172.16.54.68:9779->172.18.131.141:9779] Task failed, status 1
E1013 10:52:57.393440 2344221 BalanceTask.cpp:38] [1665629751, 12:2, 172.16.54.68:9779->172.18.131.141:9779] Task failed, status 1
I1013 10:52:57.393474 2344226 BalanceTask.cpp:47] [1665629751, 39:1, 172.16.54.67:9779->172.18.131.141:9779] Start to move part, check the peers firstly!
E1013 10:52:57.393519 2344222 BalanceTask.cpp:38] [1665629751, 30:7, 172.16.54.68:9779->172.18.131.141:9779] Task failed, status 1
I1013 10:52:57.393507 2344221 BalanceTask.cpp:47] [1665629751, 30:4, 172.16.54.66:9779->172.18.131.143:9779] Start to move part, check the peers firstly!
I1013 10:52:57.393488 2344227 BalanceTask.cpp:47] [1665629751, 39:14, 172.16.54.68:9779->172.18.131.142:9779] Start to move part, check the peers firstly!
E1013 10:52:57.393571 2344228 BalanceTask.cpp:38] [1665629751, 24:2, 172.16.54.68:9779->172.18.131.141:9779] Task failed, status 1
I1013 10:52:57.393558 2344222 BalanceTask.cpp:47] [1665629751, 39:19, 172.16.54.67:9779->172.18.131.141:9779] Start to move part, check the peers firstly!
I1013 10:52:57.393604 2344228 BalanceTask.cpp:47] [1665629751, 24:9, 172.16.54.66:9779->172.18.131.143:9779] Start to move part, check the peers firstly!
I1013 10:52:57.393733 2344224 BalanceTask.cpp:92] [1665629751, 39:23, 172.16.54.68:9779->172.18.131.142:9779] Open the part as learner on dst.
E1013 10:52:57.393440 2344225 BalanceTask.cpp:38] [1665629751, 30:11, 172.16.54.68:9779->172.18.131.141:9779] Task failed, status 1
I1013 10:52:57.394430 2344225 BalanceTask.cpp:47] [1665629751, 30:8, 172.16.54.66:9779->172.18.131.143:9779] Start to move part, check the peers firstly!
I1013 10:52:57.394584 2344230 BalanceTask.cpp:64] [1665629751, 12:14, 172.16.54.66:9779->172.18.131.143:9779] Ask the src to give up the leadership.
I1013 10:52:57.394879 2344223 BalanceTask.cpp:64] [1665629751, 24:10, 172.16.54.66:9779->172.18.131.143:9779] Ask the src to give up the leadership.
I1013 10:52:57.394934 2344229 BalanceTask.cpp:92] [1665629751, 30:15, 172.16.54.66:9779->172.18.131.143:9779] Open the part as learner on dst.
I1013 10:52:57.572326 3357975 SlowOpTracker.h:31] [Port: 9560, Space: 0, Part: 0] total time:177ms, Total commit: 7
I1013 10:52:57.573046 2344226 BalanceTask.cpp:64] [1665629751, 39:1, 172.16.54.67:9779->172.18.131.141:9779] Ask the src to give up the leadership.
I1013 10:52:57.573081 2344227 BalanceTask.cpp:64] [1665629751, 39:14, 172.16.54.68:9779->172.18.131.142:9779] Ask the src to give up the leadership.
I1013 10:52:57.573436 2344221 BalanceTask.cpp:64] [1665629751, 30:4, 172.16.54.66:9779->172.18.131.143:9779] Ask the src to give up the leadership.
I1013 10:52:57.573575 2344222 BalanceTask.cpp:64] [1665629751, 39:19, 172.16.54.67:9779->172.18.131.141:9779] Ask the src to give up the leadership.
I1013 10:52:57.573763 2344228 BalanceTask.cpp:64] [1665629751, 24:9, 172.16.54.66:9779->172.18.131.143:9779] Ask the src to give up the leadership.
E1013 10:52:57.575878 2344224 BalanceTask.cpp:96] [1665629751, 39:23, 172.16.54.68:9779->172.18.131.142:9779] Open part failed, status ["172.18.131.142":9778] RPC failure in AdminClient: N6apache6thrift9transport19TTransportExceptionE: AsyncSocketException: connect failed, type = Socket not open, errno = 113 (No route to host): No route to host
I1013 10:52:57.700801 3358255 HBProcessor.cpp:33] Receive heartbeat from "172.16.54.66":9779, role = STORAGE
I1013 10:52:57.762017 3357975 SlowOpTracker.h:31] [Port: 9560, Space: 0, Part: 0] total time:188ms, Total commit: 9
I1013 10:52:57.763183 2344225 BalanceTask.cpp:64] [1665629751, 30:8, 172.16.54.66:9779->172.18.131.143:9779] Ask the src to give up the leadership.
I1013 10:52:57.763335 2344230 BalanceTask.cpp:92] [1665629751, 12:14, 172.16.54.66:9779->172.18.131.143:9779] Open the part as learner on dst.
I1013 10:52:57.763567 2344223 BalanceTask.cpp:92] [1665629751, 24:10, 172.16.54.66:9779->172.18.131.143:9779] Open the part as learner on dst.
I1013 10:52:57.763691 2344226 BalanceTask.cpp:92] [1665629751, 39:1, 172.16.54.67:9779->172.18.131.141:9779] Open the part as learner on dst.
I1013 10:52:57.763728 2344222 BalanceTask.cpp:92] [1665629751, 39:19, 172.16.54.67:9779->172.18.131.141:9779] Open the part as learner on dst.
I1013 10:52:57.763758 2344227 BalanceTask.cpp:92] [1665629751, 39:14, 172.16.54.68:9779->172.18.131.142:9779] Open the part as learner on dst.
E1013 10:52:57.763851 2344229 BalanceTask.cpp:96] [1665629751, 30:15, 172.16.54.66:9779->172.18.131.143:9779] Open part failed, status ["172.18.131.143":9778] RPC failure in AdminClient: N6apache6thrift9transport19TTransportExceptionE: AsyncSocketException: connect failed, type = Socket not open, errno = 113 (No route to host): No route to host
I1013 10:52:57.764118 2344221 BalanceTask.cpp:92] [1665629751, 30:4, 172.16.54.66:9779->172.18.131.143:9779] Open the part as learner on dst.
I1013 10:52:57.764246 2344228 BalanceTask.cpp:92] [1665629751, 24:9, 172.16.54.66:9779->172.18.131.143:9779] Open the part as learner on dst.
I1013 10:52:57.872481 3357975 SlowOpTracker.h:31] [Port: 9560, Space: 0, Part: 0] total time:108ms, Total commit: 8
E1013 10:52:57.872551 2344224 BalanceTask.cpp:38] [1665629751, 39:23, 172.16.54.68:9779->172.18.131.142:9779] Task failed, status 3
I1013 10:52:57.872583 2344224 BalanceTask.cpp:47] [1665629751, 24:6, 172.16.54.66:9779->172.18.131.143:9779] Start to move part, check the peers firstly!
E1013 10:52:57.873049 2344227 BalanceTask.cpp:96] [1665629751, 39:14, 172.16.54.68:9779->172.18.131.142:9779] Open part failed, status ["172.18.131.142":9778] RPC failure in AdminClient: N6apache6thrift9transport19TTransportExceptionE: AsyncSocketException: connect failed, type = Socket not open, errno = 113 (No route to host): No route to host
E1013 10:52:57.873049 2344222 BalanceTask.cpp:96] [1665629751, 39:19, 172.16.54.67:9779->172.18.131.141:9779] Open part failed, status ["172.18.131.141":9778] RPC failure in AdminClient: N6apache6thrift9transport19TTransportExceptionE: AsyncSocketException: connect failed, type = Socket not open, errno = 113 (No route to host): No route to host
E1013 10:52:57.873049 2344226 BalanceTask.cpp:96] [1665629751, 39:1, 172.16.54.67:9779->172.18.131.141:9779] Open part failed, status ["172.18.131.141":9778] RPC failure in AdminClient: N6apache6thrift9transport19TTransportExceptionE: AsyncSocketException: connect failed, type = Socket not open, errno = 113 (No route to host): No route to host
E1013 10:52:57.873091 2344230 BalanceTask.cpp:96] [1665629751, 12:14, 172.16.54.66:9779->172.18.131.143:9779] Open part failed, status ["172.18.131.143":9778] RPC failure in AdminClient: N6apache6thrift9transport19TTransportExceptionE: AsyncSocketException: connect failed, type = Socket not open, errno = 113 (No route to host): No route to host
I1013 10:52:57.873420 2344225 BalanceTask.cpp:92] [1665629751, 30:8, 172.16.54.66:9779->172.18.131.143:9779] Open the part as learner on dst.
E1013 10:52:57.873961 2344229 BalanceTask.cpp:38] [1665629751, 30:15, 172.16.54.66:9779->172.18.131.143:9779] Task failed, status 3
I1013 10:52:57.873991 2344229 BalancePlan.cpp:102] Skip the task for the same partId 15
I1013 10:52:57.874941 2344224 BalanceTask.cpp:64] [1665629751, 24:6, 172.16.54.66:9779->172.18.131.143:9779] Ask the src to give up the leadership.
E1013 10:52:57.875846 2344227 BalanceTask.cpp:38] [1665629751, 39:14, 172.16.54.68:9779->172.18.131.142:9779] Task failed, status 3
I1013 10:52:57.875880 2344227 BalanceTask.cpp:47] [1665629751, 39:30, 172.16.54.66:9779->172.18.131.143:9779] Start to move part, check the peers firstly!
E1013 10:52:57.875922 2344222 BalanceTask.cpp:38] [1665629751, 39:19, 172.16.54.67:9779->172.18.131.141:9779] Task failed, status 3
E1013 10:52:57.875926 2344226 BalanceTask.cpp:38] [1665629751, 39:1, 172.16.54.67:9779->172.18.131.141:9779] Task failed, status 3
E1013 10:52:57.875931 2344230 BalanceTask.cpp:38] [1665629751, 12:14, 172.16.54.66:9779->172.18.131.143:9779] Task failed, status 3
I1013 10:52:57.876122 2344230 BalancePlan.cpp:102] Skip the task for the same partId 14
I1013 10:52:57.875959 2344222 BalanceTask.cpp:47] [1665629751, 39:17, 172.16.54.68:9779->172.18.131.142:9779] Start to move part, check the peers firstly!
E1013 10:52:57.875933 2344229 BalanceTask.cpp:38] [1665629751, 30:15, 172.16.54.67:9779->172.18.131.142:9779] Task failed, status 1
I1013 10:52:57.876179 2344229 BalancePlan.cpp:102] Skip the task for the same partId 15
I1013 10:52:57.876425 2344224 BalanceTask.cpp:92] [1665629751, 24:6, 172.16.54.66:9779->172.18.131.143:9779] Open the part as learner on dst.
E1013 10:52:57.880578 2344230 BalanceTask.cpp:38] [1665629751, 12:14, 172.16.54.67:9779->172.18.131.142:9779] Task failed, status 1
I1013 10:52:57.880627 2344230 BalancePlan.cpp:102] Skip the task for the same partId 14
E1013 10:52:57.880967 2344229 BalanceTask.cpp:38] [1665629751, 30:15, 172.16.54.68:9779->172.18.131.141:9779] Task failed, status 1
I1013 10:52:57.880996 2344229 BalanceTask.cpp:47] [1665629751, 39:13, 172.16.54.67:9779->172.18.131.141:9779] Start to move part, check the peers firstly!
I1013 10:52:57.881085 2344227 BalanceTask.cpp:64] [1665629751, 39:30, 172.16.54.66:9779->172.18.131.143:9779] Ask the src to give up the leadership.
E1013 10:52:57.882277 2344230 BalanceTask.cpp:38] [1665629751, 12:14, 172.16.54.68:9779->172.18.131.141:9779] Task failed, status 1
I1013 10:52:57.882408 2344227 BalanceTask.cpp:92] [1665629751, 39:30, 172.16.54.66:9779->172.18.131.143:9779] Open the part as learner on dst.
I1013 10:52:57.882761 2344229 BalanceTask.cpp:64] [1665629751, 39:13, 172.16.54.67:9779->172.18.131.141:9779] Ask the src to give up the leadership.
I1013 10:52:57.883627 2344222 BalanceTask.cpp:64] [1665629751, 39:17, 172.16.54.68:9779->172.18.131.142:9779] Ask the src to give up the leadership.
I1013 10:52:57.884167 2344229 BalanceTask.cpp:92] [1665629751, 39:13, 172.16.54.67:9779->172.18.131.141:9779] Open the part as learner on dst.
I1013 10:52:57.887568 2344222 BalanceTask.cpp:92] [1665629751, 39:17, 172.16.54.68:9779->172.18.131.142:9779] Open the part as learner on dst.
E1013 10:52:57.888790 2344222 BalanceTask.cpp:96] [1665629751, 39:17, 172.16.54.68:9779->172.18.131.142:9779] Open part failed, status ["172.18.131.142":9778] RPC failure in AdminClient: N6apache6thrift9transport19TTransportExceptionE: AsyncSocketException: connect failed, type = Socket not open, errno = 113 (No route to host): No route to host
E1013 10:52:57.889629 2344222 BalanceTask.cpp:38] [1665629751, 39:17, 172.16.54.68:9779->172.18.131.142:9779] Task failed, status 3
I1013 10:52:57.889669 2344222 BalanceTask.cpp:47] [1665629751, 39:36, 172.16.54.66:9779->172.18.131.143:9779] Start to move part, check the peers firstly!
I1013 10:52:57.890991 2344222 BalanceTask.cpp:64] [1665629751, 39:36, 172.16.54.66:9779->172.18.131.143:9779] Ask the src to give up the leadership.
I1013 10:52:57.891774 2344222 BalanceTask.cpp:92] [1665629751, 39:36, 172.16.54.66:9779->172.18.131.143:9779] Open the part as learner on dst.
I1013 10:52:57.983557 3358255 HBProcessor.cpp:33] Receive heartbeat from "172.18.131.141":9669, role = GRAPH
I1013 10:52:58.811432 3358255 HBProcessor.cpp:33] Receive heartbeat from "172.16.54.67":9669, role = GRAPH
E1013 10:52:58.873510 2344223 BalanceTask.cpp:96] [1665629751, 24:10, 172.16.54.66:9779->172.18.131.143:9779] Open part failed, status ["172.18.131.143":9778] RPC failure in AdminClient: N6apache6thrift9transport19TTransportExceptionE: AsyncSocketException: write timed out during connection, type = Timed out
E1013 10:52:58.874435 2344221 BalanceTask.cpp:96] [1665629751, 30:4, 172.16.54.66:9779->172.18.131.143:9779] Open part failed, status ["172.18.131.143":9778] RPC failure in AdminClient: N6apache6thrift9transport19TTransportExceptionE: AsyncSocketException: write timed out during connection, type = Timed out
E1013 10:52:58.874841 2344223 BalanceTask.cpp:38] [1665629751, 24:10, 172.16.54.66:9779->172.18.131.143:9779] Task failed, status 3
I1013 10:52:58.874871 2344223 BalancePlan.cpp:102] Skip the task for the same partId 10
E1013 10:52:58.875231 2344228 BalanceTask.cpp:96] [1665629751, 24:9, 172.16.54.66:9779->172.18.131.143:9779] Open part failed, status ["172.18.131.143":9778] RPC failure in AdminClient: N6apache6thrift9transport19TTransportExceptionE: AsyncSocketException: write timed out during connection, type = Timed out
E1013 10:52:58.875612 2344221 BalanceTask.cpp:38] [1665629751, 30:4, 172.16.54.66:9779->172.18.131.143:9779] Task failed, status 3
I1013 10:52:58.875643 2344221 BalancePlan.cpp:102] Skip the task for the same partId 4
E1013 10:52:58.875677 2344223 BalanceTask.cpp:38] [1665629751, 24:10, 172.16.54.67:9779->172.18.131.142:9779] Task failed, status 1
I1013 10:52:58.875699 2344223 BalancePlan.cpp:102] Skip the task for the same partId 10
E1013 10:52:58.877146 2344225 BalanceTask.cpp:96] [1665629751, 30:8, 172.16.54.66:9779->172.18.131.143:9779] Open part failed, status ["172.18.131.143":9778] RPC failure in AdminClient: N6apache6thrift9transport19TTransportExceptionE: AsyncSocketException: write timed out during connection, type = Timed out
E1013 10:52:58.877513 2344228 BalanceTask.cpp:38] [1665629751, 24:9, 172.16.54.66:9779->172.18.131.143:9779] Task failed, status 3
I1013 10:52:58.877545 2344228 BalancePlan.cpp:102] Skip the task for the same partId 9
E1013 10:52:58.877579 2344221 BalanceTask.cpp:38] [1665629751, 30:4, 172.16.54.67:9779->172.18.131.142:9779] Task failed, status 1
I1013 10:52:58.877599 2344221 BalancePlan.cpp:102] Skip the task for the same partId 4
E1013 10:52:58.877629 2344223 BalanceTask.cpp:38] [1665629751, 24:10, 172.16.54.68:9779->172.18.131.141:9779] Task failed, status 1
E1013 10:52:58.878536 2344225 BalanceTask.cpp:38] [1665629751, 30:8, 172.16.54.66:9779->172.18.131.143:9779] Task failed, status 3
I1013 10:52:58.878577 2344225 BalancePlan.cpp:102] Skip the task for the same partId 8
E1013 10:52:58.878612 2344228 BalanceTask.cpp:38] [1665629751, 24:9, 172.16.54.67:9779->172.18.131.142:9779] Task failed, status 1
I1013 10:52:58.878638 2344228 BalancePlan.cpp:102] Skip the task for the same partId 9
E1013 10:52:58.878667 2344221 BalanceTask.cpp:38] [1665629751, 30:4, 172.16.54.68:9779->172.18.131.141:9779] Task failed, status 1
E1013 10:52:58.879317 2344225 BalanceTask.cpp:38] [1665629751, 30:8, 172.16.54.67:9779->172.18.131.142:9779] Task failed, status 1
I1013 10:52:58.879345 2344225 BalancePlan.cpp:102] Skip the task for the same partId 8
E1013 10:52:58.879388 2344228 BalanceTask.cpp:38] [1665629751, 24:9, 172.16.54.68:9779->172.18.131.141:9779] Task failed, status 1
I1013 10:52:58.879410 2344228 BalanceTask.cpp:47] [1665629751, 30:2, 172.16.54.66:9779->172.18.131.143:9779] Start to move part, check the peers firstly!
E1013 10:52:58.880084 2344225 BalanceTask.cpp:38] [1665629751, 30:8, 172.16.54.68:9779->172.18.131.141:9779] Task failed, status 1
I1013 10:52:58.881146 2344228 BalanceTask.cpp:64] [1665629751, 30:2, 172.16.54.66:9779->172.18.131.143:9779] Ask the src to give up the leadership.
I1013 10:52:58.882336 2344228 BalanceTask.cpp:92] [1665629751, 30:2, 172.16.54.66:9779->172.18.131.143:9779] Open the part as learner on dst.
E1013 10:52:58.882735 2344224 BalanceTask.cpp:96] [1665629751, 24:6, 172.16.54.66:9779->172.18.131.143:9779] Open part failed, status ["172.18.131.143":9778] RPC failure in AdminClient: N6apache6thrift9transport19TTransportExceptionE: AsyncSocketException: write timed out during connection, type = Timed out
E1013 10:52:58.883937 2344224 BalanceTask.cpp:38] [1665629751, 24:6, 172.16.54.66:9779->172.18.131.143:9779] Task failed, status 3
I1013 10:52:58.883970 2344224 BalancePlan.cpp:102] Skip the task for the same partId 6
E1013 10:52:58.884725 2344224 BalanceTask.cpp:38] [1665629751, 24:6, 172.16.54.67:9779->172.18.131.142:9779] Task failed, status 1
I1013 10:52:58.884753 2344224 BalancePlan.cpp:102] Skip the task for the same partId 6
E1013 10:52:58.885449 2344227 BalanceTask.cpp:96] [1665629751, 39:30, 172.16.54.66:9779->172.18.131.143:9779] Open part failed, status ["172.18.131.143":9778] RPC failure in AdminClient: N6apache6thrift9transport19TTransportExceptionE: AsyncSocketException: write timed out during connection, type = Timed out
E1013 10:52:58.885449 2344229 BalanceTask.cpp:96] [1665629751, 39:13, 172.16.54.67:9779->172.18.131.141:9779] Open part failed, status ["172.18.131.141":9778] RPC failure in AdminClient: N6apache6thrift9transport19TTransportExceptionE: AsyncSocketException: write timed out during connection, type = Timed out
E1013 10:52:58.885497 2344224 BalanceTask.cpp:38] [1665629751, 24:6, 172.16.54.68:9779->172.18.131.141:9779] Task failed, status 1
I1013 10:52:58.885540 2344224 BalanceTask.cpp:47] [1665629751, 30:5, 172.16.54.66:9779->172.18.131.143:9779] Start to move part, check the peers firstly!
E1013 10:52:58.886123 2344227 BalanceTask.cpp:38] [1665629751, 39:30, 172.16.54.66:9779->172.18.131.143:9779] Task failed, status 3
I1013 10:52:58.886143 2344227 BalanceTask.cpp:47] [1665629751, 39:10, 172.16.54.67:9779->172.18.131.141:9779] Start to move part, check the peers firstly!
E1013 10:52:58.886744 2344229 BalanceTask.cpp:38] [1665629751, 39:13, 172.16.54.67:9779->172.18.131.141:9779] Task failed, status 3
I1013 10:52:58.887557 2344224 BalanceTask.cpp:64] [1665629751, 30:5, 172.16.54.66:9779->172.18.131.143:9779] Ask the src to give up the leadership.
I1013 10:52:58.887718 2344227 BalanceTask.cpp:64] [1665629751, 39:10, 172.16.54.67:9779->172.18.131.141:9779] Ask the src to give up the leadership.
I1013 10:52:58.888896 2344224 BalanceTask.cpp:92] [1665629751, 30:5, 172.16.54.66:9779->172.18.131.143:9779] Open the part as learner on dst.
I1013 10:52:58.890496 2344227 BalanceTask.cpp:92] [1665629751, 39:10, 172.16.54.67:9779->172.18.131.141:9779] Open the part as learner on dst.
E1013 10:52:58.893469 2344222 BalanceTask.cpp:96] [1665629751, 39:36, 172.16.54.66:9779->172.18.131.143:9779] Open part failed, status ["172.18.131.143":9778] RPC failure in AdminClient: N6apache6thrift9transport19TTransportExceptionE: AsyncSocketException: write timed out during connection, type = Timed out
E1013 10:52:58.895782 2344222 BalanceTask.cpp:38] [1665629751, 39:36, 172.16.54.66:9779->172.18.131.143:9779] Task failed, status 3
I1013 10:52:58.895821 2344222 BalanceTask.cpp:47] [1665629751, 30:9, 172.16.54.66:9779->172.18.131.143:9779] Start to move part, check the peers firstly!
I1013 10:52:58.897493 2344222 BalanceTask.cpp:64] [1665629751, 30:9, 172.16.54.66:9779->172.18.131.143:9779] Ask the src to give up the leadership.
I1013 10:52:58.898705 2344222 BalanceTask.cpp:92] [1665629751, 30:9, 172.16.54.66:9779->172.18.131.143:9779] Open the part as learner on dst.
E1013 10:52:59.884379 2344228 BalanceTask.cpp:96] [1665629751, 30:2, 172.16.54.66:9779->172.18.131.143:9779] Open part failed, status ["172.18.131.143":9778] RPC failure in AdminClient: N6apache6thrift9transport19TTransportExceptionE: AsyncSocketException: write timed out during connection, type = Timed out
E1013 10:52:59.890476 2344224 BalanceTask.cpp:96] [1665629751, 30:5, 172.16.54.66:9779->172.18.131.143:9779] Open part failed, status ["172.18.131.143":9778] RPC failure in AdminClient: N6apache6thrift9transport19TTransportExceptionE: AsyncSocketException: write timed out during connection, type = Timed out
E1013 10:52:59.890839 2344228 BalanceTask.cpp:38] [1665629751, 30:2, 172.16.54.66:9779->172.18.131.143:9779] Task failed, status 3
I1013 10:52:59.890870 2344228 BalancePlan.cpp:102] Skip the task for the same partId 2
E1013 10:52:59.891710 2344224 BalanceTask.cpp:38] [1665629751, 30:5, 172.16.54.66:9779->172.18.131.143:9779] Task failed, status 3
I1013 10:52:59.891747 2344224 BalancePlan.cpp:102] Skip the task for the same partId 5
E1013 10:52:59.891711 2344228 BalanceTask.cpp:38] [1665629751, 30:2, 172.16.54.67:9779->172.18.131.142:9779] Task failed, status 1
I1013 10:52:59.891964 2344228 BalancePlan.cpp:102] Skip the task for the same partId 2
E1013 10:52:59.892568 2344224 BalanceTask.cpp:38] [1665629751, 30:5, 172.16.54.67:9779->172.18.131.142:9779] Task failed, status 1
I1013 10:52:59.892599 2344224 BalancePlan.cpp:102] Skip the task for the same partId 5
E1013 10:52:59.893334 2344224 BalanceTask.cpp:38] [1665629751, 30:5, 172.16.54.68:9779->172.18.131.141:9779] Task failed, status 1
E1013 10:52:59.893481 2344227 BalanceTask.cpp:96] [1665629751, 39:10, 172.16.54.67:9779->172.18.131.141:9779] Open part failed, status ["172.18.131.141":9778] RPC failure in AdminClient: N6apache6thrift9transport19TTransportExceptionE: AsyncSocketException: write timed out during connection, type = Timed out
E1013 10:52:59.894243 2344227 BalanceTask.cpp:38] [1665629751, 39:10, 172.16.54.67:9779->172.18.131.141:9779] Task failed, status 3
E1013 10:52:59.898378 2344228 BalanceTask.cpp:38] [1665629751, 30:2, 172.16.54.68:9779->172.18.131.141:9779] Task failed, status 1
E1013 10:52:59.900460 2344222 BalanceTask.cpp:96] [1665629751, 30:9, 172.16.54.66:9779->172.18.131.143:9779] Open part failed, status ["172.18.131.143":9778] RPC failure in AdminClient: N6apache6thrift9transport19TTransportExceptionE: AsyncSocketException: write timed out during connection, type = Timed out
E1013 10:52:59.901319 2344222 BalanceTask.cpp:38] [1665629751, 30:9, 172.16.54.66:9779->172.18.131.143:9779] Task failed, status 3
I1013 10:52:59.901350 2344222 BalancePlan.cpp:102] Skip the task for the same partId 9
E1013 10:52:59.902091 2344222 BalanceTask.cpp:38] [1665629751, 30:9, 172.16.54.67:9779->172.18.131.142:9779] Task failed, status 1
I1013 10:52:59.902132 2344222 BalancePlan.cpp:102] Skip the task for the same partId 9
E1013 10:52:59.902999 2344222 BalanceTask.cpp:38] [1665629751, 30:9, 172.16.54.68:9779->172.18.131.141:9779] Task failed, status 1
I1013 10:52:59.903029 2344222 BalancePlan.cpp:90] Balance 1665629751 failed!
I1013 10:53:00.361210 3358255 HBProcessor.cpp:33] Receive heartbeat from "172.18.131.142":9779, role = STORAGE
I1013 10:53:00.434979 3358255 GetPartsAllocProcessor.cpp:84] term of part 1 is 107
I1013 10:53:00.435029 3358255 GetPartsAllocProcessor.cpp:84] term of part 2 is 118
I1013 10:53:00.435040 3358255 GetPartsAllocProcessor.cpp:84] term of part 3 is 7
I1013 10:53:00.435050 3358255 GetPartsAllocProcessor.cpp:84] term of part 4 is 8
I1013 10:53:00.435060 3358255 GetPartsAllocProcessor.cpp:84] term of part 5 is 113
I1013 10:53:00.435070 3358255 GetPartsAllocProcessor.cpp:84] term of part 6 is 8
I1013 10:53:00.435078 3358255 GetPartsAllocProcessor.cpp:84] term of part 7 is 105
I1013 10:53:00.435088 3358255 GetPartsAllocProcessor.cpp:84] term of part 8 is 121
I1013 10:53:00.435097 3358255 GetPartsAllocProcessor.cpp:84] term of part 9 is 9
I1013 10:53:00.435107 3358255 GetPartsAllocProcessor.cpp:84] term of part 10 is 110
I1013 10:53:00.435117 3358255 GetPartsAllocProcessor.cpp:84] term of part 11 is 12
I1013 10:53:00.435125 3358255 GetPartsAllocProcessor.cpp:84] term of part 12 is 120
I1013 10:53:00.435135 3358255 GetPartsAllocProcessor.cpp:84] term of part 13 is 3
I1013 10:53:00.435145 3358255 GetPartsAllocProcessor.cpp:84] term of part 14 is 11
I1013 10:53:00.435154 3358255 GetPartsAllocProcessor.cpp:84] term of part 15 is 4
I1013 10:53:00.435163 3358255 GetPartsAllocProcessor.cpp:84] term of part 16 is 108
I1013 10:53:00.435173 3358255 GetPartsAllocProcessor.cpp:84] term of part 17 is 3
I1013 10:53:00.435182 3358255 GetPartsAllocProcessor.cpp:84] term of part 18 is 4
I1013 10:53:00.435191 3358255 GetPartsAllocProcessor.cpp:84] term of part 19 is 114
I1013 10:53:00.435200 3358255 GetPartsAllocProcessor.cpp:84] term of part 20 is 115
I1013 10:53:00.435210 3358255 GetPartsAllocProcessor.cpp:84] term of part 21 is 13
I1013 10:53:00.435220 3358255 GetPartsAllocProcessor.cpp:84] term of part 22 is 109
I1013 10:53:00.435228 3358255 GetPartsAllocProcessor.cpp:84] term of part 23 is 6
I1013 10:53:00.435237 3358255 GetPartsAllocProcessor.cpp:84] term of part 24 is 12
I1013 10:53:00.435247 3358255 GetPartsAllocProcessor.cpp:84] term of part 25 is 12
I1013 10:53:00.435257 3358255 GetPartsAllocProcessor.cpp:84] term of part 26 is 7
I1013 10:53:00.435266 3358255 GetPartsAllocProcessor.cpp:84] term of part 27 is 12
I1013 10:53:00.435276 3358255 GetPartsAllocProcessor.cpp:84] term of part 28 is 11
I1013 10:53:00.435284 3358255 GetPartsAllocProcessor.cpp:84] term of part 29 is 10
I1013 10:53:00.435293 3358255 GetPartsAllocProcessor.cpp:84] term of part 30 is 10
I1013 10:53:00.438804 3358255 GetPartsAllocProcessor.cpp:84] term of part 1 is 3
I1013 10:53:00.438838 3358255 GetPartsAllocProcessor.cpp:84] term of part 2 is 8
I1013 10:53:00.438845 3358255 GetPartsAllocProcessor.cpp:84] term of part 3 is 4
I1013 10:53:00.438865 3358255 GetPartsAllocProcessor.cpp:84] term of part 4 is 9
I1013 10:53:00.438874 3358255 GetPartsAllocProcessor.cpp:84] term of part 5 is 4
I1013 10:53:00.438880 3358255 GetPartsAllocProcessor.cpp:84] term of part 6 is 4
I1013 10:53:00.438887 3358255 GetPartsAllocProcessor.cpp:84] term of part 7 is 8
I1013 10:53:00.438895 3358255 GetPartsAllocProcessor.cpp:84] term of part 8 is 4
I1013 10:53:00.438902 3358255 GetPartsAllocProcessor.cpp:84] term of part 9 is 4
I1013 10:53:00.438910 3358255 GetPartsAllocProcessor.cpp:84] term of part 10 is 4
I1013 10:53:00.438917 3358255 GetPartsAllocProcessor.cpp:84] term of part 11 is 7
I1013 10:53:00.438925 3358255 GetPartsAllocProcessor.cpp:84] term of part 12 is 13
I1013 10:53:00.438932 3358255 GetPartsAllocProcessor.cpp:84] term of part 13 is 13
I1013 10:53:00.438939 3358255 GetPartsAllocProcessor.cpp:84] term of part 14 is 8
I1013 10:53:00.438947 3358255 GetPartsAllocProcessor.cpp:84] term of part 15 is 7
I1013 10:53:00.438954 3358255 GetPartsAllocProcessor.cpp:84] term of part 16 is 3
I1013 10:53:00.438961 3358255 GetPartsAllocProcessor.cpp:84] term of part 17 is 9
I1013 10:53:00.438969 3358255 GetPartsAllocProcessor.cpp:84] term of part 18 is 13
I1013 10:53:00.438977 3358255 GetPartsAllocProcessor.cpp:84] term of part 19 is 7
I1013 10:53:00.438983 3358255 GetPartsAllocProcessor.cpp:84] term of part 20 is 12
I1013 10:53:00.438989 3358255 GetPartsAllocProcessor.cpp:84] term of part 21 is 12
I1013 10:53:00.438997 3358255 GetPartsAllocProcessor.cpp:84] term of part 22 is 7
I1013 10:53:00.439003 3358255 GetPartsAllocProcessor.cpp:84] term of part 23 is 7
I1013 10:53:00.439010 3358255 GetPartsAllocProcessor.cpp:84] term of part 24 is 13
I1013 10:53:00.439019 3358255 GetPartsAllocProcessor.cpp:84] term of part 25 is 8
I1013 10:53:00.439028 3358255 GetPartsAllocProcessor.cpp:84] term of part 26 is 3
I1013 10:53:00.439034 3358255 GetPartsAllocProcessor.cpp:84] term of part 27 is 3
I1013 10:53:00.439041 3358255 GetPartsAllocProcessor.cpp:84] term of part 28 is 3
I1013 10:53:00.439049 3358255 GetPartsAllocProcessor.cpp:84] term of part 29 is 8
I1013 10:53:00.439055 3358255 GetPartsAllocProcessor.cpp:84] term of part 30 is 6
I1013 10:53:00.450508 3358255 GetPartsAllocProcessor.cpp:84] term of part 1 is 8
I1013 10:53:00.450560 3358255 GetPartsAllocProcessor.cpp:84] term of part 2 is 3
I1013 10:53:00.450569 3358255 GetPartsAllocProcessor.cpp:84] term of part 3 is 3
I1013 10:53:00.450575 3358255 GetPartsAllocProcessor.cpp:84] term of part 4 is 9
I1013 10:53:00.450579 3358255 GetPartsAllocProcessor.cpp:84] term of part 5 is 8
I1013 10:53:00.450583 3358255 GetPartsAllocProcessor.cpp:84] term of part 6 is 9
I1013 10:53:00.450588 3358255 GetPartsAllocProcessor.cpp:84] term of part 7 is 8
I1013 10:53:00.450593 3358255 GetPartsAllocProcessor.cpp:84] term of part 8 is 7
I1013 10:53:00.450598 3358255 GetPartsAllocProcessor.cpp:84] term of part 9 is 8
I1013 10:53:00.450603 3358255 GetPartsAllocProcessor.cpp:84] term of part 10 is 3
I1013 10:53:00.450606 3358255 GetPartsAllocProcessor.cpp:84] term of part 11 is 2
I1013 10:53:00.450611 3358255 GetPartsAllocProcessor.cpp:84] term of part 12 is 12
I1013 10:53:00.450616 3358255 GetPartsAllocProcessor.cpp:84] term of part 13 is 8
I1013 10:53:00.450621 3358255 GetPartsAllocProcessor.cpp:84] term of part 14 is 8
I1013 10:53:00.450625 3358255 GetPartsAllocProcessor.cpp:84] term of part 15 is 7
I1013 10:53:00.450630 3358255 GetPartsAllocProcessor.cpp:84] term of part 16 is 2
I1013 10:53:00.450634 3358255 GetPartsAllocProcessor.cpp:84] term of part 17 is 7
I1013 10:53:00.450639 3358255 GetPartsAllocProcessor.cpp:84] term of part 18 is 7
I1013 10:53:00.450644 3358255 GetPartsAllocProcessor.cpp:84] term of part 19 is 7
I1013 10:53:00.450647 3358255 GetPartsAllocProcessor.cpp:84] term of part 20 is 7
I1013 10:53:00.450651 3358255 GetPartsAllocProcessor.cpp:84] term of part 21 is 7
I1013 10:53:00.450655 3358255 GetPartsAllocProcessor.cpp:84] term of part 22 is 7
I1013 10:53:00.450660 3358255 GetPartsAllocProcessor.cpp:84] term of part 23 is 11
I1013 10:53:00.450676 3358255 GetPartsAllocProcessor.cpp:84] term of part 24 is 13
I1013 10:53:00.450685 3358255 GetPartsAllocProcessor.cpp:84] term of part 25 is 9
I1013 10:53:00.450693 3358255 GetPartsAllocProcessor.cpp:84] term of part 26 is 2
I1013 10:53:00.450701 3358255 GetPartsAllocProcessor.cpp:84] term of part 27 is 7
I1013 10:53:00.450709 3358255 GetPartsAllocProcessor.cpp:84] term of part 28 is 7
I1013 10:53:00.450716 3358255 GetPartsAllocProcessor.cpp:84] term of part 29 is 2
I1013 10:53:00.450724 3358255 GetPartsAllocProcessor.cpp:84] term of part 30 is 2
I1013 10:53:00.467456 3358255 GetPartsAllocProcessor.cpp:84] term of part 1 is 1
I1013 10:53:00.467509 3358255 GetPartsAllocProcessor.cpp:84] term of part 2 is 1
I1013 10:53:00.467519 3358255 GetPartsAllocProcessor.cpp:84] term of part 3 is 2
I1013 10:53:00.467530 3358255 GetPartsAllocProcessor.cpp:84] term of part 4 is 1
I1013 10:53:00.467538 3358255 GetPartsAllocProcessor.cpp:84] term of part 5 is 1
I1013 10:53:00.467546 3358255 GetPartsAllocProcessor.cpp:84] term of part 6 is 2
I1013 10:53:00.467554 3358255 GetPartsAllocProcessor.cpp:84] term of part 7 is 1
I1013 10:53:00.467562 3358255 GetPartsAllocProcessor.cpp:84] term of part 8 is 1
I1013 10:53:00.467569 3358255 GetPartsAllocProcessor.cpp:84] term of part 9 is 2
I1013 10:53:00.467577 3358255 GetPartsAllocProcessor.cpp:84] term of part 10 is 1
I1013 10:53:00.467586 3358255 GetPartsAllocProcessor.cpp:84] term of part 11 is 1
I1013 10:53:00.467592 3358255 GetPartsAllocProcessor.cpp:84] term of part 12 is 2
I1013 10:53:00.467600 3358255 GetPartsAllocProcessor.cpp:84] term of part 13 is 1
I1013 10:53:00.467608 3358255 GetPartsAllocProcessor.cpp:84] term of part 14 is 1
I1013 10:53:00.467615 3358255 GetPartsAllocProcessor.cpp:84] term of part 15 is 2
I1013 10:53:00.467623 3358255 GetPartsAllocProcessor.cpp:84] term of part 16 is 1
I1013 10:53:00.467630 3358255 GetPartsAllocProcessor.cpp:84] term of part 17 is 1
I1013 10:53:00.467638 3358255 GetPartsAllocProcessor.cpp:84] term of part 18 is 2
I1013 10:53:00.467645 3358255 GetPartsAllocProcessor.cpp:84] term of part 19 is 1
I1013 10:53:00.467653 3358255 GetPartsAllocProcessor.cpp:84] term of part 20 is 1
I1013 10:53:00.467661 3358255 GetPartsAllocProcessor.cpp:84] term of part 21 is 2
I1013 10:53:00.467669 3358255 GetPartsAllocProcessor.cpp:84] term of part 22 is 1
I1013 10:53:00.467680 3358255 GetPartsAllocProcessor.cpp:84] term of part 23 is 1
I1013 10:53:00.467689 3358255 GetPartsAllocProcessor.cpp:84] term of part 24 is 2
I1013 10:53:00.467697 3358255 GetPartsAllocProcessor.cpp:84] term of part 25 is 1
I1013 10:53:00.467705 3358255 GetPartsAllocProcessor.cpp:84] term of part 26 is 1
I1013 10:53:00.467712 3358255 GetPartsAllocProcessor.cpp:84] term of part 27 is 2
I1013 10:53:00.467720 3358255 GetPartsAllocProcessor.cpp:84] term of part 28 is 1
I1013 10:53:00.467727 3358255 GetPartsAllocProcessor.cpp:84] term of part 29 is 1
I1013 10:53:00.467734 3358255 GetPartsAllocProcessor.cpp:84] term of part 30 is 2
I1013 10:53:00.467742 3358255 GetPartsAllocProcessor.cpp:84] term of part 31 is 1
I1013 10:53:00.467752 3358255 GetPartsAllocProcessor.cpp:84] term of part 32 is 1
I1013 10:53:00.467761 3358255 GetPartsAllocProcessor.cpp:84] term of part 33 is 2
I1013 10:53:00.467768 3358255 GetPartsAllocProcessor.cpp:84] term of part 34 is 1
I1013 10:53:00.467777 3358255 GetPartsAllocProcessor.cpp:84] term of part 35 is 1
I1013 10:53:00.467783 3358255 GetPartsAllocProcessor.cpp:84] term of part 36 is 2
I1013 10:53:00.467792 3358255 GetPartsAllocProcessor.cpp:84] term of part 37 is 1
I1013 10:53:00.467798 3358255 GetPartsAllocProcessor.cpp:84] term of part 38 is 1
I1013 10:53:00.467806 3358255 GetPartsAllocProcessor.cpp:84] term of part 39 is 2
I1013 10:53:00.467814 3358255 GetPartsAllocProcessor.cpp:84] term of part 40 is 1
I1013 10:53:00.467821 3358255 GetPartsAllocProcessor.cpp:84] term of part 41 is 1
I1013 10:53:00.467831 3358255 GetPartsAllocProcessor.cpp:84] term of part 42 is 2
I1013 10:53:00.467839 3358255 GetPartsAllocProcessor.cpp:84] term of part 43 is 1
I1013 10:53:00.467859 3358255 GetPartsAllocProcessor.cpp:84] term of part 44 is 1
I1013 10:53:00.467869 3358255 GetPartsAllocProcessor.cpp:84] term of part 45 is 2
I1013 10:53:00.467880 3358255 GetPartsAllocProcessor.cpp:84] term of part 46 is 1
I1013 10:53:00.467887 3358255 GetPartsAllocProcessor.cpp:84] term of part 47 is 1
I1013 10:53:00.467895 3358255 GetPartsAllocProcessor.cpp:84] term of part 48 is 2
I1013 10:53:00.467903 3358255 GetPartsAllocProcessor.cpp:84] term of part 49 is 1
I1013 10:53:00.467911 3358255 GetPartsAllocProcessor.cpp:84] term of part 50 is 1
I1013 10:53:00.467918 3358255 GetPartsAllocProcessor.cpp:84] term of part 51 is 2
I1013 10:53:00.467926 3358255 GetPartsAllocProcessor.cpp:84] term of part 52 is 1
I1013 10:53:00.467933 3358255 GetPartsAllocProcessor.cpp:84] term of part 53 is 1
I1013 10:53:00.467940 3358255 GetPartsAllocProcessor.cpp:84] term of part 54 is 2
I1013 10:53:00.467947 3358255 GetPartsAllocProcessor.cpp:84] term of part 55 is 1
I1013 10:53:00.467955 3358255 GetPartsAllocProcessor.cpp:84] term of part 56 is 1
I1013 10:53:00.467962 3358255 GetPartsAllocProcessor.cpp:84] term of part 57 is 2
I1013 10:53:00.467970 3358255 GetPartsAllocProcessor.cpp:84] term of part 58 is 1
I1013 10:53:00.467978 3358255 GetPartsAllocProcessor.cpp:84] term of part 59 is 1
I1013 10:53:00.467984 3358255 GetPartsAllocProcessor.cpp:84] term of part 60 is 2
I1013 10:53:00.467993 3358255 GetPartsAllocProcessor.cpp:84] term of part 61 is 1
I1013 10:53:00.467999 3358255 GetPartsAllocProcessor.cpp:84] term of part 62 is 1
I1013 10:53:00.468008 3358255 GetPartsAllocProcessor.cpp:84] term of part 63 is 2
I1013 10:53:00.468014 3358255 GetPartsAllocProcessor.cpp:84] term of part 64 is 1
I1013 10:53:00.468022 3358255 GetPartsAllocProcessor.cpp:84] term of part 65 is 1
I1013 10:53:00.468029 3358255 GetPartsAllocProcessor.cpp:84] term of part 66 is 2
I1013 10:53:00.468036 3358255 GetPartsAllocProcessor.cpp:84] term of part 67 is 1
I1013 10:53:00.468044 3358255 GetPartsAllocProcessor.cpp:84] term of part 68 is 1
I1013 10:53:00.468051 3358255 GetPartsAllocProcessor.cpp:84] term of part 69 is 2
I1013 10:53:00.468058 3358255 GetPartsAllocProcessor.cpp:84] term of part 70 is 1
I1013 10:53:00.468066 3358255 GetPartsAllocProcessor.cpp:84] term of part 71 is 1
I1013 10:53:00.468073 3358255 GetPartsAllocProcessor.cpp:84] term of part 72 is 2
I1013 10:53:00.468080 3358255 GetPartsAllocProcessor.cpp:84] term of part 73 is 1
I1013 10:53:00.468088 3358255 GetPartsAllocProcessor.cpp:84] term of part 74 is 1
I1013 10:53:00.468096 3358255 GetPartsAllocProcessor.cpp:84] term of part 75 is 2
I1013 10:53:00.468103 3358255 GetPartsAllocProcessor.cpp:84] term of part 76 is 1
I1013 10:53:00.468111 3358255 GetPartsAllocProcessor.cpp:84] term of part 77 is 1
I1013 10:53:00.468117 3358255 GetPartsAllocProcessor.cpp:84] term of part 78 is 2
I1013 10:53:00.468124 3358255 GetPartsAllocProcessor.cpp:84] term of part 79 is 1
I1013 10:53:00.468132 3358255 GetPartsAllocProcessor.cpp:84] term of part 80 is 1
I1013 10:53:00.468139 3358255 GetPartsAllocProcessor.cpp:84] term of part 81 is 2
I1013 10:53:00.468147 3358255 GetPartsAllocProcessor.cpp:84] term of part 82 is 1
I1013 10:53:00.468154 3358255 GetPartsAllocProcessor.cpp:84] term of part 83 is 1
I1013 10:53:00.468161 3358255 GetPartsAllocProcessor.cpp:84] term of part 84 is 2
I1013 10:53:00.468170 3358255 GetPartsAllocProcessor.cpp:84] term of part 85 is 1
I1013 10:53:00.468178 3358255 GetPartsAllocProcessor.cpp:84] term of part 86 is 1
I1013 10:53:00.468185 3358255 GetPartsAllocProcessor.cpp:84] term of part 87 is 2
I1013 10:53:00.468194 3358255 GetPartsAllocProcessor.cpp:84] term of part 88 is 1
I1013 10:53:00.468200 3358255 GetPartsAllocProcessor.cpp:84] term of part 89 is 1
I1013 10:53:00.468207 3358255 GetPartsAllocProcessor.cpp:84] term of part 90 is 2
I1013 10:53:00.468215 3358255 GetPartsAllocProcessor.cpp:84] term of part 91 is 1
I1013 10:53:00.468222 3358255 GetPartsAllocProcessor.cpp:84] term of part 92 is 1
I1013 10:53:00.468230 3358255 GetPartsAllocProcessor.cpp:84] term of part 93 is 2
I1013 10:53:00.468245 3358255 GetPartsAllocProcessor.cpp:84] term of part 94 is 1
I1013 10:53:00.468255 3358255 GetPartsAllocProcessor.cpp:84] term of part 95 is 1
I1013 10:53:00.468262 3358255 GetPartsAllocProcessor.cpp:84] term of part 96 is 2
I1013 10:53:00.468269 3358255 GetPartsAllocProcessor.cpp:84] term of part 97 is 1
I1013 10:53:00.468276 3358255 GetPartsAllocProcessor.cpp:84] term of part 98 is 1
I1013 10:53:00.468286 3358255 GetPartsAllocProcessor.cpp:84] term of part 99 is 2
I1013 10:53:00.468294 3358255 GetPartsAllocProcessor.cpp:84] term of part 100 is 1
I1013 10:53:00.638754 3358255 HBProcessor.cpp:33] Receive heartbeat from "172.18.131.143":9669, role = GRAPH
I1013 10:53:00.711135 3358255 GetPartsAllocProcessor.cpp:84] term of part 1 is 107
I1013 10:53:00.711172 3358255 GetPartsAllocProcessor.cpp:84] term of part 2 is 118
I1013 10:53:00.711179 3358255 GetPartsAllocProcessor.cpp:84] term of part 3 is 7
I1013 10:53:00.711184 3358255 GetPartsAllocProcessor.cpp:84] term of part 4 is 8
I1013 10:53:00.711189 3358255 GetPartsAllocProcessor.cpp:84] term of part 5 is 113
I1013 10:53:00.711194 3358255 GetPartsAllocProcessor.cpp:84] term of part 6 is 8
I1013 10:53:00.711197 3358255 GetPartsAllocProcessor.cpp:84] term of part 7 is 105
I1013 10:53:00.711202 3358255 GetPartsAllocProcessor.cpp:84] term of part 8 is 121
I1013 10:53:00.711206 3358255 GetPartsAllocProcessor.cpp:84] term of part 9 is 9
I1013 10:53:00.711211 3358255 GetPartsAllocProcessor.cpp:84] term of part 10 is 110
I1013 10:53:00.711215 3358255 GetPartsAllocProcessor.cpp:84] term of part 11 is 12
I1013 10:53:00.711220 3358255 GetPartsAllocProcessor.cpp:84] term of part 12 is 120
I1013 10:53:00.711225 3358255 GetPartsAllocProcessor.cpp:84] term of part 13 is 3
I1013 10:53:00.711230 3358255 GetPartsAllocProcessor.cpp:84] term of part 14 is 11
I1013 10:53:00.711233 3358255 GetPartsAllocProcessor.cpp:84] term of part 15 is 4
I1013 10:53:00.711238 3358255 GetPartsAllocProcessor.cpp:84] term of part 16 is 108
I1013 10:53:00.711242 3358255 GetPartsAllocProcessor.cpp:84] term of part 17 is 3
I1013 10:53:00.711246 3358255 GetPartsAllocProcessor.cpp:84] term of part 18 is 4
I1013 10:53:00.711251 3358255 GetPartsAllocProcessor.cpp:84] term of part 19 is 114
I1013 10:53:00.711256 3358255 GetPartsAllocProcessor.cpp:84] term of part 20 is 115
I1013 10:53:00.711261 3358255 GetPartsAllocProcessor.cpp:84] term of part 21 is 13
I1013 10:53:00.711264 3358255 GetPartsAllocProcessor.cpp:84] term of part 22 is 109
I1013 10:53:00.711269 3358255 GetPartsAllocProcessor.cpp:84] term of part 23 is 6
I1013 10:53:00.711273 3358255 GetPartsAllocProcessor.cpp:84] term of part 24 is 12
I1013 10:53:00.711278 3358255 GetPartsAllocProcessor.cpp:84] term of part 25 is 12
I1013 10:53:00.711282 3358255 GetPartsAllocProcessor.cpp:84] term of part 26 is 7
I1013 10:53:00.711297 3358255 GetPartsAllocProcessor.cpp:84] term of part 27 is 12
I1013 10:53:00.711302 3358255 GetPartsAllocProcessor.cpp:84] term of part 28 is 11
I1013 10:53:00.711305 3358255 GetPartsAllocProcessor.cpp:84] term of part 29 is 10
I1013 10:53:00.711309 3358255 GetPartsAllocProcessor.cpp:84] term of part 30 is 10
I1013 10:53:00.721029 3358255 GetPartsAllocProcessor.cpp:84] term of part 1 is 3
I1013 10:53:00.721078 3358255 GetPartsAllocProcessor.cpp:84] term of part 2 is 8
I1013 10:53:00.721088 3358255 GetPartsAllocProcessor.cpp:84] term of part 3 is 4
I1013 10:53:00.721096 3358255 GetPartsAllocProcessor.cpp:84] term of part 4 is 9
I1013 10:53:00.721104 3358255 GetPartsAllocProcessor.cpp:84] term of part 5 is 4
I1013 10:53:00.721112 3358255 GetPartsAllocProcessor.cpp:84] term of part 6 is 4
I1013 10:53:00.721118 3358255 GetPartsAllocProcessor.cpp:84] term of part 7 is 8
I1013 10:53:00.721125 3358255 GetPartsAllocProcessor.cpp:84] term of part 8 is 4
I1013 10:53:00.721133 3358255 GetPartsAllocProcessor.cpp:84] term of part 9 is 4
I1013 10:53:00.721140 3358255 GetPartsAllocProcessor.cpp:84] term of part 10 is 4
I1013 10:53:00.721148 3358255 GetPartsAllocProcessor.cpp:84] term of part 11 is 7
I1013 10:53:00.721154 3358255 GetPartsAllocProcessor.cpp:84] term of part 12 is 13
I1013 10:53:00.721163 3358255 GetPartsAllocProcessor.cpp:84] term of part 13 is 13
I1013 10:53:00.721170 3358255 GetPartsAllocProcessor.cpp:84] term of part 14 is 8
I1013 10:53:00.721179 3358255 GetPartsAllocProcessor.cpp:84] term of part 15 is 7
I1013 10:53:00.721186 3358255 GetPartsAllocProcessor.cpp:84] term of part 16 is 3
I1013 10:53:00.721194 3358255 GetPartsAllocProcessor.cpp:84] term of part 17 is 9
I1013 10:53:00.721201 3358255 GetPartsAllocProcessor.cpp:84] term of part 18 is 13
I1013 10:53:00.721208 3358255 GetPartsAllocProcessor.cpp:84] term of part 19 is 7
I1013 10:53:00.721215 3358255 GetPartsAllocProcessor.cpp:84] term of part 20 is 12
I1013 10:53:00.721221 3358255 GetPartsAllocProcessor.cpp:84] term of part 21 is 12
I1013 10:53:00.721230 3358255 GetPartsAllocProcessor.cpp:84] term of part 22 is 7
I1013 10:53:00.721236 3358255 GetPartsAllocProcessor.cpp:84] term of part 23 is 7
I1013 10:53:00.721244 3358255 GetPartsAllocProcessor.cpp:84] term of part 24 is 13
I1013 10:53:00.721252 3358255 GetPartsAllocProcessor.cpp:84] term of part 25 is 8
I1013 10:53:00.721259 3358255 GetPartsAllocProcessor.cpp:84] term of part 26 is 3
I1013 10:53:00.721266 3358255 GetPartsAllocProcessor.cpp:84] term of part 27 is 3
I1013 10:53:00.721278 3358255 GetPartsAllocProcessor.cpp:84] term of part 28 is 3
I1013 10:53:00.721287 3358255 GetPartsAllocProcessor.cpp:84] term of part 29 is 8
I1013 10:53:00.721294 3358255 GetPartsAllocProcessor.cpp:84] term of part 30 is 6
I1013 10:53:00.724541 3358255 GetPartsAllocProcessor.cpp:84] term of part 1 is 8
I1013 10:53:00.724576 3358255 GetPartsAllocProcessor.cpp:84] term of part 2 is 3
I1013 10:53:00.724582 3358255 GetPartsAllocProcessor.cpp:84] term of part 3 is 3
I1013 10:53:00.724587 3358255 GetPartsAllocProcessor.cpp:84] term of part 4 is 9
I1013 10:53:00.724592 3358255 GetPartsAllocProcessor.cpp:84] term of part 5 is 8
I1013 10:53:00.724596 3358255 GetPartsAllocProcessor.cpp:84] term of part 6 is 9
I1013 10:53:00.724601 3358255 GetPartsAllocProcessor.cpp:84] term of part 7 is 8
I1013 10:53:00.724606 3358255 GetPartsAllocProcessor.cpp:84] term of part 8 is 7
I1013 10:53:00.724610 3358255 GetPartsAllocProcessor.cpp:84] term of part 9 is 8
I1013 10:53:00.724615 3358255 GetPartsAllocProcessor.cpp:84] term of part 10 is 3
I1013 10:53:00.724619 3358255 GetPartsAllocProcessor.cpp:84] term of part 11 is 2
I1013 10:53:00.724623 3358255 GetPartsAllocProcessor.cpp:84] term of part 12 is 12
I1013 10:53:00.724628 3358255 GetPartsAllocProcessor.cpp:84] term of part 13 is 8
I1013 10:53:00.724633 3358255 GetPartsAllocProcessor.cpp:84] term of part 14 is 8
I1013 10:53:00.724637 3358255 GetPartsAllocProcessor.cpp:84] term of part 15 is 7
