I1013 10:42:08.790661 3358285 Balancer.cpp:461] [space:39, part:45] "172.16.54.66":9779->"172.18.131.143":9779
I1013 10:42:08.790673 3358285 Balancer.cpp:451] partsFrom size 18 partsTo size 15 minLoad 16 maxLoad 17
I1013 10:42:08.790679 3358285 Balancer.cpp:461] [space:39, part:48] "172.16.54.66":9779->"172.18.131.143":9779
I1013 10:42:08.790692 3358285 Balancer.cpp:451] partsFrom size 17 partsTo size 16 minLoad 16 maxLoad 17
I1013 10:42:08.790699 3358285 Balancer.cpp:757] Host "172.18.131.143":9779 parts 16
I1013 10:42:08.790707 3358285 Balancer.cpp:757] Host "172.16.54.68":9779 parts 17
I1013 10:42:08.790715 3358285 Balancer.cpp:757] Host "172.16.54.67":9779 parts 17
I1013 10:42:08.790724 3358285 Balancer.cpp:757] Host "172.18.131.141":9779 parts 17
I1013 10:42:08.790730 3358285 Balancer.cpp:757] Host "172.16.54.66":9779 parts 17
I1013 10:42:08.790738 3358285 Balancer.cpp:757] Host "172.18.131.142":9779 parts 16
I1013 10:42:08.790747 3358285 Balancer.cpp:551] Balance tasks num: 49
I1013 10:42:08.790755 3358285 Balancer.cpp:553] [1665629109, 39:1, 172.16.54.67:9779->172.18.131.141:9779]
I1013 10:42:08.790761 3358285 Balancer.cpp:553] [1665629109, 39:4, 172.16.54.67:9779->172.18.131.141:9779]
I1013 10:42:08.790767 3358285 Balancer.cpp:553] [1665629109, 39:7, 172.16.54.67:9779->172.18.131.141:9779]
I1013 10:42:08.790773 3358285 Balancer.cpp:553] [1665629109, 39:10, 172.16.54.67:9779->172.18.131.141:9779]
I1013 10:42:08.790779 3358285 Balancer.cpp:553] [1665629109, 39:13, 172.16.54.67:9779->172.18.131.141:9779]
I1013 10:42:08.790786 3358285 Balancer.cpp:553] [1665629109, 39:16, 172.16.54.67:9779->172.18.131.141:9779]
I1013 10:42:08.790792 3358285 Balancer.cpp:553] [1665629109, 39:19, 172.16.54.67:9779->172.18.131.141:9779]
I1013 10:42:08.790799 3358285 Balancer.cpp:553] [1665629109, 39:22, 172.16.54.67:9779->172.18.131.141:9779]
I1013 10:42:08.790805 3358285 Balancer.cpp:553] [1665629109, 39:25, 172.16.54.67:9779->172.18.131.141:9779]
I1013 10:42:08.790812 3358285 Balancer.cpp:553] [1665629109, 39:28, 172.16.54.67:9779->172.18.131.141:9779]
I1013 10:42:08.790818 3358285 Balancer.cpp:553] [1665629109, 39:31, 172.16.54.67:9779->172.18.131.141:9779]
I1013 10:42:08.790824 3358285 Balancer.cpp:553] [1665629109, 39:34, 172.16.54.67:9779->172.18.131.141:9779]
I1013 10:42:08.790832 3358285 Balancer.cpp:553] [1665629109, 39:37, 172.16.54.67:9779->172.18.131.141:9779]
I1013 10:42:08.790838 3358285 Balancer.cpp:553] [1665629109, 39:40, 172.16.54.67:9779->172.18.131.141:9779]
I1013 10:42:08.790843 3358285 Balancer.cpp:553] [1665629109, 39:43, 172.16.54.67:9779->172.18.131.141:9779]
I1013 10:42:08.790849 3358285 Balancer.cpp:553] [1665629109, 39:46, 172.16.54.67:9779->172.18.131.141:9779]
I1013 10:42:08.790855 3358285 Balancer.cpp:553] [1665629109, 39:49, 172.16.54.67:9779->172.18.131.141:9779]
I1013 10:42:08.790863 3358285 Balancer.cpp:553] [1665629109, 39:2, 172.16.54.68:9779->172.18.131.142:9779]
I1013 10:42:08.790868 3358285 Balancer.cpp:553] [1665629109, 39:5, 172.16.54.68:9779->172.18.131.142:9779]
I1013 10:42:08.790881 3358285 Balancer.cpp:553] [1665629109, 39:8, 172.16.54.68:9779->172.18.131.142:9779]
I1013 10:42:08.790889 3358285 Balancer.cpp:553] [1665629109, 39:11, 172.16.54.68:9779->172.18.131.142:9779]
I1013 10:42:08.790894 3358285 Balancer.cpp:553] [1665629109, 39:14, 172.16.54.68:9779->172.18.131.142:9779]
I1013 10:42:08.790900 3358285 Balancer.cpp:553] [1665629109, 39:17, 172.16.54.68:9779->172.18.131.142:9779]
I1013 10:42:08.790906 3358285 Balancer.cpp:553] [1665629109, 39:20, 172.16.54.68:9779->172.18.131.142:9779]
I1013 10:42:08.790912 3358285 Balancer.cpp:553] [1665629109, 39:23, 172.16.54.68:9779->172.18.131.142:9779]
I1013 10:42:08.790920 3358285 Balancer.cpp:553] [1665629109, 39:26, 172.16.54.68:9779->172.18.131.142:9779]
I1013 10:42:08.790932 3358285 Balancer.cpp:553] [1665629109, 39:29, 172.16.54.68:9779->172.18.131.142:9779]
I1013 10:42:08.790939 3358285 Balancer.cpp:553] [1665629109, 39:32, 172.16.54.68:9779->172.18.131.142:9779]
I1013 10:42:08.790946 3358285 Balancer.cpp:553] [1665629109, 39:35, 172.16.54.68:9779->172.18.131.142:9779]
I1013 10:42:08.790952 3358285 Balancer.cpp:553] [1665629109, 39:38, 172.16.54.68:9779->172.18.131.142:9779]
I1013 10:42:08.790958 3358285 Balancer.cpp:553] [1665629109, 39:41, 172.16.54.68:9779->172.18.131.142:9779]
I1013 10:42:08.790966 3358285 Balancer.cpp:553] [1665629109, 39:44, 172.16.54.68:9779->172.18.131.142:9779]
I1013 10:42:08.790971 3358285 Balancer.cpp:553] [1665629109, 39:47, 172.16.54.68:9779->172.18.131.142:9779]
I1013 10:42:08.790977 3358285 Balancer.cpp:553] [1665629109, 39:3, 172.16.54.66:9779->172.18.131.143:9779]
I1013 10:42:08.790983 3358285 Balancer.cpp:553] [1665629109, 39:6, 172.16.54.66:9779->172.18.131.143:9779]
I1013 10:42:08.790989 3358285 Balancer.cpp:553] [1665629109, 39:9, 172.16.54.66:9779->172.18.131.143:9779]
I1013 10:42:08.790997 3358285 Balancer.cpp:553] [1665629109, 39:12, 172.16.54.66:9779->172.18.131.143:9779]
I1013 10:42:08.791003 3358285 Balancer.cpp:553] [1665629109, 39:15, 172.16.54.66:9779->172.18.131.143:9779]
I1013 10:42:08.791010 3358285 Balancer.cpp:553] [1665629109, 39:18, 172.16.54.66:9779->172.18.131.143:9779]
I1013 10:42:08.791018 3358285 Balancer.cpp:553] [1665629109, 39:21, 172.16.54.66:9779->172.18.131.143:9779]
I1013 10:42:08.791024 3358285 Balancer.cpp:553] [1665629109, 39:24, 172.16.54.66:9779->172.18.131.143:9779]
I1013 10:42:08.791030 3358285 Balancer.cpp:553] [1665629109, 39:27, 172.16.54.66:9779->172.18.131.143:9779]
I1013 10:42:08.791038 3358285 Balancer.cpp:553] [1665629109, 39:30, 172.16.54.66:9779->172.18.131.143:9779]
I1013 10:42:08.791043 3358285 Balancer.cpp:553] [1665629109, 39:33, 172.16.54.66:9779->172.18.131.143:9779]
I1013 10:42:08.791049 3358285 Balancer.cpp:553] [1665629109, 39:36, 172.16.54.66:9779->172.18.131.143:9779]
I1013 10:42:08.791056 3358285 Balancer.cpp:553] [1665629109, 39:39, 172.16.54.66:9779->172.18.131.143:9779]
I1013 10:42:08.791062 3358285 Balancer.cpp:553] [1665629109, 39:42, 172.16.54.66:9779->172.18.131.143:9779]
I1013 10:42:08.791069 3358285 Balancer.cpp:553] [1665629109, 39:45, 172.16.54.66:9779->172.18.131.143:9779]
I1013 10:42:08.791075 3358285 Balancer.cpp:553] [1665629109, 39:48, 172.16.54.66:9779->172.18.131.143:9779]
I1013 10:42:08.806802 3358285 Balancer.cpp:46] Start to invoke balance plan 1665629109
I1013 10:42:08.932916 1478881 BalanceTask.cpp:47] [1665629109, 39:5, 172.16.54.68:9779->172.18.131.142:9779] Start to move part, check the peers firstly!
I1013 10:42:08.934041 1478881 BalanceTask.cpp:47] [1665629109, 39:49, 172.16.54.67:9779->172.18.131.141:9779] Start to move part, check the peers firstly!
I1013 10:42:08.934953 1478881 BalanceTask.cpp:47] [1665629109, 39:9, 172.16.54.66:9779->172.18.131.143:9779] Start to move part, check the peers firstly!
I1013 10:42:08.935969 1478881 BalanceTask.cpp:47] [1665629109, 39:46, 172.16.54.67:9779->172.18.131.141:9779] Start to move part, check the peers firstly!
I1013 10:42:08.936909 1478881 BalanceTask.cpp:47] [1665629109, 39:45, 172.16.54.66:9779->172.18.131.143:9779] Start to move part, check the peers firstly!
I1013 10:42:08.944952 1478881 BalanceTask.cpp:47] [1665629109, 39:47, 172.16.54.68:9779->172.18.131.142:9779] Start to move part, check the peers firstly!
I1013 10:42:08.946125 1478881 BalanceTask.cpp:47] [1665629109, 39:44, 172.16.54.68:9779->172.18.131.142:9779] Start to move part, check the peers firstly!
I1013 10:42:08.947427 1478881 BalanceTask.cpp:47] [1665629109, 39:42, 172.16.54.66:9779->172.18.131.143:9779] Start to move part, check the peers firstly!
I1013 10:42:08.948473 1478881 BalanceTask.cpp:47] [1665629109, 39:41, 172.16.54.68:9779->172.18.131.142:9779] Start to move part, check the peers firstly!
I1013 10:42:08.949375 1478881 BalanceTask.cpp:47] [1665629109, 39:6, 172.16.54.66:9779->172.18.131.143:9779] Start to move part, check the peers firstly!
I1013 10:42:09.135583 2344223 BalanceTask.cpp:64] [1665629109, 39:46, 172.16.54.67:9779->172.18.131.141:9779] Ask the src to give up the leadership.
I1013 10:42:09.135933 2344221 BalanceTask.cpp:64] [1665629109, 39:49, 172.16.54.67:9779->172.18.131.141:9779] Ask the src to give up the leadership.
I1013 10:42:09.140000 2344223 BalanceTask.cpp:92] [1665629109, 39:46, 172.16.54.67:9779->172.18.131.141:9779] Open the part as learner on dst.
I1013 10:42:09.141060 2344221 BalanceTask.cpp:92] [1665629109, 39:49, 172.16.54.67:9779->172.18.131.141:9779] Open the part as learner on dst.
I1013 10:42:09.146145 2344230 BalanceTask.cpp:64] [1665629109, 39:5, 172.16.54.68:9779->172.18.131.142:9779] Ask the src to give up the leadership.
I1013 10:42:09.146337 2344225 BalanceTask.cpp:64] [1665629109, 39:47, 172.16.54.68:9779->172.18.131.142:9779] Ask the src to give up the leadership.
I1013 10:42:09.146420 2344228 BalanceTask.cpp:64] [1665629109, 39:41, 172.16.54.68:9779->172.18.131.142:9779] Ask the src to give up the leadership.
I1013 10:42:09.146505 2344226 BalanceTask.cpp:64] [1665629109, 39:44, 172.16.54.68:9779->172.18.131.142:9779] Ask the src to give up the leadership.
I1013 10:42:09.147629 2344230 BalanceTask.cpp:92] [1665629109, 39:5, 172.16.54.68:9779->172.18.131.142:9779] Open the part as learner on dst.
I1013 10:42:09.149104 2344225 BalanceTask.cpp:92] [1665629109, 39:47, 172.16.54.68:9779->172.18.131.142:9779] Open the part as learner on dst.
I1013 10:42:09.149276 2344228 BalanceTask.cpp:92] [1665629109, 39:41, 172.16.54.68:9779->172.18.131.142:9779] Open the part as learner on dst.
I1013 10:42:09.149430 2344226 BalanceTask.cpp:92] [1665629109, 39:44, 172.16.54.68:9779->172.18.131.142:9779] Open the part as learner on dst.
I1013 10:42:09.156914 2344224 BalanceTask.cpp:64] [1665629109, 39:45, 172.16.54.66:9779->172.18.131.143:9779] Ask the src to give up the leadership.
I1013 10:42:09.158268 2344224 BalanceTask.cpp:92] [1665629109, 39:45, 172.16.54.66:9779->172.18.131.143:9779] Open the part as learner on dst.
I1013 10:42:09.158818 2344227 BalanceTask.cpp:64] [1665629109, 39:42, 172.16.54.66:9779->172.18.131.143:9779] Ask the src to give up the leadership.
I1013 10:42:09.160305 2344227 BalanceTask.cpp:92] [1665629109, 39:42, 172.16.54.66:9779->172.18.131.143:9779] Open the part as learner on dst.
I1013 10:42:09.182642 2344229 BalanceTask.cpp:64] [1665629109, 39:6, 172.16.54.66:9779->172.18.131.143:9779] Ask the src to give up the leadership.
I1013 10:42:09.182724 2344222 BalanceTask.cpp:64] [1665629109, 39:9, 172.16.54.66:9779->172.18.131.143:9779] Ask the src to give up the leadership.
I1013 10:42:09.184123 2344229 BalanceTask.cpp:92] [1665629109, 39:6, 172.16.54.66:9779->172.18.131.143:9779] Open the part as learner on dst.
I1013 10:42:09.185048 2344222 BalanceTask.cpp:92] [1665629109, 39:9, 172.16.54.66:9779->172.18.131.143:9779] Open the part as learner on dst.
E1013 10:42:09.266278 2344230 BalanceTask.cpp:96] [1665629109, 39:5, 172.16.54.68:9779->172.18.131.142:9779] Open part failed, status ["172.18.131.142":9778] RPC failure in AdminClient: N6apache6thrift9transport19TTransportExceptionE: AsyncSocketException: connect failed, type = Socket not open, errno = 113 (No route to host): No route to host
E1013 10:42:09.266260 2344225 BalanceTask.cpp:96] [1665629109, 39:47, 172.16.54.68:9779->172.18.131.142:9779] Open part failed, status ["172.18.131.142":9778] RPC failure in AdminClient: N6apache6thrift9transport19TTransportExceptionE: AsyncSocketException: connect failed, type = Socket not open, errno = 113 (No route to host): No route to host
E1013 10:42:09.266260 2344226 BalanceTask.cpp:96] [1665629109, 39:44, 172.16.54.68:9779->172.18.131.142:9779] Open part failed, status ["172.18.131.142":9778] RPC failure in AdminClient: N6apache6thrift9transport19TTransportExceptionE: AsyncSocketException: connect failed, type = Socket not open, errno = 113 (No route to host): No route to host
E1013 10:42:09.266268 2344227 BalanceTask.cpp:96] [1665629109, 39:42, 172.16.54.66:9779->172.18.131.143:9779] Open part failed, status ["172.18.131.143":9778] RPC failure in AdminClient: N6apache6thrift9transport19TTransportExceptionE: AsyncSocketException: connect failed, type = Socket not open, errno = 113 (No route to host): No route to host
E1013 10:42:09.266268 2344224 BalanceTask.cpp:96] [1665629109, 39:45, 172.16.54.66:9779->172.18.131.143:9779] Open part failed, status ["172.18.131.143":9778] RPC failure in AdminClient: N6apache6thrift9transport19TTransportExceptionE: AsyncSocketException: connect failed, type = Socket not open, errno = 113 (No route to host): No route to host
E1013 10:42:09.266353 2344229 BalanceTask.cpp:96] [1665629109, 39:6, 172.16.54.66:9779->172.18.131.143:9779] Open part failed, status ["172.18.131.143":9778] RPC failure in AdminClient: N6apache6thrift9transport19TTransportExceptionE: AsyncSocketException: connect failed, type = Socket not open, errno = 113 (No route to host): No route to host
E1013 10:42:09.266268 2344223 BalanceTask.cpp:96] [1665629109, 39:46, 172.16.54.67:9779->172.18.131.141:9779] Open part failed, status ["172.18.131.141":9778] RPC failure in AdminClient: N6apache6thrift9transport19TTransportExceptionE: AsyncSocketException: connect failed, type = Socket not open, errno = 113 (No route to host): No route to host
E1013 10:42:09.266379 2344228 BalanceTask.cpp:96] [1665629109, 39:41, 172.16.54.68:9779->172.18.131.142:9779] Open part failed, status ["172.18.131.142":9778] RPC failure in AdminClient: N6apache6thrift9transport19TTransportExceptionE: AsyncSocketException: connect failed, type = Socket not open, errno = 113 (No route to host): No route to host
E1013 10:42:09.266395 2344222 BalanceTask.cpp:96] [1665629109, 39:9, 172.16.54.66:9779->172.18.131.143:9779] Open part failed, status ["172.18.131.143":9778] RPC failure in AdminClient: N6apache6thrift9transport19TTransportExceptionE: AsyncSocketException: connect failed, type = Socket not open, errno = 113 (No route to host): No route to host
E1013 10:42:09.266410 2344221 BalanceTask.cpp:96] [1665629109, 39:49, 172.16.54.67:9779->172.18.131.141:9779] Open part failed, status ["172.18.131.141":9778] RPC failure in AdminClient: N6apache6thrift9transport19TTransportExceptionE: AsyncSocketException: connect failed, type = Socket not open, errno = 113 (No route to host): No route to host
E1013 10:42:09.304965 2344230 BalanceTask.cpp:38] [1665629109, 39:5, 172.16.54.68:9779->172.18.131.142:9779] Task failed, status 3
I1013 10:42:09.305016 2344230 BalanceTask.cpp:47] [1665629109, 39:40, 172.16.54.67:9779->172.18.131.141:9779] Start to move part, check the peers firstly!
E1013 10:42:09.305972 2344225 BalanceTask.cpp:38] [1665629109, 39:47, 172.16.54.68:9779->172.18.131.142:9779] Task failed, status 3
I1013 10:42:09.306006 2344225 BalanceTask.cpp:47] [1665629109, 39:34, 172.16.54.67:9779->172.18.131.141:9779] Start to move part, check the peers firstly!
E1013 10:42:09.306046 2344226 BalanceTask.cpp:38] [1665629109, 39:44, 172.16.54.68:9779->172.18.131.142:9779] Task failed, status 3
I1013 10:42:09.306066 2344226 BalanceTask.cpp:47] [1665629109, 39:32, 172.16.54.68:9779->172.18.131.142:9779] Start to move part, check the peers firstly!
E1013 10:42:09.306097 2344227 BalanceTask.cpp:38] [1665629109, 39:42, 172.16.54.66:9779->172.18.131.143:9779] Task failed, status 3
I1013 10:42:09.306113 2344227 BalanceTask.cpp:47] [1665629109, 39:3, 172.16.54.66:9779->172.18.131.143:9779] Start to move part, check the peers firstly!
E1013 10:42:09.306143 2344224 BalanceTask.cpp:38] [1665629109, 39:45, 172.16.54.66:9779->172.18.131.143:9779] Task failed, status 3
I1013 10:42:09.306160 2344224 BalanceTask.cpp:47] [1665629109, 39:4, 172.16.54.67:9779->172.18.131.141:9779] Start to move part, check the peers firstly!
E1013 10:42:09.306187 2344229 BalanceTask.cpp:38] [1665629109, 39:6, 172.16.54.66:9779->172.18.131.143:9779] Task failed, status 3
I1013 10:42:09.306203 2344229 BalanceTask.cpp:47] [1665629109, 39:26, 172.16.54.68:9779->172.18.131.142:9779] Start to move part, check the peers firstly!
E1013 10:42:09.306272 2344223 BalanceTask.cpp:38] [1665629109, 39:46, 172.16.54.67:9779->172.18.131.141:9779] Task failed, status 3
I1013 10:42:09.306329 2344223 BalanceTask.cpp:47] [1665629109, 39:37, 172.16.54.67:9779->172.18.131.141:9779] Start to move part, check the peers firstly!
E1013 10:42:09.306367 2344228 BalanceTask.cpp:38] [1665629109, 39:41, 172.16.54.68:9779->172.18.131.142:9779] Task failed, status 3
I1013 10:42:09.306386 2344228 BalanceTask.cpp:47] [1665629109, 39:29, 172.16.54.68:9779->172.18.131.142:9779] Start to move part, check the peers firstly!
I1013 10:42:09.307240 2344230 BalanceTask.cpp:64] [1665629109, 39:40, 172.16.54.67:9779->172.18.131.141:9779] Ask the src to give up the leadership.
I1013 10:42:09.307715 2344225 BalanceTask.cpp:64] [1665629109, 39:34, 172.16.54.67:9779->172.18.131.141:9779] Ask the src to give up the leadership.
I1013 10:42:09.307994 2344226 BalanceTask.cpp:64] [1665629109, 39:32, 172.16.54.68:9779->172.18.131.142:9779] Ask the src to give up the leadership.
I1013 10:42:09.308662 2344227 BalanceTask.cpp:64] [1665629109, 39:3, 172.16.54.66:9779->172.18.131.143:9779] Ask the src to give up the leadership.
I1013 10:42:09.308866 2344224 BalanceTask.cpp:64] [1665629109, 39:4, 172.16.54.67:9779->172.18.131.141:9779] Ask the src to give up the leadership.
I1013 10:42:09.308964 2344229 BalanceTask.cpp:64] [1665629109, 39:26, 172.16.54.68:9779->172.18.131.142:9779] Ask the src to give up the leadership.
E1013 10:42:09.309442 2344222 BalanceTask.cpp:38] [1665629109, 39:9, 172.16.54.66:9779->172.18.131.143:9779] Task failed, status 3
I1013 10:42:09.309504 2344222 BalanceTask.cpp:47] [1665629109, 39:38, 172.16.54.68:9779->172.18.131.142:9779] Start to move part, check the peers firstly!
E1013 10:42:09.309577 2344221 BalanceTask.cpp:38] [1665629109, 39:49, 172.16.54.67:9779->172.18.131.141:9779] Task failed, status 3
I1013 10:42:09.309600 2344221 BalanceTask.cpp:47] [1665629109, 39:39, 172.16.54.66:9779->172.18.131.143:9779] Start to move part, check the peers firstly!
I1013 10:42:09.310014 2344230 BalanceTask.cpp:92] [1665629109, 39:40, 172.16.54.67:9779->172.18.131.141:9779] Open the part as learner on dst.
I1013 10:42:09.310146 2344225 BalanceTask.cpp:92] [1665629109, 39:34, 172.16.54.67:9779->172.18.131.141:9779] Open the part as learner on dst.
I1013 10:42:09.310281 2344226 BalanceTask.cpp:92] [1665629109, 39:32, 172.16.54.68:9779->172.18.131.142:9779] Open the part as learner on dst.
I1013 10:42:09.310410 2344228 BalanceTask.cpp:64] [1665629109, 39:29, 172.16.54.68:9779->172.18.131.142:9779] Ask the src to give up the leadership.
I1013 10:42:09.310432 2344227 BalanceTask.cpp:92] [1665629109, 39:3, 172.16.54.66:9779->172.18.131.143:9779] Open the part as learner on dst.
I1013 10:42:09.310442 2344223 BalanceTask.cpp:64] [1665629109, 39:37, 172.16.54.67:9779->172.18.131.141:9779] Ask the src to give up the leadership.
I1013 10:42:09.310556 2344229 BalanceTask.cpp:92] [1665629109, 39:26, 172.16.54.68:9779->172.18.131.142:9779] Open the part as learner on dst.
I1013 10:42:09.310577 2344224 BalanceTask.cpp:92] [1665629109, 39:4, 172.16.54.67:9779->172.18.131.141:9779] Open the part as learner on dst.
I1013 10:42:09.311841 2344228 BalanceTask.cpp:92] [1665629109, 39:29, 172.16.54.68:9779->172.18.131.142:9779] Open the part as learner on dst.
I1013 10:42:09.311879 2344223 BalanceTask.cpp:92] [1665629109, 39:37, 172.16.54.67:9779->172.18.131.141:9779] Open the part as learner on dst.
E1013 10:42:09.312085 2344225 BalanceTask.cpp:96] [1665629109, 39:34, 172.16.54.67:9779->172.18.131.141:9779] Open part failed, status ["172.18.131.141":9778] RPC failure in AdminClient: N6apache6thrift9transport19TTransportExceptionE: AsyncSocketException: connect failed, type = Socket not open, errno = 113 (No route to host): No route to host
E1013 10:42:09.312202 2344230 BalanceTask.cpp:96] [1665629109, 39:40, 172.16.54.67:9779->172.18.131.141:9779] Open part failed, status ["172.18.131.141":9778] RPC failure in AdminClient: N6apache6thrift9transport19TTransportExceptionE: AsyncSocketException: connect failed, type = Socket not open, errno = 113 (No route to host): No route to host
E1013 10:42:09.312217 2344229 BalanceTask.cpp:96] [1665629109, 39:26, 172.16.54.68:9779->172.18.131.142:9779] Open part failed, status ["172.18.131.142":9778] RPC failure in AdminClient: N6apache6thrift9transport19TTransportExceptionE: AsyncSocketException: connect failed, type = Socket not open, errno = 113 (No route to host): No route to host
E1013 10:42:09.312979 2344224 BalanceTask.cpp:96] [1665629109, 39:4, 172.16.54.67:9779->172.18.131.141:9779] Open part failed, status ["172.18.131.141":9778] RPC failure in AdminClient: N6apache6thrift9transport19TTransportExceptionE: AsyncSocketException: connect failed, type = Socket not open, errno = 113 (No route to host): No route to host
E1013 10:42:09.313572 2344225 BalanceTask.cpp:38] [1665629109, 39:34, 172.16.54.67:9779->172.18.131.141:9779] Task failed, status 3
E1013 10:42:09.313588 2344229 BalanceTask.cpp:38] [1665629109, 39:26, 172.16.54.68:9779->172.18.131.142:9779] Task failed, status 3
I1013 10:42:09.313647 2344229 BalanceTask.cpp:47] [1665629109, 24:1, 172.16.54.66:9779->172.18.131.143:9779] Start to move part, check the peers firstly!
E1013 10:42:09.313575 2344230 BalanceTask.cpp:38] [1665629109, 39:40, 172.16.54.67:9779->172.18.131.141:9779] Task failed, status 3
I1013 10:42:09.313688 2344230 BalanceTask.cpp:47] [1665629109, 39:25, 172.16.54.67:9779->172.18.131.141:9779] Start to move part, check the peers firstly!
E1013 10:42:09.314371 2344224 BalanceTask.cpp:38] [1665629109, 39:4, 172.16.54.67:9779->172.18.131.141:9779] Task failed, status 3
I1013 10:42:09.314404 2344224 BalanceTask.cpp:47] [1665629109, 39:2, 172.16.54.68:9779->172.18.131.142:9779] Start to move part, check the peers firstly!
I1013 10:42:09.316332 2344230 BalanceTask.cpp:64] [1665629109, 39:25, 172.16.54.67:9779->172.18.131.141:9779] Ask the src to give up the leadership.
I1013 10:42:09.316426 2344221 BalanceTask.cpp:64] [1665629109, 39:39, 172.16.54.66:9779->172.18.131.143:9779] Ask the src to give up the leadership.
I1013 10:42:09.316462 2344224 BalanceTask.cpp:64] [1665629109, 39:2, 172.16.54.68:9779->172.18.131.142:9779] Ask the src to give up the leadership.
I1013 10:42:09.317113 2344230 BalanceTask.cpp:92] [1665629109, 39:25, 172.16.54.67:9779->172.18.131.141:9779] Open the part as learner on dst.
I1013 10:42:09.313616 2344225 BalanceTask.cpp:47] [1665629109, 39:18, 172.16.54.66:9779->172.18.131.143:9779] Start to move part, check the peers firstly!
I1013 10:42:09.317845 2344221 BalanceTask.cpp:92] [1665629109, 39:39, 172.16.54.66:9779->172.18.131.143:9779] Open the part as learner on dst.
I1013 10:42:09.318028 2344229 BalanceTask.cpp:64] [1665629109, 24:1, 172.16.54.66:9779->172.18.131.143:9779] Ask the src to give up the leadership.
E1013 10:42:09.318892 2344221 BalanceTask.cpp:96] [1665629109, 39:39, 172.16.54.66:9779->172.18.131.143:9779] Open part failed, status ["172.18.131.143":9778] RPC failure in AdminClient: N6apache6thrift9transport19TTransportExceptionE: AsyncSocketException: connect failed, type = Socket not open, errno = 113 (No route to host): No route to host
I1013 10:42:09.318893 2344224 BalanceTask.cpp:92] [1665629109, 39:2, 172.16.54.68:9779->172.18.131.142:9779] Open the part as learner on dst.
E1013 10:42:09.319929 2344221 BalanceTask.cpp:38] [1665629109, 39:39, 172.16.54.66:9779->172.18.131.143:9779] Task failed, status 3
I1013 10:42:09.319957 2344221 BalanceTask.cpp:47] [1665629109, 39:35, 172.16.54.68:9779->172.18.131.142:9779] Start to move part, check the peers firstly!
E1013 10:42:09.320304 2344224 BalanceTask.cpp:96] [1665629109, 39:2, 172.16.54.68:9779->172.18.131.142:9779] Open part failed, status ["172.18.131.142":9778] RPC failure in AdminClient: N6apache6thrift9transport19TTransportExceptionE: AsyncSocketException: connect failed, type = Socket not open, errno = 113 (No route to host): No route to host
I1013 10:42:09.321053 2344221 BalanceTask.cpp:64] [1665629109, 39:35, 172.16.54.68:9779->172.18.131.142:9779] Ask the src to give up the leadership.
E1013 10:42:09.321359 2344224 BalanceTask.cpp:38] [1665629109, 39:2, 172.16.54.68:9779->172.18.131.142:9779] Task failed, status 3
I1013 10:42:09.321419 2344224 BalanceTask.cpp:47] [1665629109, 24:14, 172.16.54.66:9779->172.18.131.143:9779] Start to move part, check the peers firstly!
I1013 10:42:09.321475 2344225 BalanceTask.cpp:64] [1665629109, 39:18, 172.16.54.66:9779->172.18.131.143:9779] Ask the src to give up the leadership.
I1013 10:42:09.322023 2344222 BalanceTask.cpp:64] [1665629109, 39:38, 172.16.54.68:9779->172.18.131.142:9779] Ask the src to give up the leadership.
I1013 10:42:09.322098 2344221 BalanceTask.cpp:92] [1665629109, 39:35, 172.16.54.68:9779->172.18.131.142:9779] Open the part as learner on dst.
I1013 10:42:09.323474 2344222 BalanceTask.cpp:92] [1665629109, 39:38, 172.16.54.68:9779->172.18.131.142:9779] Open the part as learner on dst.
I1013 10:42:09.323642 2344225 BalanceTask.cpp:92] [1665629109, 39:18, 172.16.54.66:9779->172.18.131.143:9779] Open the part as learner on dst.
I1013 10:42:09.323683 2344224 BalanceTask.cpp:64] [1665629109, 24:14, 172.16.54.66:9779->172.18.131.143:9779] Ask the src to give up the leadership.
E1013 10:42:09.326539 2344225 BalanceTask.cpp:96] [1665629109, 39:18, 172.16.54.66:9779->172.18.131.143:9779] Open part failed, status ["172.18.131.143":9778] RPC failure in AdminClient: N6apache6thrift9transport19TTransportExceptionE: AsyncSocketException: connect failed, type = Socket not open, errno = 113 (No route to host): No route to host
E1013 10:42:09.327239 2344225 BalanceTask.cpp:38] [1665629109, 39:18, 172.16.54.66:9779->172.18.131.143:9779] Task failed, status 3
I1013 10:42:09.327270 2344225 BalanceTask.cpp:47] [1665629109, 12:6, 172.16.54.66:9779->172.18.131.143:9779] Start to move part, check the peers firstly!
I1013 10:42:09.329708 2344225 BalanceTask.cpp:64] [1665629109, 12:6, 172.16.54.66:9779->172.18.131.143:9779] Ask the src to give up the leadership.
I1013 10:42:09.330080 2344229 BalanceTask.cpp:92] [1665629109, 24:1, 172.16.54.66:9779->172.18.131.143:9779] Open the part as learner on dst.
I1013 10:42:09.331168 2344224 BalanceTask.cpp:92] [1665629109, 24:14, 172.16.54.66:9779->172.18.131.143:9779] Open the part as learner on dst.
I1013 10:42:09.334774 2344225 BalanceTask.cpp:92] [1665629109, 12:6, 172.16.54.66:9779->172.18.131.143:9779] Open the part as learner on dst.
E1013 10:42:09.363179 2344230 BalanceTask.cpp:96] [1665629109, 39:25, 172.16.54.67:9779->172.18.131.141:9779] Open part failed, status ["172.18.131.141":9778] RPC failure in AdminClient: N6apache6thrift9transport19TTransportExceptionE: AsyncSocketException: connect failed, type = Socket not open, errno = 113 (No route to host): No route to host
E1013 10:42:09.364269 2344230 BalanceTask.cpp:38] [1665629109, 39:25, 172.16.54.67:9779->172.18.131.141:9779] Task failed, status 3
I1013 10:42:09.364310 2344230 BalanceTask.cpp:47] [1665629109, 30:14, 172.16.54.66:9779->172.18.131.143:9779] Start to move part, check the peers firstly!
I1013 10:42:09.366183 2344230 BalanceTask.cpp:64] [1665629109, 30:14, 172.16.54.66:9779->172.18.131.143:9779] Ask the src to give up the leadership.
I1013 10:42:09.367473 2344230 BalanceTask.cpp:92] [1665629109, 30:14, 172.16.54.66:9779->172.18.131.143:9779] Open the part as learner on dst.
E1013 10:42:10.323498 2344221 BalanceTask.cpp:96] [1665629109, 39:35, 172.16.54.68:9779->172.18.131.142:9779] Open part failed, status ["172.18.131.142":9778] RPC failure in AdminClient: N6apache6thrift9transport19TTransportExceptionE: AsyncSocketException: write timed out during connection, type = Timed out
E1013 10:42:10.324440 2344222 BalanceTask.cpp:96] [1665629109, 39:38, 172.16.54.68:9779->172.18.131.142:9779] Open part failed, status ["172.18.131.142":9778] RPC failure in AdminClient: N6apache6thrift9transport19TTransportExceptionE: AsyncSocketException: write timed out during connection, type = Timed out
E1013 10:42:10.324904 2344221 BalanceTask.cpp:38] [1665629109, 39:35, 172.16.54.68:9779->172.18.131.142:9779] Task failed, status 3
I1013 10:42:10.324937 2344221 BalanceTask.cpp:47] [1665629109, 39:33, 172.16.54.66:9779->172.18.131.143:9779] Start to move part, check the peers firstly!
E1013 10:42:10.331647 2344222 BalanceTask.cpp:38] [1665629109, 39:38, 172.16.54.68:9779->172.18.131.142:9779] Task failed, status 3
I1013 10:42:10.331713 2344222 BalanceTask.cpp:47] [1665629109, 39:21, 172.16.54.66:9779->172.18.131.143:9779] Start to move part, check the peers firstly!
I1013 10:42:10.333580 2344222 BalanceTask.cpp:64] [1665629109, 39:21, 172.16.54.66:9779->172.18.131.143:9779] Ask the src to give up the leadership.
I1013 10:42:10.334770 2344222 BalanceTask.cpp:92] [1665629109, 39:21, 172.16.54.66:9779->172.18.131.143:9779] Open the part as learner on dst.
I1013 10:42:10.335811 2344221 BalanceTask.cpp:64] [1665629109, 39:33, 172.16.54.66:9779->172.18.131.143:9779] Ask the src to give up the leadership.
E1013 10:42:10.336395 2344222 BalanceTask.cpp:96] [1665629109, 39:21, 172.16.54.66:9779->172.18.131.143:9779] Open part failed, status ["172.18.131.143":9778] RPC failure in AdminClient: N6apache6thrift9transport19TTransportExceptionE: AsyncSocketException: connect failed, type = Socket not open, errno = 113 (No route to host): No route to host
I1013 10:42:10.336867 2344221 BalanceTask.cpp:92] [1665629109, 39:33, 172.16.54.66:9779->172.18.131.143:9779] Open the part as learner on dst.
E1013 10:42:10.337291 2344222 BalanceTask.cpp:38] [1665629109, 39:21, 172.16.54.66:9779->172.18.131.143:9779] Task failed, status 3
I1013 10:42:10.337323 2344222 BalanceTask.cpp:47] [1665629109, 24:12, 172.16.54.66:9779->172.18.131.143:9779] Start to move part, check the peers firstly!
I1013 10:42:10.340621 2344222 BalanceTask.cpp:64] [1665629109, 24:12, 172.16.54.66:9779->172.18.131.143:9779] Ask the src to give up the leadership.
I1013 10:42:10.342257 2344222 BalanceTask.cpp:92] [1665629109, 24:12, 172.16.54.66:9779->172.18.131.143:9779] Open the part as learner on dst.
E1013 10:42:10.363487 2344228 BalanceTask.cpp:96] [1665629109, 39:29, 172.16.54.68:9779->172.18.131.142:9779] Open part failed, status ["172.18.131.142":9778] RPC failure in AdminClient: N6apache6thrift9transport19TTransportExceptionE: AsyncSocketException: write timed out during connection, type = Timed out
E1013 10:42:10.363652 2344226 BalanceTask.cpp:96] [1665629109, 39:32, 172.16.54.68:9779->172.18.131.142:9779] Open part failed, status ["172.18.131.142":9778] RPC failure in AdminClient: N6apache6thrift9transport19TTransportExceptionE: AsyncSocketException: write timed out during connection, type = Timed out
E1013 10:42:10.363750 2344227 BalanceTask.cpp:96] [1665629109, 39:3, 172.16.54.66:9779->172.18.131.143:9779] Open part failed, status ["172.18.131.143":9778] RPC failure in AdminClient: N6apache6thrift9transport19TTransportExceptionE: AsyncSocketException: write timed out during connection, type = Timed out
E1013 10:42:10.363837 2344229 BalanceTask.cpp:96] [1665629109, 24:1, 172.16.54.66:9779->172.18.131.143:9779] Open part failed, status ["172.18.131.143":9778] RPC failure in AdminClient: N6apache6thrift9transport19TTransportExceptionE: AsyncSocketException: write timed out during connection, type = Timed out
E1013 10:42:10.363962 2344223 BalanceTask.cpp:96] [1665629109, 39:37, 172.16.54.67:9779->172.18.131.141:9779] Open part failed, status ["172.18.131.141":9778] RPC failure in AdminClient: N6apache6thrift9transport19TTransportExceptionE: AsyncSocketException: write timed out during connection, type = Timed out
E1013 10:42:10.364038 2344224 BalanceTask.cpp:96] [1665629109, 24:14, 172.16.54.66:9779->172.18.131.143:9779] Open part failed, status ["172.18.131.143":9778] RPC failure in AdminClient: N6apache6thrift9transport19TTransportExceptionE: AsyncSocketException: write timed out during connection, type = Timed out
E1013 10:42:10.364425 2344225 BalanceTask.cpp:96] [1665629109, 12:6, 172.16.54.66:9779->172.18.131.143:9779] Open part failed, status ["172.18.131.143":9778] RPC failure in AdminClient: N6apache6thrift9transport19TTransportExceptionE: AsyncSocketException: write timed out during connection, type = Timed out
E1013 10:42:10.368597 2344230 BalanceTask.cpp:96] [1665629109, 30:14, 172.16.54.66:9779->172.18.131.143:9779] Open part failed, status ["172.18.131.143":9778] RPC failure in AdminClient: N6apache6thrift9transport19TTransportExceptionE: AsyncSocketException: write timed out during connection, type = Timed out
E1013 10:42:10.369192 2344228 BalanceTask.cpp:38] [1665629109, 39:29, 172.16.54.68:9779->172.18.131.142:9779] Task failed, status 3
I1013 10:42:10.369237 2344228 BalanceTask.cpp:47] [1665629109, 24:15, 172.16.54.66:9779->172.18.131.143:9779] Start to move part, check the peers firstly!
E1013 10:42:10.370294 2344226 BalanceTask.cpp:38] [1665629109, 39:32, 172.16.54.68:9779->172.18.131.142:9779] Task failed, status 3
I1013 10:42:10.370327 2344226 BalanceTask.cpp:47] [1665629109, 39:15, 172.16.54.66:9779->172.18.131.143:9779] Start to move part, check the peers firstly!
E1013 10:42:10.370370 2344227 BalanceTask.cpp:38] [1665629109, 39:3, 172.16.54.66:9779->172.18.131.143:9779] Task failed, status 3
I1013 10:42:10.370389 2344227 BalanceTask.cpp:47] [1665629109, 39:12, 172.16.54.66:9779->172.18.131.143:9779] Start to move part, check the peers firstly!
E1013 10:42:10.370427 2344229 BalanceTask.cpp:38] [1665629109, 24:1, 172.16.54.66:9779->172.18.131.143:9779] Task failed, status 3
I1013 10:42:10.370447 2344229 BalancePlan.cpp:102] Skip the task for the same partId 1
E1013 10:42:10.370501 2344223 BalanceTask.cpp:38] [1665629109, 39:37, 172.16.54.67:9779->172.18.131.141:9779] Task failed, status 3
I1013 10:42:10.370523 2344223 BalanceTask.cpp:47] [1665629109, 39:20, 172.16.54.68:9779->172.18.131.142:9779] Start to move part, check the peers firstly!
E1013 10:42:10.370576 2344224 BalanceTask.cpp:38] [1665629109, 24:14, 172.16.54.66:9779->172.18.131.143:9779] Task failed, status 3
I1013 10:42:10.370599 2344224 BalancePlan.cpp:102] Skip the task for the same partId 14
E1013 10:42:10.370632 2344225 BalanceTask.cpp:38] [1665629109, 12:6, 172.16.54.66:9779->172.18.131.143:9779] Task failed, status 3
I1013 10:42:10.370652 2344225 BalancePlan.cpp:102] Skip the task for the same partId 6
E1013 10:42:10.370697 2344230 BalanceTask.cpp:38] [1665629109, 30:14, 172.16.54.66:9779->172.18.131.143:9779] Task failed, status 3
I1013 10:42:10.370779 2344230 BalancePlan.cpp:102] Skip the task for the same partId 14
E1013 10:42:10.372224 2344229 BalanceTask.cpp:38] [1665629109, 24:1, 172.16.54.67:9779->172.18.131.142:9779] Task failed, status 1
I1013 10:42:10.372263 2344229 BalancePlan.cpp:102] Skip the task for the same partId 1
I1013 10:42:10.372696 2344226 BalanceTask.cpp:64] [1665629109, 39:15, 172.16.54.66:9779->172.18.131.143:9779] Ask the src to give up the leadership.
I1013 10:42:10.372725 2344223 BalanceTask.cpp:64] [1665629109, 39:20, 172.16.54.68:9779->172.18.131.142:9779] Ask the src to give up the leadership.
E1013 10:42:10.372761 2344224 BalanceTask.cpp:38] [1665629109, 24:14, 172.16.54.67:9779->172.18.131.142:9779] Task failed, status 1
I1013 10:42:10.372781 2344224 BalancePlan.cpp:102] Skip the task for the same partId 14
I1013 10:42:10.372790 2344228 BalanceTask.cpp:64] [1665629109, 24:15, 172.16.54.66:9779->172.18.131.143:9779] Ask the src to give up the leadership.
E1013 10:42:10.372802 2344225 BalanceTask.cpp:38] [1665629109, 12:6, 172.16.54.67:9779->172.18.131.142:9779] Task failed, status 1
I1013 10:42:10.372857 2344225 BalancePlan.cpp:102] Skip the task for the same partId 6
E1013 10:42:10.372987 2344230 BalanceTask.cpp:38] [1665629109, 30:14, 172.16.54.67:9779->172.18.131.142:9779] Task failed, status 1
I1013 10:42:10.373018 2344230 BalancePlan.cpp:102] Skip the task for the same partId 14
I1013 10:42:10.374006 2344226 BalanceTask.cpp:92] [1665629109, 39:15, 172.16.54.66:9779->172.18.131.143:9779] Open the part as learner on dst.
E1013 10:42:10.374073 2344230 BalanceTask.cpp:38] [1665629109, 30:14, 172.16.54.68:9779->172.18.131.141:9779] Task failed, status 1
I1013 10:42:10.374097 2344230 BalanceTask.cpp:47] [1665629109, 24:8, 172.16.54.66:9779->172.18.131.143:9779] Start to move part, check the peers firstly!
E1013 10:42:10.374128 2344229 BalanceTask.cpp:38] [1665629109, 24:1, 172.16.54.68:9779->172.18.131.141:9779] Task failed, status 1
I1013 10:42:10.374176 2344229 BalanceTask.cpp:47] [1665629109, 39:16, 172.16.54.67:9779->172.18.131.141:9779] Start to move part, check the peers firstly!
I1013 10:42:10.374296 2344223 BalanceTask.cpp:92] [1665629109, 39:20, 172.16.54.68:9779->172.18.131.142:9779] Open the part as learner on dst.
E1013 10:42:10.374296 2344225 BalanceTask.cpp:38] [1665629109, 12:6, 172.16.54.68:9779->172.18.131.141:9779] Task failed, status 1
E1013 10:42:10.374333 2344224 BalanceTask.cpp:38] [1665629109, 24:14, 172.16.54.68:9779->172.18.131.141:9779] Task failed, status 1
I1013 10:42:10.374338 2344225 BalanceTask.cpp:47] [1665629109, 12:3, 172.16.54.66:9779->172.18.131.143:9779] Start to move part, check the peers firstly!
I1013 10:42:10.374356 2344224 BalanceTask.cpp:47] [1665629109, 12:1, 172.16.54.66:9779->172.18.131.143:9779] Start to move part, check the peers firstly!
I1013 10:42:10.374611 2344228 BalanceTask.cpp:92] [1665629109, 24:15, 172.16.54.66:9779->172.18.131.143:9779] Open the part as learner on dst.
I1013 10:42:10.376431 2344227 BalanceTask.cpp:64] [1665629109, 39:12, 172.16.54.66:9779->172.18.131.143:9779] Ask the src to give up the leadership.
I1013 10:42:10.376686 2344229 BalanceTask.cpp:64] [1665629109, 39:16, 172.16.54.67:9779->172.18.131.141:9779] Ask the src to give up the leadership.
I1013 10:42:10.377240 2344227 BalanceTask.cpp:92] [1665629109, 39:12, 172.16.54.66:9779->172.18.131.143:9779] Open the part as learner on dst.
E1013 10:42:10.377321 2344223 BalanceTask.cpp:96] [1665629109, 39:20, 172.16.54.68:9779->172.18.131.142:9779] Open part failed, status ["172.18.131.142":9778] RPC failure in AdminClient: N6apache6thrift9transport19TTransportExceptionE: AsyncSocketException: connect failed, type = Socket not open, errno = 113 (No route to host): No route to host
I1013 10:42:10.377992 2344229 BalanceTask.cpp:92] [1665629109, 39:16, 172.16.54.67:9779->172.18.131.141:9779] Open the part as learner on dst.
E1013 10:42:10.378883 2344223 BalanceTask.cpp:38] [1665629109, 39:20, 172.16.54.68:9779->172.18.131.142:9779] Task failed, status 3
I1013 10:42:10.378932 2344223 BalanceTask.cpp:47] [1665629109, 12:9, 172.16.54.66:9779->172.18.131.143:9779] Start to move part, check the peers firstly!
E1013 10:42:10.379338 2344229 BalanceTask.cpp:96] [1665629109, 39:16, 172.16.54.67:9779->172.18.131.141:9779] Open part failed, status ["172.18.131.141":9778] RPC failure in AdminClient: N6apache6thrift9transport19TTransportExceptionE: AsyncSocketException: connect failed, type = Socket not open, errno = 113 (No route to host): No route to host
E1013 10:42:10.380889 2344229 BalanceTask.cpp:38] [1665629109, 39:16, 172.16.54.67:9779->172.18.131.141:9779] Task failed, status 3
I1013 10:42:10.380925 2344229 BalanceTask.cpp:47] [1665629109, 12:15, 172.16.54.66:9779->172.18.131.143:9779] Start to move part, check the peers firstly!
I1013 10:42:10.385664 2344229 BalanceTask.cpp:64] [1665629109, 12:15, 172.16.54.66:9779->172.18.131.143:9779] Ask the src to give up the leadership.
I1013 10:42:10.385825 2344223 BalanceTask.cpp:64] [1665629109, 12:9, 172.16.54.66:9779->172.18.131.143:9779] Ask the src to give up the leadership.
I1013 10:42:10.385882 2344225 BalanceTask.cpp:64] [1665629109, 12:3, 172.16.54.66:9779->172.18.131.143:9779] Ask the src to give up the leadership.
I1013 10:42:10.386001 2344230 BalanceTask.cpp:64] [1665629109, 24:8, 172.16.54.66:9779->172.18.131.143:9779] Ask the src to give up the leadership.
I1013 10:42:10.387691 2344224 BalanceTask.cpp:64] [1665629109, 12:1, 172.16.54.66:9779->172.18.131.143:9779] Ask the src to give up the leadership.
I1013 10:42:10.388434 2344225 BalanceTask.cpp:92] [1665629109, 12:3, 172.16.54.66:9779->172.18.131.143:9779] Open the part as learner on dst.
I1013 10:42:10.388626 2344230 BalanceTask.cpp:92] [1665629109, 24:8, 172.16.54.66:9779->172.18.131.143:9779] Open the part as learner on dst.
I1013 10:42:10.389688 2344224 BalanceTask.cpp:92] [1665629109, 12:1, 172.16.54.66:9779->172.18.131.143:9779] Open the part as learner on dst.
I1013 10:42:10.390830 2344229 BalanceTask.cpp:92] [1665629109, 12:15, 172.16.54.66:9779->172.18.131.143:9779] Open the part as learner on dst.
I1013 10:42:10.391103 2344223 BalanceTask.cpp:92] [1665629109, 12:9, 172.16.54.66:9779->172.18.131.143:9779] Open the part as learner on dst.
I1013 10:42:10.678969 3358285 HBProcessor.cpp:33] Receive heartbeat from "172.18.131.141":9669, role = GRAPH
E1013 10:42:11.342520 2344221 BalanceTask.cpp:96] [1665629109, 39:33, 172.16.54.66:9779->172.18.131.143:9779] Open part failed, status ["172.18.131.143":9778] RPC failure in AdminClient: N6apache6thrift9transport19TTransportExceptionE: AsyncSocketException: connect failed, type = Socket not open, errno = 113 (No route to host): No route to host
E1013 10:42:11.343699 2344222 BalanceTask.cpp:96] [1665629109, 24:12, 172.16.54.66:9779->172.18.131.143:9779] Open part failed, status ["172.18.131.143":9778] RPC failure in AdminClient: N6apache6thrift9transport19TTransportExceptionE: AsyncSocketException: write timed out during connection, type = Timed out
E1013 10:42:11.344537 2344221 BalanceTask.cpp:38] [1665629109, 39:33, 172.16.54.66:9779->172.18.131.143:9779] Task failed, status 3
I1013 10:42:11.344588 2344221 BalanceTask.cpp:47] [1665629109, 24:5, 172.16.54.66:9779->172.18.131.143:9779] Start to move part, check the peers firstly!
E1013 10:42:11.349254 2344222 BalanceTask.cpp:38] [1665629109, 24:12, 172.16.54.66:9779->172.18.131.143:9779] Task failed, status 3
I1013 10:42:11.349318 2344222 BalancePlan.cpp:102] Skip the task for the same partId 12
I1013 10:42:11.351953 2344221 BalanceTask.cpp:64] [1665629109, 24:5, 172.16.54.66:9779->172.18.131.143:9779] Ask the src to give up the leadership.
E1013 10:42:11.357831 2344222 BalanceTask.cpp:38] [1665629109, 24:12, 172.16.54.67:9779->172.18.131.142:9779] Task failed, status 1
I1013 10:42:11.357897 2344222 BalancePlan.cpp:102] Skip the task for the same partId 12
E1013 10:42:11.364730 2344222 BalanceTask.cpp:38] [1665629109, 24:12, 172.16.54.68:9779->172.18.131.141:9779] Task failed, status 1
I1013 10:42:11.364790 2344222 BalanceTask.cpp:47] [1665629109, 39:24, 172.16.54.66:9779->172.18.131.143:9779] Start to move part, check the peers firstly!
I1013 10:42:11.367437 2344221 BalanceTask.cpp:92] [1665629109, 24:5, 172.16.54.66:9779->172.18.131.143:9779] Open the part as learner on dst.
I1013 10:42:11.367693 2344222 BalanceTask.cpp:64] [1665629109, 39:24, 172.16.54.66:9779->172.18.131.143:9779] Ask the src to give up the leadership.
E1013 10:42:11.377493 2344226 BalanceTask.cpp:96] [1665629109, 39:15, 172.16.54.66:9779->172.18.131.143:9779] Open part failed, status ["172.18.131.143":9778] RPC failure in AdminClient: N6apache6thrift9transport19TTransportExceptionE: AsyncSocketException: write timed out during connection, type = Timed out
I1013 10:42:11.379242 2344222 BalanceTask.cpp:92] [1665629109, 39:24, 172.16.54.66:9779->172.18.131.143:9779] Open the part as learner on dst.
E1013 10:42:11.380465 2344228 BalanceTask.cpp:96] [1665629109, 24:15, 172.16.54.66:9779->172.18.131.143:9779] Open part failed, status ["172.18.131.143":9778] RPC failure in AdminClient: N6apache6thrift9transport19TTransportExceptionE: AsyncSocketException: write timed out during connection, type = Timed out
E1013 10:42:11.382521 2344227 BalanceTask.cpp:96] [1665629109, 39:12, 172.16.54.66:9779->172.18.131.143:9779] Open part failed, status ["172.18.131.143":9778] RPC failure in AdminClient: N6apache6thrift9transport19TTransportExceptionE: AsyncSocketException: write timed out during connection, type = Timed out
E1013 10:42:11.382781 2344226 BalanceTask.cpp:38] [1665629109, 39:15, 172.16.54.66:9779->172.18.131.143:9779] Task failed, status 3
I1013 10:42:11.382814 2344226 BalanceTask.cpp:47] [1665629109, 39:27, 172.16.54.66:9779->172.18.131.143:9779] Start to move part, check the peers firstly!
E1013 10:42:11.386953 2344228 BalanceTask.cpp:38] [1665629109, 24:15, 172.16.54.66:9779->172.18.131.143:9779] Task failed, status 3
I1013 10:42:11.387022 2344228 BalancePlan.cpp:102] Skip the task for the same partId 15
E1013 10:42:11.387075 2344227 BalanceTask.cpp:38] [1665629109, 39:12, 172.16.54.66:9779->172.18.131.143:9779] Task failed, status 3
I1013 10:42:11.387094 2344227 BalanceTask.cpp:47] [1665629109, 12:11, 172.16.54.66:9779->172.18.131.143:9779] Start to move part, check the peers firstly!
E1013 10:42:11.391505 2344230 BalanceTask.cpp:96] [1665629109, 24:8, 172.16.54.66:9779->172.18.131.143:9779] Open part failed, status ["172.18.131.143":9778] RPC failure in AdminClient: N6apache6thrift9transport19TTransportExceptionE: AsyncSocketException: write timed out during connection, type = Timed out
E1013 10:42:11.391654 2344224 BalanceTask.cpp:96] [1665629109, 12:1, 172.16.54.66:9779->172.18.131.143:9779] Open part failed, status ["172.18.131.143":9778] RPC failure in AdminClient: N6apache6thrift9transport19TTransportExceptionE: AsyncSocketException: write timed out during connection, type = Timed out
E1013 10:42:11.391736 2344225 BalanceTask.cpp:96] [1665629109, 12:3, 172.16.54.66:9779->172.18.131.143:9779] Open part failed, status ["172.18.131.143":9778] RPC failure in AdminClient: N6apache6thrift9transport19TTransportExceptionE: AsyncSocketException: write timed out during connection, type = Timed out
E1013 10:42:11.392102 2344228 BalanceTask.cpp:38] [1665629109, 24:15, 172.16.54.67:9779->172.18.131.142:9779] Task failed, status 1
I1013 10:42:11.392148 2344228 BalancePlan.cpp:102] Skip the task for the same partId 15
I1013 10:42:11.392459 2344226 BalanceTask.cpp:64] [1665629109, 39:27, 172.16.54.66:9779->172.18.131.143:9779] Ask the src to give up the leadership.
E1013 10:42:11.393347 2344229 BalanceTask.cpp:96] [1665629109, 12:15, 172.16.54.66:9779->172.18.131.143:9779] Open part failed, status ["172.18.131.143":9778] RPC failure in AdminClient: N6apache6thrift9transport19TTransportExceptionE: AsyncSocketException: write timed out during connection, type = Timed out
E1013 10:42:11.393499 2344223 BalanceTask.cpp:96] [1665629109, 12:9, 172.16.54.66:9779->172.18.131.143:9779] Open part failed, status ["172.18.131.143":9778] RPC failure in AdminClient: N6apache6thrift9transport19TTransportExceptionE: AsyncSocketException: write timed out during connection, type = Timed out
I1013 10:42:11.397174 2344227 BalanceTask.cpp:64] [1665629109, 12:11, 172.16.54.66:9779->172.18.131.143:9779] Ask the src to give up the leadership.
E1013 10:42:11.397208 2344230 BalanceTask.cpp:38] [1665629109, 24:8, 172.16.54.66:9779->172.18.131.143:9779] Task failed, status 3
I1013 10:42:11.397248 2344230 BalancePlan.cpp:102] Skip the task for the same partId 8
E1013 10:42:11.397284 2344224 BalanceTask.cpp:38] [1665629109, 12:1, 172.16.54.66:9779->172.18.131.143:9779] Task failed, status 3
I1013 10:42:11.397302 2344224 BalancePlan.cpp:102] Skip the task for the same partId 1
E1013 10:42:11.397334 2344225 BalanceTask.cpp:38] [1665629109, 12:3, 172.16.54.66:9779->172.18.131.143:9779] Task failed, status 3
I1013 10:42:11.397352 2344225 BalancePlan.cpp:102] Skip the task for the same partId 3
E1013 10:42:11.397390 2344228 BalanceTask.cpp:38] [1665629109, 24:15, 172.16.54.68:9779->172.18.131.141:9779] Task failed, status 1
I1013 10:42:11.397411 2344228 BalanceTask.cpp:47] [1665629109, 12:8, 172.16.54.66:9779->172.18.131.143:9779] Start to move part, check the peers firstly!
I1013 10:42:11.397713 2344226 BalanceTask.cpp:92] [1665629109, 39:27, 172.16.54.66:9779->172.18.131.143:9779] Open the part as learner on dst.
E1013 10:42:11.401459 2344229 BalanceTask.cpp:38] [1665629109, 12:15, 172.16.54.66:9779->172.18.131.143:9779] Task failed, status 3
I1013 10:42:11.401535 2344229 BalancePlan.cpp:102] Skip the task for the same partId 15
E1013 10:42:11.401470 2344230 BalanceTask.cpp:38] [1665629109, 24:8, 172.16.54.67:9779->172.18.131.142:9779] Task failed, status 1
I1013 10:42:11.401595 2344230 BalancePlan.cpp:102] Skip the task for the same partId 8
E1013 10:42:11.401489 2344224 BalanceTask.cpp:38] [1665629109, 12:1, 172.16.54.67:9779->172.18.131.142:9779] Task failed, status 1
I1013 10:42:11.401629 2344224 BalancePlan.cpp:102] Skip the task for the same partId 1
E1013 10:42:11.401684 2344223 BalanceTask.cpp:38] [1665629109, 12:9, 172.16.54.66:9779->172.18.131.143:9779] Task failed, status 3
I1013 10:42:11.401706 2344223 BalancePlan.cpp:102] Skip the task for the same partId 9
E1013 10:42:11.401513 2344225 BalanceTask.cpp:38] [1665629109, 12:3, 172.16.54.67:9779->172.18.131.142:9779] Task failed, status 1
I1013 10:42:11.401741 2344225 BalancePlan.cpp:102] Skip the task for the same partId 3
E1013 10:42:11.404539 2344230 BalanceTask.cpp:38] [1665629109, 24:8, 172.16.54.68:9779->172.18.131.141:9779] Task failed, status 1
I1013 10:42:11.404618 2344230 BalanceTask.cpp:47] [1665629109, 30:6, 172.16.54.66:9779->172.18.131.143:9779] Start to move part, check the peers firstly!
E1013 10:42:11.404827 2344224 BalanceTask.cpp:38] [1665629109, 12:1, 172.16.54.68:9779->172.18.131.141:9779] Task failed, status 1
I1013 10:42:11.404856 2344224 BalanceTask.cpp:47] [1665629109, 30:10, 172.16.54.66:9779->172.18.131.143:9779] Start to move part, check the peers firstly!
E1013 10:42:11.404887 2344223 BalanceTask.cpp:38] [1665629109, 12:9, 172.16.54.67:9779->172.18.131.142:9779] Task failed, status 1
I1013 10:42:11.404908 2344223 BalancePlan.cpp:102] Skip the task for the same partId 9
