I20231110 06:23:08.260936 2132 RocksEngineConfig.cpp:371] Emplace rocksdb option max_bytes_for_level_base=268435456
I20231110 06:23:08.260979 2132 RocksEngineConfig.cpp:371] Emplace rocksdb option max_write_buffer_number=4
I20231110 06:23:08.260987 2132 RocksEngineConfig.cpp:371] Emplace rocksdb option write_buffer_size=67108864
I20231110 06:23:08.261248 2132 RocksEngineConfig.cpp:371] Emplace rocksdb option block_size=8192
I20231110 06:23:08.267398 2132 RocksEngine.cpp:107] open rocksdb on /data/storage/nebula/12/data
I20231110 06:23:08.267689 65 NebulaStore.cpp:480] Space 12, part 2 has been added, asLearner 0
I20231110 06:23:08.267830 65 NebulaStore.cpp:480] Space 12, part 5 has been added, asLearner 0
I20231110 06:23:08.268362 65 Part.cpp:494] [Port: 9780, Space: 11, Part: 2] Clean rocksdb part data
I20231110 06:23:08.268424 65 NebulaStore.cpp:594] Space 11, part 2 has been removed!
I20231110 06:23:08.268781 65 Part.cpp:494] [Port: 9780, Space: 11, Part: 5] Clean rocksdb part data
I20231110 06:23:08.268836 65 NebulaStore.cpp:594] Space 11, part 5 has been removed!
I20231110 06:23:08.268893 65 RocksEngine.h:247] Release rocksdb on /data/storage/nebula/11
I20231110 06:23:08.269302 65 NebulaStore.cpp:737] Try to remove space directory: /data/storage/nebula/11
I20231110 06:23:08.269764 65 NebulaStore.cpp:739] Space directory removed: /data/storage/nebula/11
I20231110 06:23:08.269776 65 NebulaStore.cpp:555] Data space 11 has been removed!
I20231110 06:23:08.877028 69 Part.h:59] [Port: 9780, Space: 11, Part: 2] ~Part()
I20231110 06:23:09.152283 68 Part.h:59] [Port: 9780, Space: 11, Part: 5] ~Part()
I20231110 06:23:18.292598 65 MetaClient.cpp:3263] Load leader of "storaged0":9779 in 1 space
I20231110 06:23:18.292661 65 MetaClient.cpp:3263] Load leader of "storaged1":9779 in 1 space
I20231110 06:23:18.292690 65 MetaClient.cpp:3263] Load leader of "storaged2":9779 in 1 space
I20231110 06:23:18.292701 65 MetaClient.cpp:3269] Load leader ok
I20231110 06:23:18.293435 65 NebulaStore.cpp:417] Create data space 13
I20231110 06:23:18.294442 2148 RocksEngineConfig.cpp:371] Emplace rocksdb option max_bytes_for_level_base=268435456
I20231110 06:23:18.294484 2148 RocksEngineConfig.cpp:371] Emplace rocksdb option max_write_buffer_number=4
I20231110 06:23:18.294495 2148 RocksEngineConfig.cpp:371] Emplace rocksdb option write_buffer_size=67108864
I20231110 06:23:18.294807 2148 RocksEngineConfig.cpp:371] Emplace rocksdb option block_size=8192
I20231110 06:23:18.302556 2148 RocksEngine.cpp:107] open rocksdb on /data/storage/nebula/13/data
I20231110 06:23:18.302877 65 NebulaStore.cpp:480] Space 13, part 2 has been added, asLearner 0
I20231110 06:23:18.303046 65 NebulaStore.cpp:480] Space 13, part 5 has been added, asLearner 0
I20231110 06:23:18.303571 65 Part.cpp:494] [Port: 9780, Space: 12, Part: 2] Clean rocksdb part data
I20231110 06:23:18.303741 65 NebulaStore.cpp:594] Space 12, part 2 has been removed!
I20231110 06:23:18.304136 65 Part.cpp:494] [Port: 9780, Space: 12, Part: 5] Clean rocksdb part data
I20231110 06:23:18.304216 65 NebulaStore.cpp:594] Space 12, part 5 has been removed!
I20231110 06:23:18.304304 65 RocksEngine.h:247] Release rocksdb on /data/storage/nebula/12
I20231110 06:23:18.304888 65 NebulaStore.cpp:737] Try to remove space directory: /data/storage/nebula/12
I20231110 06:23:18.305356 65 NebulaStore.cpp:739] Space directory removed: /data/storage/nebula/12
I20231110 06:23:18.305368 65 NebulaStore.cpp:555] Data space 12 has been removed!
I20231110 06:23:18.904945 69 Part.h:59] [Port: 9780, Space: 12, Part: 2] ~Part()
I20231110 06:23:19.010092 66 Part.h:59] [Port: 9780, Space: 12, Part: 5] ~Part()
E20231110 06:23:28.203552 14 AddVerticesProcessor.cpp:91] Space 2, vertex length invalid, space vid len: 255, vid is 流量王49元套餐(山东),用户反映偶尔无法被叫,核查功能正常,建议关开机,不行换机测试,用户认可。 市公司回访用户无法接通,接触流水:*********是否回访成功:失败.回访描述:多次回访用户均无法正常接通 临沂市罗庄区分公司罗七路网格:***:季向莉,套餐:流量王49元套餐(山东)
E20231110 06:23:28.215315 30 AddVerticesProcessor.cpp:91] Space 2, vertex length invalid, space vid len: 255, vid is 150多元的套餐,对现套餐收费不认可,请协助处理,谢谢。 此工单为互联网平台工单,请在时限内按模板回复,谢谢! 不满意 ①客户基本资料:业务号码: 姓名:*餐名称:*次联系客户时间: ③投诉核查处理情况: ④答复客户时间及客户满意度评价: ⑤投诉核查关联材料:无 回单人: 满意 ①客户投诉产生的原因: ②客户投诉问题核查情况及解决方案: ③客户问题满意度:满意 ④回单人:①客户投诉产生的原因:用户反映套餐变更问题。 ②客户投诉问题核查情况及解决方案:经查,用户号码***名刘向阳,产品名称畅爽冰激凌5G套餐
E20231110 06:23:28.215531 30 AddVerticesProcessor.cpp:91] Space 2, vertex length invalid, space vid len: 255, vid is *畅爽冰激凌国内流量套餐 客户要求及问题补充:用户来电表示对月租费不认可,表示贵了10块钱,要求核实并回复,要求核实并回复,谢谢 宽带提速包月费10.00不认可,请协助处理,谢谢!***016-04-21 15:23:314G畅爽冰激凌国内流量套餐-199元/月
E20231110 06:23:28.227013 37 AddVerticesProcessor.cpp:91] Space 2, vertex length invalid, space vid len: 255, vid is 8元流量王套餐,用户认可,因用户平时不使用流量和语音,且降套意愿强烈,故在用接受的价值内为用户推荐更改套餐为8元套餐产品 是否超时:未超时 是否解决:解决 核实套餐已变更 2023-11-07 15:01:15 移网产品/服务变更 正常 ***务 沃4G 4G全国流量王8元套餐
I20231110 06:23:28.376147 65 MetaClient.cpp:3263] Load leader of "storaged0":9779 in 2 space
I20231110 06:23:28.376220 65 MetaClient.cpp:3263] Load leader of "storaged1":9779 in 1 space
I20231110 06:23:28.376250 65 MetaClient.cpp:3263] Load leader of "storaged2":9779 in 1 space
I20231110 06:23:28.376271 65 MetaClient.cpp:3269] Load leader ok
E20231110 06:23:28.514293 33 AddEdgesProcessor.cpp:97] Space 2 vertex length invalid, space vid len: 255, edge srcVid: "*畅爽冰激凌国内流量套餐 客户要求及问题补充:用户来电表示对月租费不认可,表示贵了10块钱,要求核实并回复,要求核实并回复,谢谢 宽带提速包月费10.00不认可,请协助处理,谢谢!***016-04-21 15:23:314G畅爽冰激凌国内流量套餐-199元/月", dstVid: "TS202311041927459578"
E20231110 06:23:28.514616 33 AddEdgesProcessor.cpp:97] Space 2 vertex length invalid, space vid len: 255, edge srcVid: "150多元的套餐,对现套餐收费不认可,请协助处理,谢谢。 此工单为互联网平台工单,请在时限内按模板回复,谢谢! 不满意 ①客户基本资料:业务号码: 姓名:*餐名称:*次联系客户时间: ③投诉核查处理情况: ④答复客户时间及客户满意度评价: ⑤投诉核查关联材料:无 回单人: 满意 ①客户投诉产生的原因: ②客户投诉问题核查情况及解决方案: ③客户问题满意度:满意 ④回单人:①客户投诉产生的原因:用户反映套餐变更问题。 ②客户投诉问题核查情况及解决方案:经查,用户号码***名刘向阳,产品名称畅爽冰激凌5G套餐", dstVid: "TS202311042144438297"
E20231110 06:23:28.514930 33 AddEdgesProcessor.cpp:97] Space 2 vertex length invalid, space vid len: 255, edge srcVid: "TS202311042144438297", dstVid: "150多元的套餐,对现套餐收费不认可,请协助处理,谢谢。 此工单为互联网平台工单,请在时限内按模板回复,谢谢! 不满意 ①客户基本资料:业务号码: 姓名:*餐名称:*次联系客户时间: ③投诉核查处理情况: ④答复客户时间及客户满意度评价: ⑤投诉核查关联材料:无 回单人: 满意 ①客户投诉产生的原因: ②客户投诉问题核查情况及解决方案: ③客户问题满意度:满意 ④回单人:①客户投诉产生的原因:用户反映套餐变更问题。 ②客户投诉问题核查情况及解决方案:经查,用户号码***名刘向阳,产品名称畅爽冰激凌5G套餐"
E20231110 06:23:29.169821 23 AddVerticesProcessor.cpp:91] Space 2, vertex length invalid, space vid len: 255, vid is 150多元的套餐,对现套餐收费不认可,请协助处理,谢谢。 此工单为互联网平台工单,请在时限内按模板回复,谢谢! 不满意 ①客户基本资料:业务号码: 姓名:*餐名称:*次联系客户时间: ③投诉核查处理情况: ④答复客户时间及客户满意度评价: ⑤投诉核查关联材料:无 回单人: 满意 ①客户投诉产生的原因: ②客户投诉问题核查情况及解决方案: ③客户问题满意度:满意 ④回单人:①客户投诉产生的原因:用户反映套餐变更问题。 ②客户投诉问题核查情况及解决方案:经查,用户号码***名刘向阳,产品名称畅爽冰激凌5G套餐
E20231110 06:23:29.170151 23 AddVerticesProcessor.cpp:91] Space 2, vertex length invalid, space vid len: 255, vid is *畅爽冰激凌国内流量套餐 客户要求及问题补充:用户来电表示对月租费不认可,表示贵了10块钱,要求核实并回复,要求核实并回复,谢谢 宽带提速包月费10.00不认可,请协助处理,谢谢!***016-04-21 15:23:314G畅爽冰激凌国内流量套餐-199元/月
E20231110 06:23:29.217308 42 AddVerticesProcessor.cpp:91] Space 2, vertex length invalid, space vid len: 255, vid is 流量王49元套餐(山东),用户反映偶尔无法被叫,核查功能正常,建议关开机,不行换机测试,用户认可。 市公司回访用户无法接通,接触流水:*********是否回访成功:失败.回访描述:多次回访用户均无法正常接通 临沂市罗庄区分公司罗七路网格:***:季向莉,套餐:流量王49元套餐(山东)
E20231110 06:23:29.261045 18 AddVerticesProcessor.cpp:91] Space 2, vertex length invalid, space vid len: 255, vid is 8元流量王套餐,用户认可,因用户平时不使用流量和语音,且降套意愿强烈,故在用接受的价值内为用户推荐更改套餐为8元套餐产品 是否超时:未超时 是否解决:解决 核实套餐已变更 2023-11-07 15:01:15 移网产品/服务变更 正常 ***务 沃4G 4G全国流量王8元套餐
E20231110 06:23:29.476987 23 AddEdgesProcessor.cpp:97] Space 2 vertex length invalid, space vid len: 255, edge srcVid: "*畅爽冰激凌国内流量套餐 客户要求及问题补充:用户来电表示对月租费不认可,表示贵了10块钱,要求核实并回复,要求核实并回复,谢谢 宽带提速包月费10.00不认可,请协助处理,谢谢!***016-04-21 15:23:314G畅爽冰激凌国内流量套餐-199元/月", dstVid: "TS202311041927459578"
E20231110 06:23:29.477624 23 AddEdgesProcessor.cpp:97] Space 2 vertex length invalid, space vid len: 255, edge srcVid: "150多元的套餐,对现套餐收费不认可,请协助处理,谢谢。 此工单为互联网平台工单,请在时限内按模板回复,谢谢! 不满意 ①客户基本资料:业务号码: 姓名:*餐名称:*次联系客户时间: ③投诉核查处理情况: ④答复客户时间及客户满意度评价: ⑤投诉核查关联材料:无 回单人: 满意 ①客户投诉产生的原因: ②客户投诉问题核查情况及解决方案: ③客户问题满意度:满意 ④回单人:①客户投诉产生的原因:用户反映套餐变更问题。 ②客户投诉问题核查情况及解决方案:经查,用户号码***名刘向阳,产品名称畅爽冰激凌5G套餐", dstVid: "TS202311042144438297"
E20231110 06:23:29.478191 23 AddEdgesProcessor.cpp:97] Space 2 vertex length invalid, space vid len: 255, edge srcVid: "TS202311042144438297", dstVid: "150多元的套餐,对现套餐收费不认可,请协助处理,谢谢。 此工单为互联网平台工单,请在时限内按模板回复,谢谢! 不满意 ①客户基本资料:业务号码: 姓名:*餐名称:*次联系客户时间: ③投诉核查处理情况: ④答复客户时间及客户满意度评价: ⑤投诉核查关联材料:无 回单人: 满意 ①客户投诉产生的原因: ②客户投诉问题核查情况及解决方案: ③客户问题满意度:满意 ④回单人:①客户投诉产生的原因:用户反映套餐变更问题。 ②客户投诉问题核查情况及解决方案:经查,用户号码***名刘向阳,产品名称畅爽冰激凌5G套餐"
E20231110 06:23:30.605813 42 AddVerticesProcessor.cpp:91] Space 2, vertex length invalid, space vid len: 255, vid is 流量王49元套餐(山东),用户反映偶尔无法被叫,核查功能正常,建议关开机,不行换机测试,用户认可。 市公司回访用户无法接通,接触流水:*********是否回访成功:失败.回访描述:多次回访用户均无法正常接通 临沂市罗庄区分公司罗七路网格:***:季向莉,套餐:流量王49元套餐(山东)
E20231110 06:23:30.639228 18 AddVerticesProcessor.cpp:91] Space 2, vertex length invalid, space vid len: 255, vid is 150多元的套餐,对现套餐收费不认可,请协助处理,谢谢。 此工单为互联网平台工单,请在时限内按模板回复,谢谢! 不满意 ①客户基本资料:业务号码: 姓名:*餐名称:*次联系客户时间: ③投诉核查处理情况: ④答复客户时间及客户满意度评价: ⑤投诉核查关联材料:无 回单人: 满意 ①客户投诉产生的原因: ②客户投诉问题核查情况及解决方案: ③客户问题满意度:满意 ④回单人:①客户投诉产生的原因:用户反映套餐变更问题。 ②客户投诉问题核查情况及解决方案:经查,用户号码***名刘向阳,产品名称畅爽冰激凌5G套餐
E20231110 06:23:30.639446 18 AddVerticesProcessor.cpp:91] Space 2, vertex length invalid, space vid len: 255, vid is *畅爽冰激凌国内流量套餐 客户要求及问题补充:用户来电表示对月租费不认可,表示贵了10块钱,要求核实并回复,要求核实并回复,谢谢 宽带提速包月费10.00不认可,请协助处理,谢谢!***016-04-21 15:23:314G畅爽冰激凌国内流量套餐-199元/月
E20231110 06:23:30.728868 20 AddVerticesProcessor.cpp:91] Space 2, vertex length invalid, space vid len: 255, vid is 8元流量王套餐,用户认可,因用户平时不使用流量和语音,且降套意愿强烈,故在用接受的价值内为用户推荐更改套餐为8元套餐产品 是否超时:未超时 是否解决:解决 核实套餐已变更 2023-11-07 15:01:15 移网产品/服务变更 正常 ***务 沃4G 4G全国流量王8元套餐
E20231110 06:23:31.135193 22 AddEdgesProcessor.cpp:97] Space 2 vertex length invalid, space vid len: 255, edge srcVid: "*畅爽冰激凌国内流量套餐 客户要求及问题补充:用户来电表示对月租费不认可,表示贵了10块钱,要求核实并回复,要求核实并回复,谢谢 宽带提速包月费10.00不认可,请协助处理,谢谢!***016-04-21 15:23:314G畅爽冰激凌国内流量套餐-199元/月", dstVid: "TS202311041927459578"
E20231110 06:23:31.135438 22 AddEdgesProcessor.cpp:97] Space 2 vertex length invalid, space vid len: 255, edge srcVid: "150多元的套餐,对现套餐收费不认可,请协助处理,谢谢。 此工单为互联网平台工单,请在时限内按模板回复,谢谢! 不满意 ①客户基本资料:业务号码: 姓名:*餐名称:*次联系客户时间: ③投诉核查处理情况: ④答复客户时间及客户满意度评价: ⑤投诉核查关联材料:无 回单人: 满意 ①客户投诉产生的原因: ②客户投诉问题核查情况及解决方案: ③客户问题满意度:满意 ④回单人:①客户投诉产生的原因:用户反映套餐变更问题。 ②客户投诉问题核查情况及解决方案:经查,用户号码***名刘向阳,产品名称畅爽冰激凌5G套餐", dstVid: "TS202311042144438297"
E20231110 06:23:31.135751 22 AddEdgesProcessor.cpp:97] Space 2 vertex length invalid, space vid len: 255, edge srcVid: "TS202311042144438297", dstVid: "150多元的套餐,对现套餐收费不认可,请协助处理,谢谢。 此工单为互联网平台工单,请在时限内按模板回复,谢谢! 不满意 ①客户基本资料:业务号码: 姓名:*餐名称:*次联系客户时间: ③投诉核查处理情况: ④答复客户时间及客户满意度评价: ⑤投诉核查关联材料:无 回单人: 满意 ①客户投诉产生的原因: ②客户投诉问题核查情况及解决方案: ③客户问题满意度:满意 ④回单人:①客户投诉产生的原因:用户反映套餐变更问题。 ②客户投诉问题核查情况及解决方案:经查,用户号码***名刘向阳,产品名称畅爽冰激凌5G套餐"
E20231110 06:23:32.774171 26 AddVerticesProcessor.cpp:91] Space 2, vertex length invalid, space vid len: 255, vid is 150多元的套餐,对现套餐收费不认可,请协助处理,谢谢。 此工单为互联网平台工单,请在时限内按模板回复,谢谢! 不满意 ①客户基本资料:业务号码: 姓名:*餐名称:*次联系客户时间: ③投诉核查处理情况: ④答复客户时间及客户满意度评价: ⑤投诉核查关联材料:无 回单人: 满意 ①客户投诉产生的原因: ②客户投诉问题核查情况及解决方案: ③客户问题满意度:满意 ④回单人:①客户投诉产生的原因:用户反映套餐变更问题。 ②客户投诉问题核查情况及解决方案:经查,用户号码***名刘向阳,产品名称畅爽冰激凌5G套餐
E20231110 06:23:32.774408 26 AddVerticesProcessor.cpp:91] Space 2, vertex length invalid, space vid len: 255, vid is *畅爽冰激凌国内流量套餐 客户要求及问题补充:用户来电表示对月租费不认可,表示贵了10块钱,要求核实并回复,要求核实并回复,谢谢 宽带提速包月费10.00不认可,请协助处理,谢谢!***016-04-21 15:23:314G畅爽冰激凌国内流量套餐-199元/月
E20231110 06:23:32.998075 12 AddVerticesProcessor.cpp:91] Space 2, vertex length invalid, space vid len: 255, vid is 流量王49元套餐(山东),用户反映偶尔无法被叫,核查功能正常,建议关开机,不行换机测试,用户认可。 市公司回访用户无法接通,接触流水:*********是否回访成功:失败.回访描述:多次回访用户均无法正常接通 临沂市罗庄区分公司罗七路网格:***:季向莉,套餐:流量王49元套餐(山东)
E20231110 06:23:33.041527 26 AddVerticesProcessor.cpp:91] Space 2, vertex length invalid, space vid len: 255, vid is 8元流量王套餐,用户认可,因用户平时不使用流量和语音,且降套意愿强烈,故在用接受的价值内为用户推荐更改套餐为8元套餐产品 是否超时:未超时 是否解决:解决 核实套餐已变更 2023-11-07 15:01:15 移网产品/服务变更 正常 ***务 沃4G 4G全国流量王8元套餐
E20231110 06:23:33.068749 26 AddEdgesProcessor.cpp:97] Space 2 vertex length invalid, space vid len: 255, edge srcVid: "TS202311051330408248", dstVid: "流量王49元套餐(山东),用户反映偶尔无法被叫,核查功能正常,建议关开机,不行换机测试,用户认可。 市公司回访用户无法接通,接触流水:*********是否回访成功:失败.回访描述:多次回访用户均无法正常接通 临沂市罗庄区分公司罗七路网格:***:季向莉,套餐:流量王49元套餐(山东)"
E20231110 06:23:33.068815 26 AddEdgesProcessor.cpp:97] Space 2 vertex length invalid, space vid len: 255, edge srcVid: "BL202311061644217802", dstVid: "8元流量王套餐产品。 是否超时:未超时 是否解决:解决用户诉求是更改为8元套餐,因用户平时使用0流量0语音,且降套意愿强烈,故在用接受的价值内为用户推荐更改套餐为8元流量王套餐产品。 是否超时:未超时 是否解决:解决 核实套餐已更改成功 2023-11-07 08:41:35 移网产品/服务变更 正常 ***务 沃4G 4G全国流量王8元套餐"
E20231110 06:23:33.069726 26 AddEdgesProcessor.cpp:97] Space 2 vertex length invalid, space vid len: 255, edge srcVid: "流量王49元套餐(山东),用户反映偶尔无法被叫,核查功能正常,建议关开机,不行换机测试,用户认可。 市公司回访用户无法接通,接触流水:*********是否回访成功:失败.回访描述:多次回访用户均无法正常接通 临沂市罗庄区分公司罗七路网格:***:季向莉,套餐:流量王49元套餐(山东)", dstVid: "TS202311051330408248"
E20231110 06:23:33.102277 28 AddEdgesProcessor.cpp:97] Space 2 vertex length invalid, space vid len: 255, edge srcVid: "TS202311031609238861", dstVid: "*激凌5G套餐129元 客户要求及问题补充:用户对当前账单计费不认可,已结合优惠活动解释,用户仍坚持称计费有误,与办理时介绍不符,要求投诉并回电解释,烦请核实处理。 对套餐资费不认可市中营销: 经市中营销中心落实,用户号码为畅爽冰激凌5G套餐129元套餐"
E20231110 06:23:33.102499 28 AddEdgesProcessor.cpp:97] Space 2 vertex length invalid, space vid len: 255, edge srcVid: "BL202311071038389532", dstVid: "8元流量王套餐,用户认可,因用户平时不使用流量和语音,且降套意愿强烈,故在用接受的价值内为用户推荐更改套餐为8元套餐产品 是否超时:未超时 是否解决:解决 核实套餐已变更 2023-11-07 15:01:15 移网产品/服务变更 正常 ***务 沃4G 4G全国流量王8元套餐"
E20231110 06:23:33.202245 17 AddEdgesProcessor.cpp:97] Space 2 vertex length invalid, space vid len: 255, edge srcVid: "*畅爽冰激凌国内流量套餐 客户要求及问题补充:用户来电表示对月租费不认可,表示贵了10块钱,要求核实并回复,要求核实并回复,谢谢 宽带提速包月费10.00不认可,请协助处理,谢谢!***016-04-21 15:23:314G畅爽冰激凌国内流量套餐-199元/月", dstVid: "TS202311041927459578"
E20231110 06:23:33.202430 17 AddEdgesProcessor.cpp:97] Space 2 vertex length invalid, space vid len: 255, edge srcVid: "150多元的套餐,对现套餐收费不认可,请协助处理,谢谢。 此工单为互联网平台工单,请在时限内按模板回复,谢谢! 不满意 ①客户基本资料:业务号码: 姓名:*餐名称:*次联系客户时间: ③投诉核查处理情况: ④答复客户时间及客户满意度评价: ⑤投诉核查关联材料:无 回单人: 满意 ①客户投诉产生的原因: ②客户投诉问题核查情况及解决方案: ③客户问题满意度:满意 ④回单人:①客户投诉产生的原因:用户反映套餐变更问题。 ②客户投诉问题核查情况及解决方案:经查,用户号码***名刘向阳,产品名称畅爽冰激凌5G套餐", dstVid: "TS202311042144438297"
E20231110 06:23:33.202653 17 AddEdgesProcessor.cpp:97] Space 2 vertex length invalid, space vid len: 255, edge srcVid: "TS202311042144438297", dstVid: "150多元的套餐,对现套餐收费不认可,请协助处理,谢谢。 此工单为互联网平台工单,请在时限内按模板回复,谢谢! 不满意 ①客户基本资料:业务号码: 姓名:*餐名称:*次联系客户时间: ③投诉核查处理情况: ④答复客户时间及客户满意度评价: ⑤投诉核查关联材料:无 回单人: 满意 ①客户投诉产生的原因: ②客户投诉问题核查情况及解决方案: ③客户问题满意度:满意 ④回单人:①客户投诉产生的原因:用户反映套餐变更问题。 ②客户投诉问题核查情况及解决方案:经查,用户号码***名刘向阳,产品名称畅爽冰激凌5G套餐"
I20231110 06:23:33.956034 85 EventListener.h:21] Rocksdb start compaction column family: default because of LevelL0FilesNum, status: OK, compacted 6 files into 0, base level is 0, output level is 1
I20231110 06:23:33.957018 85 CompactionFilter.h:81] Do full/manual compaction!
E20231110 06:23:34.071396 39 AddEdgesProcessor.cpp:97] Space 2 vertex length invalid, space vid len: 255, edge srcVid: "TS202311031609238861", dstVid: "*激凌5G套餐129元 客户要求及问题补充:用户对当前账单计费不认可,已结合优惠活动解释,用户仍坚持称计费有误,与办理时介绍不符,要求投诉并回电解释,烦请核实处理。 对套餐资费不认可市中营销: 经市中营销中心落实,用户号码为畅爽冰激凌5G套餐129元套餐"
E20231110 06:23:34.071585 39 AddEdgesProcessor.cpp:97] Space 2 vertex length invalid, space vid len: 255, edge srcVid: "BL202311071038389532", dstVid: "8元流量王套餐,用户认可,因用户平时不使用流量和语音,且降套意愿强烈,故在用接受的价值内为用户推荐更改套餐为8元套餐产品 是否超时:未超时 是否解决:解决 核实套餐已变更 2023-11-07 15:01:15 移网产品/服务变更 正常 ***务 沃4G 4G全国流量王8元套餐"
E20231110 06:23:34.077214 39 AddEdgesProcessor.cpp:97] Space 2 vertex length invalid, space vid len: 255, edge srcVid: "TS202311051330408248", dstVid: "流量王49元套餐(山东),用户反映偶尔无法被叫,核查功能正常,建议关开机,不行换机测试,用户认可。 市公司回访用户无法接通,接触流水:*********是否回访成功:失败.回访描述:多次回访用户均无法正常接通 临沂市罗庄区分公司罗七路网格:***:季向莉,套餐:流量王49元套餐(山东)"
E20231110 06:23:34.077293 39 AddEdgesProcessor.cpp:97] Space 2 vertex length invalid, space vid len: 255, edge srcVid: "BL202311061644217802", dstVid: "8元流量王套餐产品。 是否超时:未超时 是否解决:解决用户诉求是更改为8元套餐,因用户平时使用0流量0语音,且降套意愿强烈,故在用接受的价值内为用户推荐更改套餐为8元流量王套餐产品。 是否超时:未超时 是否解决:解决 核实套餐已更改成功 2023-11-07 08:41:35 移网产品/服务变更 正常 ***务 沃4G 4G全国流量王8元套餐"
E20231110 06:23:34.077592 39 AddEdgesProcessor.cpp:97] Space 2 vertex length invalid, space vid len: 255, edge srcVid: "流量王49元套餐(山东),用户反映偶尔无法被叫,核查功能正常,建议关开机,不行换机测试,用户认可。 市公司回访用户无法接通,接触流水:*********是否回访成功:失败.回访描述:多次回访用户均无法正常接通 临沂市罗庄区分公司罗七路网格:***:季向莉,套餐:流量王49元套餐(山东)", dstVid: "TS202311051330408248"
E20231110 06:23:35.584008 26 AddEdgesProcessor.cpp:97] Space 2 vertex length invalid, space vid len: 255, edge srcVid: "TS202311051330408248", dstVid: "流量王49元套餐(山东),用户反映偶尔无法被叫,核查功能正常,建议关开机,不行换机测试,用户认可。 市公司回访用户无法接通,接触流水:*********是否回访成功:失败.回访描述:多次回访用户均无法正常接通 临沂市罗庄区分公司罗七路网格:***:季向莉,套餐:流量王49元套餐(山东)"
E20231110 06:23:35.584121 26 AddEdgesProcessor.cpp:97] Space 2 vertex length invalid, space vid len: 255, edge srcVid: "BL202311061644217802", dstVid: "8元流量王套餐产品。 是否超时:未超时 是否解决:解决用户诉求是更改为8元套餐,因用户平时使用0流量0语音,且降套意愿强烈,故在用接受的价值内为用户推荐更改套餐为8元流量王套餐产品。 是否超时:未超时 是否解决:解决 核实套餐已更改成功 2023-11-07 08:41:35 移网产品/服务变更 正常 ***务 沃4G 4G全国流量王8元套餐"
E20231110 06:23:35.585290 26 AddEdgesProcessor.cpp:97] Space 2 vertex length invalid, space vid len: 255, edge srcVid: "流量王49元套餐(山东),用户反映偶尔无法被叫,核查功能正常,建议关开机,不行换机测试,用户认可。 市公司回访用户无法接通,接触流水:*********是否回访成功:失败.回访描述:多次回访用户均无法正常接通 临沂市罗庄区分公司罗七路网格:***:季向莉,套餐:流量王49元套餐(山东)", dstVid: "TS202311051330408248"
E20231110 06:23:35.694401 40 AddEdgesProcessor.cpp:97] Space 2 vertex length invalid, space vid len: 255, edge srcVid: "TS202311031609238861", dstVid: "*激凌5G套餐129元 客户要求及问题补充:用户对当前账单计费不认可,已结合优惠活动解释,用户仍坚持称计费有误,与办理时介绍不符,要求投诉并回电解释,烦请核实处理。 对套餐资费不认可市中营销: 经市中营销中心落实,用户号码为畅爽冰激凌5G套餐129元套餐"
E20231110 06:23:35.694767 40 AddEdgesProcessor.cpp:97] Space 2 vertex length invalid, space vid len: 255, edge srcVid: "BL202311071038389532", dstVid: "8元流量王套餐,用户认可,因用户平时不使用流量和语音,且降套意愿强烈,故在用接受的价值内为用户推荐更改套餐为8元套餐产品 是否超时:未超时 是否解决:解决 核实套餐已变更 2023-11-07 15:01:15 移网产品/服务变更 正常 ***务 沃4G 4G全国流量王8元套餐"
I20231110 06:23:36.860491 85 EventListener.h:35] Rocksdb compaction completed column family: default because of LevelL0FilesNum, status: OK, compacted 6 files into 2, base level is 0, output level is 1
E20231110 06:23:37.809072 17 AddEdgesProcessor.cpp:97] Space 2 vertex length invalid, space vid len: 255, edge srcVid: "TS202311051330408248", dstVid: "流量王49元套餐(山东),用户反映偶尔无法被叫,核查功能正常,建议关开机,不行换机测试,用户认可。 市公司回访用户无法接通,接触流水:*********是否回访成功:失败.回访描述:多次回访用户均无法正常接通 临沂市罗庄区分公司罗七路网格:***:季向莉,套餐:流量王49元套餐(山东)"
E20231110 06:23:37.809224 17 AddEdgesProcessor.cpp:97] Space 2 vertex length invalid, space vid len: 255, edge srcVid: "BL202311061644217802", dstVid: "8元流量王套餐产品。 是否超时:未超时 是否解决:解决用户诉求是更改为8元套餐,因用户平时使用0流量0语音,且降套意愿强烈,故在用接受的价值内为用户推荐更改套餐为8元流量王套餐产品。 是否超时:未超时 是否解决:解决 核实套餐已更改成功 2023-11-07 08:41:35 移网产品/服务变更 正常 ***务 沃4G 4G全国流量王8元套餐"
E20231110 06:23:37.810640 17 AddEdgesProcessor.cpp:97] Space 2 vertex length invalid, space vid len: 255, edge srcVid: "流量王49元套餐(山东),用户反映偶尔无法被叫,核查功能正常,建议关开机,不行换机测试,用户认可。 市公司回访用户无法接通,接触流水:*********是否回访成功:失败.回访描述:多次回访用户均无法正常接通 临沂市罗庄区分公司罗七路网格:***:季向莉,套餐:流量王49元套餐(山东)", dstVid: "TS202311051330408248"
E20231110 06:23:37.983951 42 AddEdgesProcessor.cpp:97] Space 2 vertex length invalid, space vid len: 255, edge srcVid: "TS202311031609238861", dstVid: "*激凌5G套餐129元 客户要求及问题补充:用户对当前账单计费不认可,已结合优惠活动解释,用户仍坚持称计费有误,与办理时介绍不符,要求投诉并回电解释,烦请核实处理。 对套餐资费不认可市中营销: 经市中营销中心落实,用户号码为畅爽冰激凌5G套餐129元套餐"
E20231110 06:23:37.984392 42 AddEdgesProcessor.cpp:97] Space 2 vertex length invalid, space vid len: 255, edge srcVid: "BL202311071038389532", dstVid: "8元流量王套餐,用户认可,因用户平时不使用流量和语音,且降套意愿强烈,故在用接受的价值内为用户推荐更改套餐为8元套餐产品 是否超时:未超时 是否解决:解决 核实套餐已变更 2023-11-07 15:01:15 移网产品/服务变更 正常 ***务 沃4G 4G全国流量王8元套餐"
I20231110 06:23:38.399214 65 MetaClient.cpp:3263] Load leader of "storaged0":9779 in 2 space
I20231110 06:23:38.399274 65 MetaClient.cpp:3263] Load leader of "storaged1":9779 in 2 space
I20231110 06:23:38.399304 65 MetaClient.cpp:3263] Load leader of "storaged2":9779 in 2 space
I20231110 06:23:38.399317 65 MetaClient.cpp:3269] Load leader ok
I20231110 06:23:48.412508 65 MetaClient.cpp:3263] Load leader of "storaged0":9779 in 1 space
I20231110 06:23:48.412564 65 MetaClient.cpp:3263] Load leader of "storaged1":9779 in 1 space
I20231110 06:23:48.412595 65 MetaClient.cpp:3263] Load leader of "storaged2":9779 in 1 space
I20231110 06:23:48.412607 65 MetaClient.cpp:3269] Load leader ok
I20231110 06:23:48.412986 65 NebulaStore.cpp:417] Create data space 14
I20231110 06:23:48.413982 2170 RocksEngineConfig.cpp:371] Emplace rocksdb option max_bytes_for_level_base=268435456
I20231110 06:23:48.414058 2170 RocksEngineConfig.cpp:371] Emplace rocksdb option max_write_buffer_number=4
I20231110 06:23:48.414070 2170 RocksEngineConfig.cpp:371] Emplace rocksdb option write_buffer_size=67108864
I20231110 06:23:48.414418 2170 RocksEngineConfig.cpp:371] Emplace rocksdb option block_size=8192
I20231110 06:23:48.422693 2170 RocksEngine.cpp:107] open rocksdb on /data/storage/nebula/14/data
I20231110 06:23:48.423157 65 NebulaStore.cpp:480] Space 14, part 2 has been added, asLearner 0
I20231110 06:23:48.423319 65 NebulaStore.cpp:480] Space 14, part 5 has been added, asLearner 0
I20231110 06:23:48.423871 65 Part.cpp:494] [Port: 9780, Space: 13, Part: 2] Clean rocksdb part data
I20231110 06:23:48.423933 65 NebulaStore.cpp:594] Space 13, part 2 has been removed!
I20231110 06:23:48.424273 65 Part.cpp:494] [Port: 9780, Space: 13, Part: 5] Clean rocksdb part data
I20231110 06:23:48.424331 65 NebulaStore.cpp:594] Space 13, part 5 has been removed!
I20231110 06:23:48.424391 65 RocksEngine.h:247] Release rocksdb on /data/storage/nebula/13
I20231110 06:23:48.424799 65 NebulaStore.cpp:737] Try to remove space directory: /data/storage/nebula/13
I20231110 06:23:48.425302 65 NebulaStore.cpp:739] Space directory removed: /data/storage/nebula/13
I20231110 06:23:48.425316 65 NebulaStore.cpp:555] Data space 13 has been removed!
E20231110 06:23:48.619165 43 AddVerticesProcessor.cpp:91] Space 2, vertex length invalid, space vid len: 255, vid is 4G主副卡业务-语音副卡基本套餐 ,为使用人反映。 ②首次联系客户时间:2023年11月4日. ③投诉核查处理情况:经核实,是捆绑的号码***低消业务, 2023-03-10 16:53:17 移网产品/服务变更 正常 ***务 沃4G 幸福家家乐59元套餐
E20231110 06:23:48.735947 28 AddEdgesProcessor.cpp:97] Space 2 vertex length invalid, space vid len: 255, edge srcVid: "*冰激凌5G套餐199元( 开通部门:线上 争议月份:2023/11 争议金额:437.24 客户要求及问题补充:用户来电反映对欠费不认可,请求核实处理,谢谢 请处理(自动)西城营销:号码:***王呈,套餐:畅爽冰激凌5G套餐", dstVid: "TS202311061702468923"
E20231110 06:23:48.736023 28 AddEdgesProcessor.cpp:97] Space 2 vertex length invalid, space vid len: 255, edge srcVid: "TS202311061702468923", dstVid: "*冰激凌5G套餐199元( 开通部门:线上 争议月份:2023/11 争议金额:437.24 客户要求及问题补充:用户来电反映对欠费不认可,请求核实处理,谢谢 请处理(自动)西城营销:号码:***王呈,套餐:畅爽冰激凌5G套餐"
E20231110 06:23:48.740796 39 AddEdgesProcessor.cpp:97] Space 2 vertex length invalid, space vid len: 255, edge srcVid: "TS202311061741188513", dstVid: "5G加油包19元5GB(立即生效) 客户要求及问题补充:客户来电反映对业务订购不知情,要求退订,未提及到退费。这边无法直接线上取消,请协助处理,谢谢。 请处理(自动)***美 泰安如意通四喜卡本地版套餐(山东)"
E20231110 06:23:48.949448 27 AddVerticesProcessor.cpp:91] Space 2, vertex length invalid, space vid len: 255, vid is *冰激凌5G套餐199元( 开通部门:线上 争议月份:2023/11 争议金额:437.24 客户要求及问题补充:用户来电反映对欠费不认可,请求核实处理,谢谢 请处理(自动)西城营销:号码:***王呈,套餐:畅爽冰激凌5G套餐
I20231110 06:23:49.191008 68 Part.h:59] [Port: 9780, Space: 13, Part: 5] ~Part()
E20231110 06:23:49.542258 12 AddVerticesProcessor.cpp:91] Space 2, vertex length invalid, space vid len: 255, vid is 4G主副卡业务-语音副卡基本套餐 ,为使用人反映。 ②首次联系客户时间:2023年11月4日. ③投诉核查处理情况:经核实,是捆绑的号码***低消业务, 2023-03-10 16:53:17 移网产品/服务变更 正常 ***务 沃4G 幸福家家乐59元套餐
E20231110 06:23:49.675038 28 AddEdgesProcessor.cpp:97] Space 2 vertex length invalid, space vid len: 255, edge srcVid: "*冰激凌5G套餐199元( 开通部门:线上 争议月份:2023/11 争议金额:437.24 客户要求及问题补充:用户来电反映对欠费不认可,请求核实处理,谢谢 请处理(自动)西城营销:号码:***王呈,套餐:畅爽冰激凌5G套餐", dstVid: "TS202311061702468923"
E20231110 06:23:49.675225 28 AddEdgesProcessor.cpp:97] Space 2 vertex length invalid, space vid len: 255, edge srcVid: "TS202311061702468923", dstVid: "*冰激凌5G套餐199元( 开通部门:线上 争议月份:2023/11 争议金额:437.24 客户要求及问题补充:用户来电反映对欠费不认可,请求核实处理,谢谢 请处理(自动)西城营销:号码:***王呈,套餐:畅爽冰激凌5G套餐"
I20231110 06:23:49.677567 69 Part.h:59] [Port: 9780, Space: 13, Part: 2] ~Part()
E20231110 06:23:49.770529 12 AddEdgesProcessor.cpp:97] Space 2 vertex length invalid, space vid len: 255, edge srcVid: "TS202311061741188513", dstVid: "5G加油包19元5GB(立即生效) 客户要求及问题补充:客户来电反映对业务订购不知情,要求退订,未提及到退费。这边无法直接线上取消,请协助处理,谢谢。 请处理(自动)***美 泰安如意通四喜卡本地版套餐(山东)"
E20231110 06:23:49.988940 42 AddVerticesProcessor.cpp:91] Space 2, vertex length invalid, space vid len: 255, vid is *冰激凌5G套餐199元( 开通部门:线上 争议月份:2023/11 争议金额:437.24 客户要求及问题补充:用户来电反映对欠费不认可,请求核实处理,谢谢 请处理(自动)西城营销:号码:***王呈,套餐:畅爽冰激凌5G套餐
E20231110 06:23:51.082098 30 AddVerticesProcessor.cpp:91] Space 2, vertex length invalid, space vid len: 255, vid is 4G主副卡业务-语音副卡基本套餐 ,为使用人反映。 ②首次联系客户时间:2023年11月4日. ③投诉核查处理情况:经核实,是捆绑的号码***低消业务, 2023-03-10 16:53:17 移网产品/服务变更 正常 ***务 沃4G 幸福家家乐59元套餐
E20231110 06:23:51.260172 22 AddEdgesProcessor.cpp:97] Space 2 vertex length invalid, space vid len: 255, edge srcVid: "TS202311061741188513", dstVid: "5G加油包19元5GB(立即生效) 客户要求及问题补充:客户来电反映对业务订购不知情,要求退订,未提及到退费。这边无法直接线上取消,请协助处理,谢谢。 请处理(自动)***美 泰安如意通四喜卡本地版套餐(山东)"
E20231110 06:23:51.287866 12 AddEdgesProcessor.cpp:97] Space 2 vertex length invalid, space vid len: 255, edge srcVid: "*冰激凌5G套餐199元( 开通部门:线上 争议月份:2023/11 争议金额:437.24 客户要求及问题补充:用户来电反映对欠费不认可,请求核实处理,谢谢 请处理(自动)西城营销:号码:***王呈,套餐:畅爽冰激凌5G套餐", dstVid: "TS202311061702468923"
E20231110 06:23:51.287931 12 AddEdgesProcessor.cpp:97] Space 2 vertex length invalid, space vid len: 255, edge srcVid: "TS202311061702468923", dstVid: "*冰激凌5G套餐199元( 开通部门:线上 争议月份:2023/11 争议金额:437.24 客户要求及问题补充:用户来电反映对欠费不认可,请求核实处理,谢谢 请处理(自动)西城营销:号码:***王呈,套餐:畅爽冰激凌5G套餐"
E20231110 06:23:51.570214 28 AddVerticesProcessor.cpp:91] Space 2, vertex length invalid, space vid len: 255, vid is *冰激凌5G套餐199元( 开通部门:线上 争议月份:2023/11 争议金额:437.24 客户要求及问题补充:用户来电反映对欠费不认可,请求核实处理,谢谢 请处理(自动)西城营销:号码:***王呈,套餐:畅爽冰激凌5G套餐
E20231110 06:23:53.354553 14 AddVerticesProcessor.cpp:91] Space 2, vertex length invalid, space vid len: 255, vid is 4G主副卡业务-语音副卡基本套餐 ,为使用人反映。 ②首次联系客户时间:2023年11月4日. ③投诉核查处理情况:经核实,是捆绑的号码***低消业务, 2023-03-10 16:53:17 移网产品/服务变更 正常 ***务 沃4G 幸福家家乐59元套餐
E20231110 06:23:53.422564 27 AddEdgesProcessor.cpp:97] Space 2 vertex length invalid, space vid len: 255, edge srcVid: "TS202311070710069250", dstVid: "4G主副卡业务-语音副卡基本套餐 ,为使用人反映。 ②首次联系客户时间:2023年11月4日. ③投诉核查处理情况:经核实,是捆绑的号码***低消业务, 2023-03-10 16:53:17 移网产品/服务变更 正常 ***务 沃4G 幸福家家乐59元套餐"
E20231110 06:23:53.423230 27 AddEdgesProcessor.cpp:97] Space 2 vertex length invalid, space vid len: 255, edge srcVid: "4G主副卡业务-语音副卡基本套餐 ,为使用人反映。 ②首次联系客户时间:2023年11月4日. ③投诉核查处理情况:经核实,是捆绑的号码***低消业务, 2023-03-10 16:53:17 移网产品/服务变更 正常 ***务 沃4G 幸福家家乐59元套餐", dstVid: "TS202311070710069250"
E20231110 06:23:53.568848 16 AddEdgesProcessor.cpp:97] Space 2 vertex length invalid, space vid len: 255, edge srcVid: "TS202311061741188513", dstVid: "5G加油包19元5GB(立即生效) 客户要求及问题补充:客户来电反映对业务订购不知情,要求退订,未提及到退费。这边无法直接线上取消,请协助处理,谢谢。 请处理(自动)***美 泰安如意通四喜卡本地版套餐(山东)"
E20231110 06:23:53.602905 19 AddEdgesProcessor.cpp:97] Space 2 vertex length invalid, space vid len: 255, edge srcVid: "*冰激凌5G套餐199元( 开通部门:线上 争议月份:2023/11 争议金额:437.24 客户要求及问题补充:用户来电反映对欠费不认可,请求核实处理,谢谢 请处理(自动)西城营销:号码:***王呈,套餐:畅爽冰激凌5G套餐", dstVid: "TS202311061702468923"
E20231110 06:23:53.602963 19 AddEdgesProcessor.cpp:97] Space 2 vertex length invalid, space vid len: 255, edge srcVid: "TS202311061702468923", dstVid: "*冰激凌5G套餐199元( 开通部门:线上 争议月份:2023/11 争议金额:437.24 客户要求及问题补充:用户来电反映对欠费不认可,请求核实处理,谢谢 请处理(自动)西城营销:号码:***王呈,套餐:畅爽冰激凌5G套餐"
E20231110 06:23:53.634799 31 AddVerticesProcessor.cpp:91] Space 2, vertex length invalid, space vid len: 255, vid is *冰激凌5G套餐199元( 开通部门:线上 争议月份:2023/11 争议金额:437.24 客户要求及问题补充:用户来电反映对欠费不认可,请求核实处理,谢谢 请处理(自动)西城营销:号码:***王呈,套餐:畅爽冰激凌5G套餐
E20231110 06:23:54.463691 26 AddEdgesProcessor.cpp:97] Space 2 vertex length invalid, space vid len: 255, edge srcVid: "TS202311070710069250", dstVid: "4G主副卡业务-语音副卡基本套餐 ,为使用人反映。 ②首次联系客户时间:2023年11月4日. ③投诉核查处理情况:经核实,是捆绑的号码***低消业务, 2023-03-10 16:53:17 移网产品/服务变更 正常 ***务 沃4G 幸福家家乐59元套餐"
E20231110 06:23:54.464134 26 AddEdgesProcessor.cpp:97] Space 2 vertex length invalid, space vid len: 255, edge srcVid: "4G主副卡业务-语音副卡基本套餐 ,为使用人反映。 ②首次联系客户时间:2023年11月4日. ③投诉核查处理情况:经核实,是捆绑的号码***低消业务, 2023-03-10 16:53:17 移网产品/服务变更 正常 ***务 沃4G 幸福家家乐59元套餐", dstVid: "TS202311070710069250"
E20231110 06:23:55.992046 18 AddEdgesProcessor.cpp:97] Space 2 vertex length invalid, space vid len: 255, edge srcVid: "TS202311070710069250", dstVid: "4G主副卡业务-语音副卡基本套餐 ,为使用人反映。 ②首次联系客户时间:2023年11月4日. ③投诉核查处理情况:经核实,是捆绑的号码***低消业务, 2023-03-10 16:53:17 移网产品/服务变更 正常 ***务 沃4G 幸福家家乐59元套餐"
E20231110 06:23:55.992426 18 AddEdgesProcessor.cpp:97] Space 2 vertex length invalid, space vid len: 255, edge srcVid: "4G主副卡业务-语音副卡基本套餐 ,为使用人反映。 ②首次联系客户时间:2023年11月4日. ③投诉核查处理情况:经核实,是捆绑的号码***低消业务, 2023-03-10 16:53:17 移网产品/服务变更 正常 ***务 沃4G 幸福家家乐59元套餐", dstVid: "TS202311070710069250"
E20231110 06:23:58.084019 16 AddEdgesProcessor.cpp:97] Space 2 vertex length invalid, space vid len: 255, edge srcVid: "TS202311070710069250", dstVid: "4G主副卡业务-语音副卡基本套餐 ,为使用人反映。 ②首次联系客户时间:2023年11月4日. ③投诉核查处理情况:经核实,是捆绑的号码***低消业务, 2023-03-10 16:53:17 移网产品/服务变更 正常 ***务 沃4G 幸福家家乐59元套餐"
E20231110 06:23:58.084316 16 AddEdgesProcessor.cpp:97] Space 2 vertex length invalid, space vid len: 255, edge srcVid: "4G主副卡业务-语音副卡基本套餐 ,为使用人反映。 ②首次联系客户时间:2023年11月4日. ③投诉核查处理情况:经核实,是捆绑的号码***低消业务, 2023-03-10 16:53:17 移网产品/服务变更 正常 ***务 沃4G 幸福家家乐59元套餐", dstVid: "TS202311070710069250"
I20231110 06:23:58.447821 65 MetaClient.cpp:3263] Load leader of "storaged0":9779 in 2 space
I20231110 06:23:58.447885 65 MetaClient.cpp:3263] Load leader of "storaged1":9779 in 2 space
I20231110 06:23:58.447914 65 MetaClient.cpp:3263] Load leader of "storaged2":9779 in 2 space
I20231110 06:23:58.447926 65 MetaClient.cpp:3269] Load leader ok
I20231110 06:24:08.467634 65 MetaClient.cpp:3263] Load leader of "storaged0":9779 in 2 space
I20231110 06:24:08.467701 65 MetaClient.cpp:3263] Load leader of "storaged1":9779 in 2 space
I20231110 06:24:08.467729 65 MetaClient.cpp:3263] Load leader of "storaged2":9779 in 2 space
I20231110 06:24:08.467741 65 MetaClient.cpp:3269] Load leader ok
I20231110 06:27:32.831310 35 AdminTask.cpp:21] createAdminTask (15, 1)
I20231110 06:27:32.836702 35 AdminTaskManager.cpp:155] enqueue task(15, 1)
I20231110 06:27:32.836719 103 AdminTaskManager.cpp:236] dequeue task(15, 1)
I20231110 06:27:32.837726 103 AdminTaskManager.cpp:279] run task(15, 1), 16 subtasks in 10 thread
I20231110 06:27:32.837924 583 StatsTask.cpp:110] Start stats task
I20231110 06:27:32.837936 582 StatsTask.cpp:110] Start stats task
I20231110 06:27:32.838024 590 StatsTask.cpp:110] Start stats task
I20231110 06:27:32.837931 103 AdminTaskManager.cpp:224] waiting for incoming task
I20231110 06:27:32.837932 586 StatsTask.cpp:110] Start stats task
I20231110 06:27:32.837970 585 StatsTask.cpp:110] Start stats task
I20231110 06:27:32.838325 591 StatsTask.cpp:110] Start stats task
I20231110 06:27:32.837936 588 StatsTask.cpp:110] Start stats task
I20231110 06:27:32.838339 589 StatsTask.cpp:110] Start stats task
I20231110 06:27:32.838542 584 StatsTask.cpp:110] Start stats task
I20231110 06:27:32.838128 587 StatsTask.cpp:110] Start stats task
I20231110 06:27:32.875362 583 StatsTask.cpp:307] Stats task finished
I20231110 06:27:32.875404 583 AdminTaskManager.cpp:315] subtask of task(15, 1) finished, unfinished task 15
I20231110 06:27:32.875440 583 StatsTask.cpp:110] Start stats task
I20231110 06:27:32.881790 586 StatsTask.cpp:307] Stats task finished
I20231110 06:27:32.881826 586 AdminTaskManager.cpp:315] subtask of task(15, 1) finished, unfinished task 14
I20231110 06:27:32.881853 586 StatsTask.cpp:110] Start stats task
I20231110 06:27:32.883592 590 StatsTask.cpp:307] Stats task finished
I20231110 06:27:32.883621 590 AdminTaskManager.cpp:315] subtask of task(15, 1) finished, unfinished task 13
I20231110 06:27:32.883644 590 StatsTask.cpp:110] Start stats task
I20231110 06:27:32.884199 588 StatsTask.cpp:307] Stats task finished
I20231110 06:27:32.884229 588 AdminTaskManager.cpp:315] subtask of task(15, 1) finished, unfinished task 12
I20231110 06:27:32.884251 588 StatsTask.cpp:110] Start stats task
I20231110 06:27:32.886096 584 StatsTask.cpp:307] Stats task finished
I20231110 06:27:32.886147 584 AdminTaskManager.cpp:315] subtask of task(15, 1) finished, unfinished task 11
I20231110 06:27:32.886196 584 StatsTask.cpp:110] Start stats task
I20231110 06:27:32.886804 582 StatsTask.cpp:307] Stats task finished
I20231110 06:27:32.886849 582 AdminTaskManager.cpp:315] subtask of task(15, 1) finished, unfinished task 10
I20231110 06:27:32.886905 582 StatsTask.cpp:110] Start stats task
I20231110 06:27:32.893144 589 StatsTask.cpp:307] Stats task finished
I20231110 06:27:32.893183 589 AdminTaskManager.cpp:315] subtask of task(15, 1) finished, unfinished task 9
I20231110 06:27:32.893308 591 StatsTask.cpp:307] Stats task finished
I20231110 06:27:32.893329 591 AdminTaskManager.cpp:315] subtask of task(15, 1) finished, unfinished task 8
I20231110 06:27:32.897926 585 StatsTask.cpp:307] Stats task finished
I20231110 06:27:32.897960 585 AdminTaskManager.cpp:315] subtask of task(15, 1) finished, unfinished task 7
I20231110 06:27:32.899799 587 StatsTask.cpp:307] Stats task finished
I20231110 06:27:32.899837 587 AdminTaskManager.cpp:315] subtask of task(15, 1) finished, unfinished task 6
I20231110 06:27:32.903249 589 AdminTaskManager.cpp:326] task(15, 1) runSubTask() exit
I20231110 06:27:32.903416 591 AdminTaskManager.cpp:326] task(15, 1) runSubTask() exit
I20231110 06:27:32.908057 585 AdminTaskManager.cpp:326] task(15, 1) runSubTask() exit
I20231110 06:27:32.909925 587 AdminTaskManager.cpp:326] task(15, 1) runSubTask() exit
I20231110 06:27:32.910745 583 StatsTask.cpp:307] Stats task finished
I20231110 06:27:32.910781 583 AdminTaskManager.cpp:315] subtask of task(15, 1) finished, unfinished task 5
I20231110 06:27:32.918366 588 StatsTask.cpp:307] Stats task finished
I20231110 06:27:32.918395 588 AdminTaskManager.cpp:315] subtask of task(15, 1) finished, unfinished task 4
I20231110 06:27:32.920162 590 StatsTask.cpp:307] Stats task finished
I20231110 06:27:32.920190 590 AdminTaskManager.cpp:315] subtask of task(15, 1) finished, unfinished task 3
I20231110 06:27:32.920864 583 AdminTaskManager.cpp:326] task(15, 1) runSubTask() exit
I20231110 06:27:32.924222 586 StatsTask.cpp:307] Stats task finished
I20231110 06:27:32.924266 586 AdminTaskManager.cpp:315] subtask of task(15, 1) finished, unfinished task 2
I20231110 06:27:32.928475 588 AdminTaskManager.cpp:326] task(15, 1) runSubTask() exit
I20231110 06:27:32.930270 590 AdminTaskManager.cpp:326] task(15, 1) runSubTask() exit
I20231110 06:27:32.934363 586 AdminTaskManager.cpp:326] task(15, 1) runSubTask() exit
I20231110 06:27:32.939517 582 StatsTask.cpp:307] Stats task finished
I20231110 06:27:32.939623 582 AdminTaskManager.cpp:315] subtask of task(15, 1) finished, unfinished task 1
I20231110 06:27:32.943224 584 StatsTask.cpp:307] Stats task finished
I20231110 06:27:32.943291 584 AdminTaskManager.cpp:315] subtask of task(15, 1) finished, unfinished task 0
I20231110 06:27:32.943320 584 StatsTask.cpp:312] task(15, 1) finished, rc=[SUCCEEDED]
I20231110 06:27:32.945048 104 AdminTaskManager.cpp:92] reportTaskFinish(), job=15, task=1, task_rc=SUCCEEDED
I20231110 06:27:32.949780 582 AdminTaskManager.cpp:326] task(15, 1) runSubTask() exit
I20231110 06:27:33.001506 104 AdminTaskManager.cpp:134] reportTaskFinish(), job=15, task=1, report_rc=SUCCEEDED
I20231110 06:27:36.436827 35 AdminTask.cpp:21] createAdminTask (16, 1)
I20231110 06:27:36.436935 35 AdminTaskManager.cpp:155] enqueue task(16, 1)
I20231110 06:27:36.436944 103 AdminTaskManager.cpp:236] dequeue task(16, 1)
I20231110 06:27:36.437214 103 AdminTaskManager.cpp:279] run task(16, 1), 16 subtasks in 10 thread
I20231110 06:27:36.437268 583 StatsTask.cpp:110] Start stats task
I20231110 06:27:36.437296 586 StatsTask.cpp:110] Start stats task
I20231110 06:27:36.437319 589 StatsTask.cpp:110] Start stats task
I20231110 06:27:36.437347 591 StatsTask.cpp:110] Start stats task
I20231110 06:27:36.437299 585 StatsTask.cpp:110] Start stats task
I20231110 06:27:36.437314 587 StatsTask.cpp:110] Start stats task
I20231110 06:27:36.437320 588 StatsTask.cpp:110] Start stats task
I20231110 06:27:36.437335 590 StatsTask.cpp:110] Start stats task
I20231110 06:27:36.437299 584 StatsTask.cpp:110] Start stats task
I20231110 06:27:36.437361 103 AdminTaskManager.cpp:224] waiting for incoming task
I20231110 06:27:36.437294 582 StatsTask.cpp:110] Start stats task
I20231110 06:27:36.478623 583 StatsTask.cpp:307] Stats task finished
I20231110 06:27:36.478664 583 AdminTaskManager.cpp:315] subtask of task(16, 1) finished, unfinished task 15
I20231110 06:27:36.478698 583 StatsTask.cpp:110] Start stats task
I20231110 06:27:36.479128 589 StatsTask.cpp:307] Stats task finished
I20231110 06:27:36.479161 589 AdminTaskManager.cpp:315] subtask of task(16, 1) finished, unfinished task 14
I20231110 06:27:36.479184 589 StatsTask.cpp:110] Start stats task
I20231110 06:27:36.479357 590 StatsTask.cpp:307] Stats task finished
I20231110 06:27:36.479384 590 AdminTaskManager.cpp:315] subtask of task(16, 1) finished, unfinished task 13
I20231110 06:27:36.479409 590 StatsTask.cpp:110] Start stats task
I20231110 06:27:36.481961 588 StatsTask.cpp:307] Stats task finished
I20231110 06:27:36.481989 588 AdminTaskManager.cpp:315] subtask of task(16, 1) finished, unfinished task 12
I20231110 06:27:36.482012 588 StatsTask.cpp:110] Start stats task
I20231110 06:27:36.482698 586 StatsTask.cpp:307] Stats task finished
I20231110 06:27:36.482729 586 AdminTaskManager.cpp:315] subtask of task(16, 1) finished, unfinished task 11
I20231110 06:27:36.482751 586 StatsTask.cpp:110] Start stats task
I20231110 06:27:36.484745 591 StatsTask.cpp:307] Stats task finished
I20231110 06:27:36.484784 591 AdminTaskManager.cpp:315] subtask of task(16, 1) finished, unfinished task 10
I20231110 06:27:36.484807 591 StatsTask.cpp:110] Start stats task
I20231110 06:27:36.490252 585 StatsTask.cpp:307] Stats task finished
I20231110 06:27:36.490315 585 AdminTaskManager.cpp:315] subtask of task(16, 1) finished, unfinished task 9
I20231110 06:27:36.491484 584 StatsTask.cpp:307] Stats task finished
I20231110 06:27:36.491528 584 AdminTaskManager.cpp:315] subtask of task(16, 1) finished, unfinished task 8
I20231110 06:27:36.492872 582 StatsTask.cpp:307] Stats task finished
I20231110 06:27:36.492908 582 AdminTaskManager.cpp:315] subtask of task(16, 1) finished, unfinished task 7
I20231110 06:27:36.494325 587 StatsTask.cpp:307] Stats task finished
I20231110 06:27:36.494361 587 AdminTaskManager.cpp:315] subtask of task(16, 1) finished, unfinished task 6
I20231110 06:27:36.500460 585 AdminTaskManager.cpp:326] task(16, 1) runSubTask() exit
I20231110 06:27:36.501623 584 AdminTaskManager.cpp:326] task(16, 1) runSubTask() exit
I20231110 06:27:36.502998 582 AdminTaskManager.cpp:326] task(16, 1) runSubTask() exit
I20231110 06:27:36.504446 587 AdminTaskManager.cpp:326] task(16, 1) runSubTask() exit
I20231110 06:27:36.510267 583 StatsTask.cpp:307] Stats task finished
I20231110 06:27:36.510303 583 AdminTaskManager.cpp:315] subtask of task(16, 1) finished, unfinished task 5
I20231110 06:27:36.511423 589 StatsTask.cpp:307] Stats task finished
I20231110 06:27:36.511454 589 AdminTaskManager.cpp:315] subtask of task(16, 1) finished, unfinished task 4
I20231110 06:27:36.513155 590 StatsTask.cpp:307] Stats task finished
I20231110 06:27:36.513180 590 AdminTaskManager.cpp:315] subtask of task(16, 1) finished, unfinished task 3
I20231110 06:27:36.514093 588 StatsTask.cpp:307] Stats task finished
I20231110 06:27:36.514119 588 AdminTaskManager.cpp:315] subtask of task(16, 1) finished, unfinished task 2
I20231110 06:27:36.519115 586 StatsTask.cpp:307] Stats task finished
I20231110 06:27:36.519145 586 AdminTaskManager.cpp:315] subtask of task(16, 1) finished, unfinished task 1
I20231110 06:27:36.520381 583 AdminTaskManager.cpp:326] task(16, 1) runSubTask() exit
I20231110 06:27:36.521589 589 AdminTaskManager.cpp:326] task(16, 1) runSubTask() exit
I20231110 06:27:36.522167 591 StatsTask.cpp:307] Stats task finished
I20231110 06:27:36.522200 591 AdminTaskManager.cpp:315] subtask of task(16, 1) finished, unfinished task 0
I20231110 06:27:36.522209 591 StatsTask.cpp:312] task(16, 1) finished, rc=[SUCCEEDED]
I20231110 06:27:36.522588 104 AdminTaskManager.cpp:92] reportTaskFinish(), job=16, task=1, task_rc=SUCCEEDED
I20231110 06:27:36.523258 590 AdminTaskManager.cpp:326] task(16, 1) runSubTask() exit
I20231110 06:27:36.524199 588 AdminTaskManager.cpp:326] task(16, 1) runSubTask() exit
I20231110 06:27:36.525462 104 AdminTaskManager.cpp:134] reportTaskFinish(), job=16, task=1, report_rc=SUCCEEDED
I20231110 06:27:36.529275 586 AdminTaskManager.cpp:326] task(16, 1) runSubTask() exit
I20231110 06:43:05.209534 1 StorageDaemon.cpp:201] Signal 15(Terminated) received, stopping this server
I20231110 06:43:05.263890 1 NebulaStore.cpp:343] Stop the raft service...
I20231110 06:43:05.263972 1 RaftexService.cpp:67] Stopping the raftex service on port 9780
I20231110 06:43:05.264150 1 RaftexService.cpp:77] All partitions have stopped
I20231110 06:43:05.264206 1 NebulaStore.cpp:346] Stop kv engine...
I20231110 06:43:05.318730 47 Acceptor.cpp:527] Dropping all connections from Acceptor=0x7ffa6a0bed28 in thread 0x7ffa56e06000
I20231110 06:43:05.319377 53 Acceptor.cpp:527] Dropping all connections from Acceptor=0x7ffa6a0bf228 in thread 0x7ffa51c05000
I20231110 06:43:05.319857 54 Acceptor.cpp:527] Dropping all connections from Acceptor=0x7ffa6a0bf728 in thread 0x7ffa50e05000
I20231110 06:43:05.320184 55 Acceptor.cpp:527] Dropping all connections from Acceptor=0x7ffa6a0bfc28 in thread 0x7ffa50005000
I20231110 06:43:05.320611 56 Acceptor.cpp:527] Dropping all connections from Acceptor=0x7ffa6a0c0128 in thread 0x7ffa4f206000
I20231110 06:43:05.321135 57 Acceptor.cpp:527] Dropping all connections from Acceptor=0x7ffa6a0c0628 in thread 0x7ffa4e405000
I20231110 06:43:05.321566 58 Acceptor.cpp:527] Dropping all connections from Acceptor=0x7ffa6a0c0b28 in thread 0x7ffa4d605000
I20231110 06:43:05.322132 59 Acceptor.cpp:527] Dropping all connections from Acceptor=0x7ffa618d6028 in thread 0x7ffa4c805000
I20231110 06:43:05.323074 60 Acceptor.cpp:527] Dropping all connections from Acceptor=0x7ffa618d6528 in thread 0x7ffa4ba06000
I20231110 06:43:05.323472 61 Acceptor.cpp:527] Dropping all connections from Acceptor=0x7ffa618d6a28 in thread 0x7ffa4ac05000
I20231110 06:43:05.323822 62 Acceptor.cpp:527] Dropping all connections from Acceptor=0x7ffa618d6f28 in thread 0x7ffa49e05000
I20231110 06:43:05.324167 63 Acceptor.cpp:527] Dropping all connections from Acceptor=0x7ffa618d7428 in thread 0x7ffa49005000
I20231110 06:43:05.324558 64 Acceptor.cpp:527] Dropping all connections from Acceptor=0x7ffa618d7928 in thread 0x7ffa48205000
I20231110 06:43:05.324867 71 Acceptor.cpp:527] Dropping all connections from Acceptor=0x7ffa618d7e28 in thread 0x7ffa41a05000
I20231110 06:43:05.325284 72 Acceptor.cpp:527] Dropping all connections from Acceptor=0x7ffa618d8328 in thread 0x7ffa40c05000
I20231110 06:43:05.325697 73 Acceptor.cpp:527] Dropping all connections from Acceptor=0x7ffa618d8828 in thread 0x7ffa3fe05000
I20231110 06:43:05.328488 1 AdminTaskManager.cpp:176] enter AdminTaskManager::shutdown()
I20231110 06:43:05.328565 104 AdminTaskManager.cpp:146] Unreported-Admin-Thread stopped
I20231110 06:43:05.345893 103 AdminTaskManager.cpp:231] detect AdminTaskManager::shutdown()
I20231110 06:43:05.347635 1 RocksEngine.h:247] Release rocksdb on /data/storage/nebula/0
I20231110 06:43:05.348490 1 AdminTaskManager.cpp:193] exit AdminTaskManager::shutdown()
I20231110 06:43:05.348582 1 NebulaStore.cpp:343] Stop the raft service...
I20231110 06:43:05.348598 1 RaftexService.cpp:67] Stopping the raftex service on port 9780
I20231110 06:43:05.348608 1 RaftexService.cpp:77] All partitions have stopped
I20231110 06:43:05.348620 1 NebulaStore.cpp:346] Stop kv engine...
I20231110 06:43:05.348647 1 NebulaStore.cpp:36] Cut off the relationship with meta client
I20231110 06:43:05.349709 1 Part.h:59] [Port: 9780, Space: 14, Part: 5] ~Part()
I20231110 06:43:05.349781 1 Part.h:59] [Port: 9780, Space: 14, Part: 2] ~Part()
I20231110 06:43:05.350128 1 RocksEngine.h:247] Release rocksdb on /data/storage/nebula/14
I20231110 06:43:05.350666 1 Part.h:59] [Port: 9780, Space: 2, Part: 6] ~Part()
I20231110 06:43:05.352748 1 Part.h:59] [Port: 9780, Space: 2, Part: 9] ~Part()
I20231110 06:43:05.354482 1 Part.h:59] [Port: 9780, Space: 2, Part: 1] ~Part()
I20231110 06:43:05.355762 1 Part.h:59] [Port: 9780, Space: 2, Part: 48] ~Part()
I20231110 06:43:05.357367 1 Part.h:59] [Port: 9780, Space: 2, Part: 24] ~Part()
I20231110 06:43:05.358965 1 Part.h:59] [Port: 9780, Space: 2, Part: 37] ~Part()
I20231110 06:43:05.360248 1 Part.h:59] [Port: 9780, Space: 2, Part: 39] ~Part()
I20231110 06:43:05.361644 1 Part.h:59] [Port: 9780, Space: 2, Part: 40] ~Part()
I20231110 06:43:05.363291 1 Part.h:59] [Port: 9780, Space: 2, Part: 42] ~Part()
I20231110 06:43:05.364732 1 Part.h:59] [Port: 9780, Space: 2, Part: 46] ~Part()
I20231110 06:43:05.367584 1 Part.h:59] [Port: 9780, Space: 2, Part: 3] ~Part()
I20231110 06:43:05.369294 1 Part.h:59] [Port: 9780, Space: 2, Part: 49] ~Part()
I20231110 06:43:05.370771 1 Part.h:59] [Port: 9780, Space: 2, Part: 12] ~Part()
I20231110 06:43:05.372484 1 Part.h:59] [Port: 9780, Space: 2, Part: 13] ~Part()
I20231110 06:43:05.373832 1 Part.h:59] [Port: 9780, Space: 2, Part: 36] ~Part()
I20231110 06:43:05.375140 1 Part.h:59] [Port: 9780, Space: 2, Part: 4] ~Part()
I20231110 06:43:05.376665 1 Part.h:59] [Port: 9780, Space: 2, Part: 27] ~Part()
I20231110 06:43:05.378042 1 Part.h:59] [Port: 9780, Space: 2, Part: 15] ~Part()
I20231110 06:43:05.379315 1 Part.h:59] [Port: 9780, Space: 2, Part: 43] ~Part()
I20231110 06:43:05.380456 1 Part.h:59] [Port: 9780, Space: 2, Part: 21] ~Part()
I20231110 06:43:05.381749 1 Part.h:59] [Port: 9780, Space: 2, Part: 16] ~Part()
I20231110 06:43:05.383028 1 Part.h:59] [Port: 9780, Space: 2, Part: 22] ~Part()
I20231110 06:43:05.384385 1 Part.h:59] [Port: 9780, Space: 2, Part: 45] ~Part()
I20231110 06:43:05.385640 1 Part.h:59] [Port: 9780, Space: 2, Part: 19] ~Part()
I20231110 06:43:05.386799 1 Part.h:59] [Port: 9780, Space: 2, Part: 18] ~Part()
I20231110 06:43:05.388048 1 Part.h:59] [Port: 9780, Space: 2, Part: 34] ~Part()
I20231110 06:43:05.393576 1 Part.h:59] [Port: 9780, Space: 2, Part: 33] ~Part()
I20231110 06:43:05.395108 1 Part.h:59] [Port: 9780, Space: 2, Part: 10] ~Part()
I20231110 06:43:05.396788 1 Part.h:59] [Port: 9780, Space: 2, Part: 31] ~Part()
I20231110 06:43:05.398425 1 Part.h:59] [Port: 9780, Space: 2, Part: 30] ~Part()
I20231110 06:43:05.400213 1 Part.h:59] [Port: 9780, Space: 2, Part: 7] ~Part()
I20231110 06:43:05.401876 1 Part.h:59] [Port: 9780, Space: 2, Part: 25] ~Part()
I20231110 06:43:05.403362 1 Part.h:59] [Port: 9780, Space: 2, Part: 28] ~Part()
I20231110 06:43:05.405365 1 RocksEngine.h:247] Release rocksdb on /data/storage/nebula/2
I20231110 06:43:05.408962 1 NebulaStore.cpp:44] ~NebulaStore()
I20231110 06:43:05.409373 1 StorageDaemon.cpp:186] The storage Daemon stopped
I20231110 06:43:05.452370 1 StatsTask.h:27] Release Stats Task
I20231110 06:43:05.452747 1 StatsTask.h:27] Release Stats Task
I20231110 06:43:05.452955 1 StatsTask.h:27] Release Stats Task